{"id":10208,"date":"2020-01-30T00:00:00","date_gmt":"2020-01-30T00:00:00","guid":{"rendered":""},"modified":"2025-11-13T11:48:00","modified_gmt":"2025-11-13T10:48:00","slug":"koennen-katzen-im-dunkeln-sehen","status":"publish","type":"page","link":"https:\/\/uelzener.de\/magazin\/katze\/haeufige-fragen\/koennen-katzen-im-dunkeln-sehen\/","title":{"rendered":"K\u00f6nnen Katzen im Dunkeln sehen?"},"content":{"rendered":"<p><strong>Wie eine Katze im Dunkeln sehen \u2013 das w\u00fcnscht man sich oft, wenn man wieder einmal in der Dunkelheit nach dem Lichtschalter tastet oder sich schmerzhaft irgendwo st\u00f6\u00dft. Die Frage dabei ist: K\u00f6nnen Katzen wirklich so gut im Dunkeln sehen, wie es die Legende behauptet? Und wenn ja \u2013 wie genau sehen Katzen nachts?<\/strong><\/p>\n<h2>Katzen sehen im Dunkeln \u2013 Wahrheit oder Mythos?<\/h2>\n<p>Man sagt Katzen einen scharfen Blick zu \u2013 besonders in der Dunkelheit. Als J\u00e4ger sind die Tiere darauf angewiesen, auch bei wenig Licht gut zu sehen und schnell reagieren zu k\u00f6nnen. Damit sie <strong>Erfolg bei der Jagd<\/strong> haben, m\u00fcssen sie sich an ihrer Beute orientieren. Die klassischen Beutetiere der Katze sind, M\u00e4use, sprich Tiere, die oftmals den Schutz der D\u00e4mmerung und Dunkelheit nutzen, um auf Nahrungssuche zu gehen. Da ist es naheliegend, dass auch Katzen, \u00e4hnlich wie Eulen oder Marder, gut in der <strong>Dunkelheit sehen<\/strong> k\u00f6nnen, um ihre Beute zu erwischen. Allerdings brauchen auch Katzen eine gewisse Menge an <strong>Restlicht<\/strong>, um sehen zu k\u00f6nnen. Dies ist aber deutlich weniger als beim Menschen. Ist \u00fcberhaupt kein Licht vorhanden, sehen auch Katzen nachts nichts mehr.<\/p>\n<h2>Wie sehen Katzen nachts?<\/h2>\n<p>Das Auge der Katze ist aufgrund ihrer Entwicklung als teilweise nachtaktive J\u00e4gerin etwas anders konstruiert als das menschliche Auge. Das Auge von Wirbeltieren hat auf der Netzhaut sogenannte <strong>Fotorezeptoren<\/strong>. Das sind lichtempfindliche Zellen, die bei Erregung durch Licht einen Impuls an den Sehnerv weiterleiten. Diese Fotorezeptoren werden in St\u00e4bchen und Zapfen unterschieden. W\u00e4hrend die Zapfen Licht verschiedener Wellenl\u00e4ngen als \u201eFarbe\u201c an das Gehirn weiterleiten, sind St\u00e4bchen f\u00fcr das Hell-Dunkel-Sehen zust\u00e4ndig. Katzen haben auf ihrer Netzhaut wesentlich mehr St\u00e4bchen als der Mensch. Aus diesem Grund k\u00f6nnen Katzen im Dunkeln besser sehen als Menschen. Denn durch die erh\u00f6hte Anzahl an St\u00e4bchen im Katzenauge ben\u00f6tigt eine Katze nur etwa <strong>ein Sechstel der Lichtmenge<\/strong> des menschlichen Auges, um noch etwas zu sehen. Daf\u00fcr haben sie weniger Zapfen, wodurch das Farbsehen bei Katzen weniger gut ausgebildet ist.<\/p>\n<h2>Darum leuchten Katzenaugen bei Nacht?<\/h2>\n<p>Eine weitere anatomische Konstruktion hilft Katzen ebenfalls beim Sehen im Dunkeln: Das sogenannte \u201e<strong>Tapetum lucidum<\/strong>\u201c ist eine Zellschicht, die bei Katzen hinter der Netzhaut liegt. Wie ein Reflektor wird Licht zur\u00fcckgeworfen und durchquert auf seinem R\u00fcckweg wieder die Netzhaut. Damit wird die \u201eLichtausbeute\u201c des Auges erh\u00f6ht. Diese reflektierende Zellschicht sieht man \u00fcbrigens, wenn im Dunkeln die Augen einer Katze angestrahlt werden: <strong>Sie leuchten auf<\/strong>. Denn durch die weit ge\u00f6ffneten Pupillen der Katzenaugen dringt so viel Licht auf das Tapetum, dass dieses Aufblitzen auch vom menschlichen Auge wahrgenommen wird.<\/p>\n<h2>Das empfindliche Katzenauge<\/h2>\n<p>Nun bleibt die Frage, was die lichtempfindlichen Augen der Katze bei vollem <strong>Sonnenlicht<\/strong> machen. Aber auch hier ist das Katzenauge perfekt angepasst: Um die einfallende Lichtmenge zu reduzieren, wird die Pupille, die im Dunkeln weit ge\u00f6ffnet ist, zu einem Schlitz verengt, damit weniger Licht einf\u00e4llt. Daneben ist es auch noch eine Besonderheit, dass Deine <strong><a href=\"https:\/\/uelzener.de\/magazin\/katze\/erziehung-und-training\/katzen-blinzeln\/\">Katze nicht blinzeln<\/a> <\/strong>muss und <strong><a href=\"https:\/\/uelzener.de\/magazin\/katze\/haeufige-fragen\/koennen-katzen-farben-sehen\/\">nicht alle Farben<\/a>\u00a0<\/strong>so sieht, wie wir Menschen.<\/p>\n<p>Tats\u00e4chlich sind also Katzen an das Sehen im Dunkeln sehr gut angepasst. Und falls die Katzenaugen mal nicht ausreichen, haben sie immer noch ihre Schnurrhaare und ihr ausgesprochen gutes Geh\u00f6r, um sich in der Dunkelheit zu orientieren.<\/p>\n<p>Dadurch, dass das Katzenauge so empfindlich ist, kann es auch schnell zu gesundheitlichen Problemen f\u00fchren. Ein Besuch beim Tierarzt ist manchmal unerl\u00e4sslich und kann schnell ins Geld gehen. Damit Du Dir um die Kosten der Behandlung keine Gedanken machen musst, sch\u00fctzt sie unsere <strong>Katzen-OP- und Krankenversicherung<\/strong> vor finanziellen Sorgen.<\/p>\n\n<div class=\"banner\">\n    <a href=\"https:\/\/uelzener.de\/katze?agt=0000104925&sem=true&utm_medium=magazin&utm_source=wordpress&utm_campaign=katze&utm_content=banner\">\n        <img decoding=\"async\" width=\"300\" height=\"212\" src=\"https:\/\/uelzener.de\/magazin\/app\/uploads\/2025\/01\/Katzenversicherung.jpg\" class=\"attachment-medium size-medium\" alt=\"Banner Katzenversicherung\" \/>    <\/a>\n<\/div>\n\n","protected":false},"excerpt":{"rendered":"<p>Wie eine Katze im Dunkeln sehen \u2013 das w\u00fcnscht man sich oft, wenn man wieder einmal in der Dunkelheit nach dem Lichtschalter tastet oder sich schmerzhaft irgendwo st\u00f6\u00dft. Die Frage dabei ist: K\u00f6nnen Katzen wirklich so gut im Dunkeln sehen, wie es die Legende behauptet? Und wenn ja \u2013 wie genau sehen Katzen nachts? Katzen [&hellip;]<\/p>\n","protected":false},"author":1,"featured_media":10797,"parent":11691,"menu_order":43,"comment_status":"open","ping_status":"open","template":"templates\/blog.php","meta":{"_acf_changed":false,"_crdt_document":"","footnotes":"","beyondwords_generate_audio":"0","beyondwords_project_id":"","beyondwords_content_id":"","beyondwords_preview_token":"","beyondwords_player_style":"","beyondwords_language_id":"","beyondwords_title_voice_id":"","beyondwords_body_voice_id":"","beyondwords_summary_voice_id":"","beyondwords_error_message":"","beyondwords_disabled":"","beyondwords_delete_content":"","beyondwords_podcast_id":"","beyondwords_hash":"","publish_post_to_speechkit":"","speechkit_hash":"","speechkit_generate_audio":"","speechkit_project_id":"","speechkit_podcast_id":"","speechkit_error_message":"","speechkit_disabled":"","speechkit_access_key":"","speechkit_error":"","speechkit_info":"","speechkit_response":"","speechkit_retries":"","speechkit_status":"","speechkit_updated_at":"","_speechkit_link":"","_speechkit_text":""},"class_list":["post-10208","page","type-page","status-publish","has-post-thumbnail","hentry"],"acf":[],"yoast_head":"<!-- This site is optimized with the Yoast SEO Premium plugin  - https:\/\/yoast.com\/product\/yoast-seo-premium-wordpress\/ -->\n<title>K\u00f6nnen Katzen im Dunkeln sehen? | Uelzener<\/title>\n<meta name=\"description\" content=\"Wie sehen Katzen nachts? \u25b6 Erfahre hier, warum Katzen im Dunkeln besser sehen k\u00f6nnen als Menschen!\" \/>\n<meta name=\"robots\" content=\"index, follow, max-snippet:-1, max-image-preview:large, max-video-preview:-1\" \/>\n<link rel=\"canonical\" href=\"https:\/\/uelzener.de\/magazin\/katze\/haeufige-fragen\/koennen-katzen-im-dunkeln-sehen\/\" \/>\n<meta property=\"og:locale\" content=\"de_DE\" \/>\n<meta property=\"og:type\" content=\"article\" \/>\n<meta property=\"og:title\" content=\"K\u00f6nnen Katzen im Dunkeln sehen?\" \/>\n<meta property=\"og:description\" content=\"Wie sehen Katzen nachts? \u25b6 Erfahre hier, warum Katzen im Dunkeln besser sehen k\u00f6nnen als Menschen!\" \/>\n<meta property=\"og:url\" content=\"https:\/\/uelzener.de\/magazin\/katze\/haeufige-fragen\/koennen-katzen-im-dunkeln-sehen\/\" \/>\n<meta property=\"og:site_name\" content=\"Uelzener Tier-Magazin\" \/>\n<meta property=\"article:publisher\" content=\"https:\/\/www.facebook.com\/Uelzener\" \/>\n<meta property=\"article:modified_time\" content=\"2025-11-13T10:48:00+00:00\" \/>\n<meta property=\"og:image\" content=\"https:\/\/uelzener.de\/magazin\/app\/uploads\/2020\/01\/54df0a82-9b16-4d6e-a228-19feb401c847-scaled.jpg\" \/>\n\t<meta property=\"og:image:width\" content=\"2560\" \/>\n\t<meta property=\"og:image:height\" content=\"1334\" \/>\n\t<meta property=\"og:image:type\" content=\"image\/jpeg\" \/>\n<meta name=\"twitter:card\" content=\"summary_large_image\" \/>\n<meta name=\"twitter:label1\" content=\"Gesch\u00e4tzte Lesezeit\" \/>\n\t<meta name=\"twitter:data1\" content=\"4\u00a0Minuten\" \/>\n<script type=\"application\/ld+json\" class=\"yoast-schema-graph\">{\"@context\":\"https:\/\/schema.org\",\"@graph\":[{\"@type\":\"WebPage\",\"@id\":\"https:\/\/uelzener.de\/magazin\/katze\/haeufige-fragen\/koennen-katzen-im-dunkeln-sehen\/\",\"url\":\"https:\/\/uelzener.de\/magazin\/katze\/haeufige-fragen\/koennen-katzen-im-dunkeln-sehen\/\",\"name\":\"K\u00f6nnen Katzen im Dunkeln sehen? | Uelzener\",\"isPartOf\":{\"@id\":\"https:\/\/uelzener.de\/magazin\/#website\"},\"primaryImageOfPage\":{\"@id\":\"https:\/\/uelzener.de\/magazin\/katze\/haeufige-fragen\/koennen-katzen-im-dunkeln-sehen\/#primaryimage\"},\"image\":{\"@id\":\"https:\/\/uelzener.de\/magazin\/katze\/haeufige-fragen\/koennen-katzen-im-dunkeln-sehen\/#primaryimage\"},\"thumbnailUrl\":\"https:\/\/uelzener.de\/magazin\/app\/uploads\/2020\/01\/54df0a82-9b16-4d6e-a228-19feb401c847-scaled.jpg\",\"datePublished\":\"2020-01-30T00:00:00+00:00\",\"dateModified\":\"2025-11-13T10:48:00+00:00\",\"description\":\"Wie sehen Katzen nachts? \u25b6 Erfahre hier, warum Katzen im Dunkeln besser sehen k\u00f6nnen als Menschen!\",\"breadcrumb\":{\"@id\":\"https:\/\/uelzener.de\/magazin\/katze\/haeufige-fragen\/koennen-katzen-im-dunkeln-sehen\/#breadcrumb\"},\"inLanguage\":\"de\",\"potentialAction\":[{\"@type\":\"ReadAction\",\"target\":[\"https:\/\/uelzener.de\/magazin\/katze\/haeufige-fragen\/koennen-katzen-im-dunkeln-sehen\/\"]}]},{\"@type\":\"ImageObject\",\"inLanguage\":\"de\",\"@id\":\"https:\/\/uelzener.de\/magazin\/katze\/haeufige-fragen\/koennen-katzen-im-dunkeln-sehen\/#primaryimage\",\"url\":\"https:\/\/uelzener.de\/magazin\/app\/uploads\/2020\/01\/54df0a82-9b16-4d6e-a228-19feb401c847-scaled.jpg\",\"contentUrl\":\"https:\/\/uelzener.de\/magazin\/app\/uploads\/2020\/01\/54df0a82-9b16-4d6e-a228-19feb401c847-scaled.jpg\",\"width\":2560,\"height\":1334,\"caption\":\"An old tabby cat soaks up the heat in front of a wood burning stove.\"},{\"@type\":\"WebSite\",\"@id\":\"https:\/\/uelzener.de\/magazin\/#website\",\"url\":\"https:\/\/uelzener.de\/magazin\/\",\"name\":\"Uelzener Tiermagazin\",\"description\":\"Online Tierratgeber der Uelzener Versicherungen\",\"publisher\":{\"@id\":\"https:\/\/uelzener.de\/magazin\/#organization\"},\"potentialAction\":[{\"@type\":\"SearchAction\",\"target\":{\"@type\":\"EntryPoint\",\"urlTemplate\":\"https:\/\/uelzener.de\/magazin\/?s={search_term_string}\"},\"query-input\":{\"@type\":\"PropertyValueSpecification\",\"valueRequired\":true,\"valueName\":\"search_term_string\"}}],\"inLanguage\":\"de\"},{\"@type\":\"Organization\",\"@id\":\"https:\/\/uelzener.de\/magazin\/#organization\",\"name\":\"Uelzener Versicherungen\",\"url\":\"https:\/\/uelzener.de\/magazin\/\",\"logo\":{\"@type\":\"ImageObject\",\"inLanguage\":\"de\",\"@id\":\"https:\/\/uelzener.de\/magazin\/#\/schema\/logo\/image\/\",\"url\":\"https:\/\/uelzener.de\/magazin\/app\/uploads\/2024\/11\/uelzener_allgemeine_versicherungsgesellschaft_a_g_logo.jpg\",\"contentUrl\":\"https:\/\/uelzener.de\/magazin\/app\/uploads\/2024\/11\/uelzener_allgemeine_versicherungsgesellschaft_a_g_logo.jpg\",\"width\":200,\"height\":200,\"caption\":\"Uelzener Versicherungen\"},\"image\":{\"@id\":\"https:\/\/uelzener.de\/magazin\/#\/schema\/logo\/image\/\"},\"sameAs\":[\"https:\/\/www.facebook.com\/Uelzener\",\"https:\/\/instagram.com\/uelzener\",\"https:\/\/www.xing.com\/pages\/uelzenerallgemeineversicherungs-gesellschafta-g\",\"https:\/\/www.youtube.com\/UelzenerVersicherungen\"]}]}<\/script>\n<!-- \/ Yoast SEO Premium plugin. -->","yoast_head_json":{"title":"K\u00f6nnen Katzen im Dunkeln sehen? | Uelzener","description":"Wie sehen Katzen nachts? \u25b6 Erfahre hier, warum Katzen im Dunkeln besser sehen k\u00f6nnen als Menschen!","robots":{"index":"index","follow":"follow","max-snippet":"max-snippet:-1","max-image-preview":"max-image-preview:large","max-video-preview":"max-video-preview:-1"},"canonical":"https:\/\/uelzener.de\/magazin\/katze\/haeufige-fragen\/koennen-katzen-im-dunkeln-sehen\/","og_locale":"de_DE","og_type":"article","og_title":"K\u00f6nnen Katzen im Dunkeln sehen?","og_description":"Wie sehen Katzen nachts? \u25b6 Erfahre hier, warum Katzen im Dunkeln besser sehen k\u00f6nnen als Menschen!","og_url":"https:\/\/uelzener.de\/magazin\/katze\/haeufige-fragen\/koennen-katzen-im-dunkeln-sehen\/","og_site_name":"Uelzener Tier-Magazin","article_publisher":"https:\/\/www.facebook.com\/Uelzener","article_modified_time":"2025-11-13T10:48:00+00:00","og_image":[{"width":2560,"height":1334,"url":"https:\/\/uelzener.de\/magazin\/app\/uploads\/2020\/01\/54df0a82-9b16-4d6e-a228-19feb401c847-scaled.jpg","type":"image\/jpeg"}],"twitter_card":"summary_large_image","twitter_misc":{"Gesch\u00e4tzte Lesezeit":"4\u00a0Minuten"},"schema":{"@context":"https:\/\/schema.org","@graph":[{"@type":"WebPage","@id":"https:\/\/uelzener.de\/magazin\/katze\/haeufige-fragen\/koennen-katzen-im-dunkeln-sehen\/","url":"https:\/\/uelzener.de\/magazin\/katze\/haeufige-fragen\/koennen-katzen-im-dunkeln-sehen\/","name":"K\u00f6nnen Katzen im Dunkeln sehen? | Uelzener","isPartOf":{"@id":"https:\/\/uelzener.de\/magazin\/#website"},"primaryImageOfPage":{"@id":"https:\/\/uelzener.de\/magazin\/katze\/haeufige-fragen\/koennen-katzen-im-dunkeln-sehen\/#primaryimage"},"image":{"@id":"https:\/\/uelzener.de\/magazin\/katze\/haeufige-fragen\/koennen-katzen-im-dunkeln-sehen\/#primaryimage"},"thumbnailUrl":"https:\/\/uelzener.de\/magazin\/app\/uploads\/2020\/01\/54df0a82-9b16-4d6e-a228-19feb401c847-scaled.jpg","datePublished":"2020-01-30T00:00:00+00:00","dateModified":"2025-11-13T10:48:00+00:00","description":"Wie sehen Katzen nachts? \u25b6 Erfahre hier, warum Katzen im Dunkeln besser sehen k\u00f6nnen als Menschen!","breadcrumb":{"@id":"https:\/\/uelzener.de\/magazin\/katze\/haeufige-fragen\/koennen-katzen-im-dunkeln-sehen\/#breadcrumb"},"inLanguage":"de","potentialAction":[{"@type":"ReadAction","target":["https:\/\/uelzener.de\/magazin\/katze\/haeufige-fragen\/koennen-katzen-im-dunkeln-sehen\/"]}]},{"@type":"ImageObject","inLanguage":"de","@id":"https:\/\/uelzener.de\/magazin\/katze\/haeufige-fragen\/koennen-katzen-im-dunkeln-sehen\/#primaryimage","url":"https:\/\/uelzener.de\/magazin\/app\/uploads\/2020\/01\/54df0a82-9b16-4d6e-a228-19feb401c847-scaled.jpg","contentUrl":"https:\/\/uelzener.de\/magazin\/app\/uploads\/2020\/01\/54df0a82-9b16-4d6e-a228-19feb401c847-scaled.jpg","width":2560,"height":1334,"caption":"An old tabby cat soaks up the heat in front of a wood burning stove."},{"@type":"WebSite","@id":"https:\/\/uelzener.de\/magazin\/#website","url":"https:\/\/uelzener.de\/magazin\/","name":"Uelzener Tiermagazin","description":"Online Tierratgeber der Uelzener Versicherungen","publisher":{"@id":"https:\/\/uelzener.de\/magazin\/#organization"},"potentialAction":[{"@type":"SearchAction","target":{"@type":"EntryPoint","urlTemplate":"https:\/\/uelzener.de\/magazin\/?s={search_term_string}"},"query-input":{"@type":"PropertyValueSpecification","valueRequired":true,"valueName":"search_term_string"}}],"inLanguage":"de"},{"@type":"Organization","@id":"https:\/\/uelzener.de\/magazin\/#organization","name":"Uelzener Versicherungen","url":"https:\/\/uelzener.de\/magazin\/","logo":{"@type":"ImageObject","inLanguage":"de","@id":"https:\/\/uelzener.de\/magazin\/#\/schema\/logo\/image\/","url":"https:\/\/uelzener.de\/magazin\/app\/uploads\/2024\/11\/uelzener_allgemeine_versicherungsgesellschaft_a_g_logo.jpg","contentUrl":"https:\/\/uelzener.de\/magazin\/app\/uploads\/2024\/11\/uelzener_allgemeine_versicherungsgesellschaft_a_g_logo.jpg","width":200,"height":200,"caption":"Uelzener Versicherungen"},"image":{"@id":"https:\/\/uelzener.de\/magazin\/#\/schema\/logo\/image\/"},"sameAs":["https:\/\/www.facebook.com\/Uelzener","https:\/\/instagram.com\/uelzener","https:\/\/www.xing.com\/pages\/uelzenerallgemeineversicherungs-gesellschafta-g","https:\/\/www.youtube.com\/UelzenerVersicherungen"]}]}},"_links":{"self":[{"href":"https:\/\/uelzener.de\/magazin\/wp-json\/wp\/v2\/pages\/10208","targetHints":{"allow":["GET"]}}],"collection":[{"href":"https:\/\/uelzener.de\/magazin\/wp-json\/wp\/v2\/pages"}],"about":[{"href":"https:\/\/uelzener.de\/magazin\/wp-json\/wp\/v2\/types\/page"}],"author":[{"embeddable":true,"href":"https:\/\/uelzener.de\/magazin\/wp-json\/wp\/v2\/users\/1"}],"replies":[{"embeddable":true,"href":"https:\/\/uelzener.de\/magazin\/wp-json\/wp\/v2\/comments?post=10208"}],"version-history":[{"count":7,"href":"https:\/\/uelzener.de\/magazin\/wp-json\/wp\/v2\/pages\/10208\/revisions"}],"predecessor-version":[{"id":19495,"href":"https:\/\/uelzener.de\/magazin\/wp-json\/wp\/v2\/pages\/10208\/revisions\/19495"}],"up":[{"embeddable":true,"href":"https:\/\/uelzener.de\/magazin\/wp-json\/wp\/v2\/pages\/11691"}],"wp:featuredmedia":[{"embeddable":true,"href":"https:\/\/uelzener.de\/magazin\/wp-json\/wp\/v2\/media\/10797"}],"wp:attachment":[{"href":"https:\/\/uelzener.de\/magazin\/wp-json\/wp\/v2\/media?parent=10208"}],"curies":[{"name":"wp","href":"https:\/\/api.w.org\/{rel}","templated":true}]}}