{"id":10202,"date":"2020-04-09T00:00:00","date_gmt":"2020-04-09T00:00:00","guid":{"rendered":""},"modified":"2024-03-12T16:20:19","modified_gmt":"2024-03-12T15:20:19","slug":"haarballen-katze","status":"publish","type":"page","link":"https:\/\/uelzener.de\/magazin\/katze\/tipps-fuer-den-alltag\/haarballen-katze\/","title":{"rendered":"Haarballen bei Katzen vermeiden"},"content":{"rendered":"<p>Unsere Katzen sind sehr reinliche Tiere und verbringen einen Gro\u00dfteil des Tages mit der Fellpflege. Manchmal kommt es dazu, dass sie einen Haarballen herausw\u00fcrgen. Dabei besteht kein Grund zur Sorge. Wir erkl\u00e4ren das Wichtigste zum Thema Haarballen.<\/p>\n<h2>Katze hat Haarballen hochgew\u00fcrgt<\/h2>\n<p>Das war mal wieder f\u00e4llig: Im passenden Augenblick, wenn die Wohnung frisch geputzt ist oder man G\u00e4ste erwartet, taucht ein merkw\u00fcrdig aussehender, l\u00e4nglicher, mehr oder weniger nasser \u201eGegenstand\u201c auf dem Boden auf. Gerne auch so platziert, dass man entweder reintritt oder der Teppich einen Fleck mehr hat. Hierbei handelt es sich um einen <strong>Haarballen<\/strong>.<\/p>\n<p>Das Hochw\u00fcrgen eines Haarballens ist nicht nur f\u00fcr Sie als Menschen unangenehm, sondern auch f\u00fcr Ihre Katze. Trotzdem besteht kein Grund zur Sorge, denn es handelt sich dabei um einen <strong>nat\u00fcrlichen Prozess<\/strong>.<\/p>\n<h2>Wie entstehen Haarballen?<\/h2>\n<p>Das Loswerden der Haarballen ist f\u00fcr die Katze unumg\u00e4nglich und auch notwendig. Doch wie entstehen Haarballen \u00fcberhaupt? Haarballen entstehen, weil die Katze bei der <strong>Fellpflege<\/strong> lose Haare aus ihrem Fell k\u00e4mmt und dann hinunterschluckt. Einzelne Haare sind in der Regel kein Problem und werden einfach mit ausgeschieden. Im <strong>Fellwechsel<\/strong> hingegen kommt es h\u00e4ufig vor, dass viele Haare in den <a href=\"https:\/\/uelzener.de\/magazin\/katze\/tiergesundheit\/katze-durchfall-verdauung\/\">Verdauungstrakt der Katze<\/a> gelangen. Diese <strong>verklumpen dort zu einem Haarballen<\/strong>. Hat der Haarballen eine bestimmte Gr\u00f6\u00dfe erreicht, l\u00f6st er einen W\u00fcrgereflex aus. Besitzer von Freig\u00e4ngern bekommen davon meist nichts mit, da die Katzen ihre Haarballen vornehmlich drau\u00dfen erbrechen. Wohnungskatzen-Besitzer sto\u00dfen allerdings h\u00e4ufiger auf diese Hinterlassenschaften ihrer Katzen.<\/p>\n<h2>Sind Haarballen gef\u00e4hrlich?<\/h2>\n<p>Zun\u00e4chst besteht bei Haarballen kein Grund zur Sorge. Es handelt sich hierbei um einen <strong>notwendigen, nat\u00fcrlichen Vorgang<\/strong>. Problematisch k\u00f6nnte es allerdings werden, wenn die Katze sehr viele Haare auf einmal aufnimmt oder sie auf den \u00fcblichen Wegen nur schwer wieder loswird. In seltenen F\u00e4llen kann es dann zu einer Entz\u00fcndung der <strong>Magenschleimhaut<\/strong> oder zu einem <strong>Darmverschluss<\/strong> kommen. Dies \u00e4u\u00dfert sich in <strong>h\u00e4ufigem Erbrechen, Fressunlust bzw. Appetitlosigkeit und Verstopfung<\/strong>.<\/p>\n<h3>Wann verlieren Katzen Haare?<\/h3>\n<ul>\n<li>im Fellwechsel: Haarballen treten daher vermehrt im Fr\u00fchjahr und im Herbst auf<\/li>\n<li>nach Krankheiten: Wenn sich die Katze w\u00e4hrend der Krankheit weniger geputzt hat und das nun nachholt<\/li>\n<li>bei Hautkrankheiten: Wenn viel Fell ausgeht und die Haut juckt<\/li>\n<li>bei starkem Stress<\/li>\n<\/ul>\n<p>Langhaarkatzen, wie zum Beispiel Perser, haben mehr mit Haarballen zu k\u00e4mpfen als Kurzhaarkatzen. Ihr Fell ist sehr lang, die Haare weich und schwer loszuwerden.<\/p>\n<p><img decoding=\"async\" src=\"\/magazin\/app\/uploads\/2021\/02\/df64c32b-ea6b-42b5-8c62-e859f8cbecd4.jpg\" \/><\/p>\n<p>Als Katzenbesitzer kannst Du Deine Katze unterst\u00fctzen und ihr so diesen Vorgang erleichtern. Bei starkem Haarverlust, zum Beispiel w\u00e4hrend des Fellwechsels, kann man mit <strong>regelm\u00e4\u00dfigem B\u00fcrsten<\/strong> helfen, die losen Haare aus dem Fell zu entfernen. Langhaarkatzen sollten nicht nur im Fellwechsel, sondern das ganze Jahr \u00fcber regelm\u00e4\u00dfig geb\u00fcrstet werden. Zudem kann <strong>Katzengras<\/strong> helfen. Das Gras wird meist kurz nach dem Fressen wieder hochgew\u00fcrgt, wobei oftmals auch Haare mit dabei sind. Freig\u00e4nger besorgen sich ihr Gras in der Regel selbst drau\u00dfen in der Natur.<\/p>\n<p>Reine <a href=\"https:\/\/uelzener.de\/magazin\/katze\/haltung\/wohnungskatze-beschaeftigen\/\" target=\"_blank\" rel=\"noopener\">Wohnungskatzen<\/a> oder Katzen, die sich viel im Haus aufhalten, sollten immer Zugang zu frischem Katzengras haben, damit sie sich nicht an anderen, eventuell giftigen Zimmerpflanzen bedienen.<\/p>\n<p>Sollte Deine Katze ungew\u00f6hnlich oft Haarballen hochw\u00fcrgen oder pl\u00f6tzlich an Haarverlust leiden, ist ein Besuch beim Tierarzt ratsam, um die Ursache daf\u00fcr abzukl\u00e4ren.<\/p>\n<p>Unsere <strong>Katzen-Krankenversicherung<\/strong> sch\u00fctzt Dich vor ungeplanten Kosten beim Tierarzt, damit finanzielle Sorgen in den Hintergrund r\u00fccken und Du Dich voll und ganz auf die Genesung Deiner Katze konzentrieren k\u00f6nnen.<\/p>\n\n<div class=\"banner\">\n    <a href=\"https:\/\/uelzener.de\/katze\/katzen-krankenversicherung\/?agt=0000104925&sem=true&utm_medium=magazin&utm_source=wordpress&utm_campaign=katze_kv&utm_content=banner\">\n        <img decoding=\"async\" width=\"300\" height=\"212\" src=\"https:\/\/uelzener.de\/magazin\/app\/uploads\/2025\/01\/Katzen-Kranken-Versicherung.jpg\" class=\"attachment-medium size-medium\" alt=\"Banner Katzen-Kranken-Versicherung\" \/>    <\/a>\n<\/div>\n\n","protected":false},"excerpt":{"rendered":"<p>Unsere Katzen sind sehr reinliche Tiere und verbringen einen Gro\u00dfteil des Tages mit der Fellpflege. Manchmal kommt es dazu, dass sie einen Haarballen herausw\u00fcrgen. Dabei besteht kein Grund zur Sorge. Wir erkl\u00e4ren das Wichtigste zum Thema Haarballen. Katze hat Haarballen hochgew\u00fcrgt Das war mal wieder f\u00e4llig: Im passenden Augenblick, wenn die Wohnung frisch geputzt ist [&hellip;]<\/p>\n","protected":false},"author":1,"featured_media":10791,"parent":11709,"menu_order":13,"comment_status":"open","ping_status":"open","template":"templates\/blog.php","meta":{"_acf_changed":false,"_crdt_document":"","footnotes":"","beyondwords_generate_audio":"0","beyondwords_project_id":"","beyondwords_content_id":"","beyondwords_preview_token":"","beyondwords_player_style":"","beyondwords_language_id":"","beyondwords_title_voice_id":"","beyondwords_body_voice_id":"","beyondwords_summary_voice_id":"","beyondwords_error_message":"","beyondwords_disabled":"","beyondwords_delete_content":"","beyondwords_podcast_id":"","beyondwords_hash":"","publish_post_to_speechkit":"","speechkit_hash":"","speechkit_generate_audio":"","speechkit_project_id":"","speechkit_podcast_id":"","speechkit_error_message":"","speechkit_disabled":"","speechkit_access_key":"","speechkit_error":"","speechkit_info":"","speechkit_response":"","speechkit_retries":"","speechkit_status":"","speechkit_updated_at":"","_speechkit_link":"","_speechkit_text":""},"class_list":["post-10202","page","type-page","status-publish","has-post-thumbnail","hentry"],"acf":[],"yoast_head":"<!-- This site is optimized with the Yoast SEO Premium plugin  - https:\/\/yoast.com\/product\/yoast-seo-premium-wordpress\/ -->\n<title>Haarballen bei Katzen \u2013 Hintergr\u00fcnde &amp; Vorbeugung | Uelzener<\/title>\n<meta name=\"description\" content=\"Deine Katze erbricht Haarballen? \u25b6 Erfahre hier \u2713 wie Haarballen entstehen und \u2713 wie Du vorbeugen kannst. \u25b6 Mehr lesen!\" \/>\n<meta name=\"robots\" content=\"index, follow, max-snippet:-1, max-image-preview:large, max-video-preview:-1\" \/>\n<link rel=\"canonical\" href=\"https:\/\/uelzener.de\/magazin\/katze\/tipps-fuer-den-alltag\/haarballen-katze\/\" \/>\n<meta property=\"og:locale\" content=\"de_DE\" \/>\n<meta property=\"og:type\" content=\"article\" \/>\n<meta property=\"og:title\" content=\"Haarballen bei Katzen vermeiden\" \/>\n<meta property=\"og:description\" content=\"Deine Katze erbricht Haarballen? \u25b6 Erfahre hier \u2713 wie Haarballen entstehen und \u2713 wie Du vorbeugen kannst. \u25b6 Mehr lesen!\" \/>\n<meta property=\"og:url\" content=\"https:\/\/uelzener.de\/magazin\/katze\/tipps-fuer-den-alltag\/haarballen-katze\/\" \/>\n<meta property=\"og:site_name\" content=\"Uelzener Tier-Magazin\" \/>\n<meta property=\"article:publisher\" content=\"https:\/\/www.facebook.com\/Uelzener\" \/>\n<meta property=\"article:modified_time\" content=\"2024-03-12T15:20:19+00:00\" \/>\n<meta property=\"og:image\" content=\"https:\/\/uelzener.de\/magazin\/app\/uploads\/2020\/04\/fb494a10-43b9-4710-b2ef-954a3c9a8836.jpg\" \/>\n\t<meta property=\"og:image:width\" content=\"952\" \/>\n\t<meta property=\"og:image:height\" content=\"496\" \/>\n\t<meta property=\"og:image:type\" content=\"image\/jpeg\" \/>\n<meta name=\"twitter:card\" content=\"summary_large_image\" \/>\n<meta name=\"twitter:label1\" content=\"Gesch\u00e4tzte Lesezeit\" \/>\n\t<meta name=\"twitter:data1\" content=\"3\u00a0Minuten\" \/>\n<script type=\"application\/ld+json\" class=\"yoast-schema-graph\">{\"@context\":\"https:\/\/schema.org\",\"@graph\":[{\"@type\":\"WebPage\",\"@id\":\"https:\/\/uelzener.de\/magazin\/katze\/tipps-fuer-den-alltag\/haarballen-katze\/\",\"url\":\"https:\/\/uelzener.de\/magazin\/katze\/tipps-fuer-den-alltag\/haarballen-katze\/\",\"name\":\"Haarballen bei Katzen \u2013 Hintergr\u00fcnde & Vorbeugung | Uelzener\",\"isPartOf\":{\"@id\":\"https:\/\/uelzener.de\/magazin\/#website\"},\"primaryImageOfPage\":{\"@id\":\"https:\/\/uelzener.de\/magazin\/katze\/tipps-fuer-den-alltag\/haarballen-katze\/#primaryimage\"},\"image\":{\"@id\":\"https:\/\/uelzener.de\/magazin\/katze\/tipps-fuer-den-alltag\/haarballen-katze\/#primaryimage\"},\"thumbnailUrl\":\"https:\/\/uelzener.de\/magazin\/app\/uploads\/2020\/04\/fb494a10-43b9-4710-b2ef-954a3c9a8836.jpg\",\"datePublished\":\"2020-04-09T00:00:00+00:00\",\"dateModified\":\"2024-03-12T15:20:19+00:00\",\"description\":\"Deine Katze erbricht Haarballen? \u25b6 Erfahre hier \u2713 wie Haarballen entstehen und \u2713 wie Du vorbeugen kannst. \u25b6 Mehr lesen!\",\"breadcrumb\":{\"@id\":\"https:\/\/uelzener.de\/magazin\/katze\/tipps-fuer-den-alltag\/haarballen-katze\/#breadcrumb\"},\"inLanguage\":\"de\",\"potentialAction\":[{\"@type\":\"ReadAction\",\"target\":[\"https:\/\/uelzener.de\/magazin\/katze\/tipps-fuer-den-alltag\/haarballen-katze\/\"]}]},{\"@type\":\"ImageObject\",\"inLanguage\":\"de\",\"@id\":\"https:\/\/uelzener.de\/magazin\/katze\/tipps-fuer-den-alltag\/haarballen-katze\/#primaryimage\",\"url\":\"https:\/\/uelzener.de\/magazin\/app\/uploads\/2020\/04\/fb494a10-43b9-4710-b2ef-954a3c9a8836.jpg\",\"contentUrl\":\"https:\/\/uelzener.de\/magazin\/app\/uploads\/2020\/04\/fb494a10-43b9-4710-b2ef-954a3c9a8836.jpg\",\"width\":952,\"height\":496,\"caption\":\"Kleine getigerte Katze w\u00fcrgt einen Haarballen raus.\"},{\"@type\":\"WebSite\",\"@id\":\"https:\/\/uelzener.de\/magazin\/#website\",\"url\":\"https:\/\/uelzener.de\/magazin\/\",\"name\":\"Uelzener Tiermagazin\",\"description\":\"Online Tierratgeber der Uelzener Versicherungen\",\"publisher\":{\"@id\":\"https:\/\/uelzener.de\/magazin\/#organization\"},\"potentialAction\":[{\"@type\":\"SearchAction\",\"target\":{\"@type\":\"EntryPoint\",\"urlTemplate\":\"https:\/\/uelzener.de\/magazin\/?s={search_term_string}\"},\"query-input\":{\"@type\":\"PropertyValueSpecification\",\"valueRequired\":true,\"valueName\":\"search_term_string\"}}],\"inLanguage\":\"de\"},{\"@type\":\"Organization\",\"@id\":\"https:\/\/uelzener.de\/magazin\/#organization\",\"name\":\"Uelzener Versicherungen\",\"url\":\"https:\/\/uelzener.de\/magazin\/\",\"logo\":{\"@type\":\"ImageObject\",\"inLanguage\":\"de\",\"@id\":\"https:\/\/uelzener.de\/magazin\/#\/schema\/logo\/image\/\",\"url\":\"https:\/\/uelzener.de\/magazin\/app\/uploads\/2024\/11\/uelzener_allgemeine_versicherungsgesellschaft_a_g_logo.jpg\",\"contentUrl\":\"https:\/\/uelzener.de\/magazin\/app\/uploads\/2024\/11\/uelzener_allgemeine_versicherungsgesellschaft_a_g_logo.jpg\",\"width\":200,\"height\":200,\"caption\":\"Uelzener Versicherungen\"},\"image\":{\"@id\":\"https:\/\/uelzener.de\/magazin\/#\/schema\/logo\/image\/\"},\"sameAs\":[\"https:\/\/www.facebook.com\/Uelzener\",\"https:\/\/instagram.com\/uelzener\",\"https:\/\/www.xing.com\/pages\/uelzenerallgemeineversicherungs-gesellschafta-g\",\"https:\/\/www.youtube.com\/UelzenerVersicherungen\"]}]}<\/script>\n<!-- \/ Yoast SEO Premium plugin. -->","yoast_head_json":{"title":"Haarballen bei Katzen \u2013 Hintergr\u00fcnde & Vorbeugung | Uelzener","description":"Deine Katze erbricht Haarballen? \u25b6 Erfahre hier \u2713 wie Haarballen entstehen und \u2713 wie Du vorbeugen kannst. \u25b6 Mehr lesen!","robots":{"index":"index","follow":"follow","max-snippet":"max-snippet:-1","max-image-preview":"max-image-preview:large","max-video-preview":"max-video-preview:-1"},"canonical":"https:\/\/uelzener.de\/magazin\/katze\/tipps-fuer-den-alltag\/haarballen-katze\/","og_locale":"de_DE","og_type":"article","og_title":"Haarballen bei Katzen vermeiden","og_description":"Deine Katze erbricht Haarballen? \u25b6 Erfahre hier \u2713 wie Haarballen entstehen und \u2713 wie Du vorbeugen kannst. \u25b6 Mehr lesen!","og_url":"https:\/\/uelzener.de\/magazin\/katze\/tipps-fuer-den-alltag\/haarballen-katze\/","og_site_name":"Uelzener Tier-Magazin","article_publisher":"https:\/\/www.facebook.com\/Uelzener","article_modified_time":"2024-03-12T15:20:19+00:00","og_image":[{"width":952,"height":496,"url":"https:\/\/uelzener.de\/magazin\/app\/uploads\/2020\/04\/fb494a10-43b9-4710-b2ef-954a3c9a8836.jpg","type":"image\/jpeg"}],"twitter_card":"summary_large_image","twitter_misc":{"Gesch\u00e4tzte Lesezeit":"3\u00a0Minuten"},"schema":{"@context":"https:\/\/schema.org","@graph":[{"@type":"WebPage","@id":"https:\/\/uelzener.de\/magazin\/katze\/tipps-fuer-den-alltag\/haarballen-katze\/","url":"https:\/\/uelzener.de\/magazin\/katze\/tipps-fuer-den-alltag\/haarballen-katze\/","name":"Haarballen bei Katzen \u2013 Hintergr\u00fcnde & Vorbeugung | Uelzener","isPartOf":{"@id":"https:\/\/uelzener.de\/magazin\/#website"},"primaryImageOfPage":{"@id":"https:\/\/uelzener.de\/magazin\/katze\/tipps-fuer-den-alltag\/haarballen-katze\/#primaryimage"},"image":{"@id":"https:\/\/uelzener.de\/magazin\/katze\/tipps-fuer-den-alltag\/haarballen-katze\/#primaryimage"},"thumbnailUrl":"https:\/\/uelzener.de\/magazin\/app\/uploads\/2020\/04\/fb494a10-43b9-4710-b2ef-954a3c9a8836.jpg","datePublished":"2020-04-09T00:00:00+00:00","dateModified":"2024-03-12T15:20:19+00:00","description":"Deine Katze erbricht Haarballen? \u25b6 Erfahre hier \u2713 wie Haarballen entstehen und \u2713 wie Du vorbeugen kannst. \u25b6 Mehr lesen!","breadcrumb":{"@id":"https:\/\/uelzener.de\/magazin\/katze\/tipps-fuer-den-alltag\/haarballen-katze\/#breadcrumb"},"inLanguage":"de","potentialAction":[{"@type":"ReadAction","target":["https:\/\/uelzener.de\/magazin\/katze\/tipps-fuer-den-alltag\/haarballen-katze\/"]}]},{"@type":"ImageObject","inLanguage":"de","@id":"https:\/\/uelzener.de\/magazin\/katze\/tipps-fuer-den-alltag\/haarballen-katze\/#primaryimage","url":"https:\/\/uelzener.de\/magazin\/app\/uploads\/2020\/04\/fb494a10-43b9-4710-b2ef-954a3c9a8836.jpg","contentUrl":"https:\/\/uelzener.de\/magazin\/app\/uploads\/2020\/04\/fb494a10-43b9-4710-b2ef-954a3c9a8836.jpg","width":952,"height":496,"caption":"Kleine getigerte Katze w\u00fcrgt einen Haarballen raus."},{"@type":"WebSite","@id":"https:\/\/uelzener.de\/magazin\/#website","url":"https:\/\/uelzener.de\/magazin\/","name":"Uelzener Tiermagazin","description":"Online Tierratgeber der Uelzener Versicherungen","publisher":{"@id":"https:\/\/uelzener.de\/magazin\/#organization"},"potentialAction":[{"@type":"SearchAction","target":{"@type":"EntryPoint","urlTemplate":"https:\/\/uelzener.de\/magazin\/?s={search_term_string}"},"query-input":{"@type":"PropertyValueSpecification","valueRequired":true,"valueName":"search_term_string"}}],"inLanguage":"de"},{"@type":"Organization","@id":"https:\/\/uelzener.de\/magazin\/#organization","name":"Uelzener Versicherungen","url":"https:\/\/uelzener.de\/magazin\/","logo":{"@type":"ImageObject","inLanguage":"de","@id":"https:\/\/uelzener.de\/magazin\/#\/schema\/logo\/image\/","url":"https:\/\/uelzener.de\/magazin\/app\/uploads\/2024\/11\/uelzener_allgemeine_versicherungsgesellschaft_a_g_logo.jpg","contentUrl":"https:\/\/uelzener.de\/magazin\/app\/uploads\/2024\/11\/uelzener_allgemeine_versicherungsgesellschaft_a_g_logo.jpg","width":200,"height":200,"caption":"Uelzener Versicherungen"},"image":{"@id":"https:\/\/uelzener.de\/magazin\/#\/schema\/logo\/image\/"},"sameAs":["https:\/\/www.facebook.com\/Uelzener","https:\/\/instagram.com\/uelzener","https:\/\/www.xing.com\/pages\/uelzenerallgemeineversicherungs-gesellschafta-g","https:\/\/www.youtube.com\/UelzenerVersicherungen"]}]}},"_links":{"self":[{"href":"https:\/\/uelzener.de\/magazin\/wp-json\/wp\/v2\/pages\/10202","targetHints":{"allow":["GET"]}}],"collection":[{"href":"https:\/\/uelzener.de\/magazin\/wp-json\/wp\/v2\/pages"}],"about":[{"href":"https:\/\/uelzener.de\/magazin\/wp-json\/wp\/v2\/types\/page"}],"author":[{"embeddable":true,"href":"https:\/\/uelzener.de\/magazin\/wp-json\/wp\/v2\/users\/1"}],"replies":[{"embeddable":true,"href":"https:\/\/uelzener.de\/magazin\/wp-json\/wp\/v2\/comments?post=10202"}],"version-history":[{"count":10,"href":"https:\/\/uelzener.de\/magazin\/wp-json\/wp\/v2\/pages\/10202\/revisions"}],"predecessor-version":[{"id":17193,"href":"https:\/\/uelzener.de\/magazin\/wp-json\/wp\/v2\/pages\/10202\/revisions\/17193"}],"up":[{"embeddable":true,"href":"https:\/\/uelzener.de\/magazin\/wp-json\/wp\/v2\/pages\/11709"}],"wp:featuredmedia":[{"embeddable":true,"href":"https:\/\/uelzener.de\/magazin\/wp-json\/wp\/v2\/media\/10791"}],"wp:attachment":[{"href":"https:\/\/uelzener.de\/magazin\/wp-json\/wp\/v2\/media?parent=10202"}],"curies":[{"name":"wp","href":"https:\/\/api.w.org\/{rel}","templated":true}]}}