{"id":10175,"date":"2026-01-10T10:58:00","date_gmt":"2026-01-10T09:58:00","guid":{"rendered":""},"modified":"2026-02-03T12:51:54","modified_gmt":"2026-02-03T11:51:54","slug":"sibirische-katze","status":"publish","type":"page","link":"https:\/\/uelzener.de\/magazin\/katze\/rasseportrait\/sibirische-katze\/","title":{"rendered":"Sibirische Katze: Sanfte Sch\u00f6nheit aus dem kalten Norden"},"content":{"rendered":"<p><span style=\"font-weight: 400;\">Die Sibirische Katze ist eine beeindruckende Erscheinung. Sie hat dichtes, flauschiges Fell und einen kr\u00e4ftigen K\u00f6rperbau.\u00a0<\/span><\/p>\n<p><span style=\"font-weight: 400;\">Urspr\u00fcnglich stammt sie aus den n\u00f6rdlichen Regionen Russlands. Dort hat sie sich \u00fcber die Jahre an Schnee, Eis und K\u00e4lte angepasst. Das pr\u00e4gt ihr Aussehen bis heute.<\/span><\/p>\n<p><span style=\"font-weight: 400;\">Was ihr Wesen betrifft, gilt die Sibirische Katze als freundlich, ausgeglichen und sehr menschenbezogen. Sie sucht die N\u00e4he zu ihrer Familie, ist anh\u00e4nglich, verspielt und neugierig.\u00a0<\/span><\/p>\n<p><span style=\"font-weight: 400;\">In unserem Artikel stellen wir dir die Sibirische Katze n\u00e4her vor.\u00a0<\/span><\/p>\n<h2>Herkunft und Aussehen der Sibirischen Katze<\/h2>\n<p><span style=\"font-weight: 400;\">Die Sibirische Katze geh\u00f6rt zur Gruppe der Waldkatzen. Damit reiht sie sich neben die Norwegische Waldkatze und Maine Coon ein. Die Waldkatzen sind nicht durch Zucht entstanden, sondern nat\u00fcrlich aus Hauskatzen hervorgegangen. Mittlerweile werden sie zwar gez\u00fcchtet, gelten aber ihrem Ursprung nach als Naturrassen.<\/span><\/p>\n<p><span style=\"font-weight: 400;\">Waldkatzen stammen aus kalten, n\u00f6rdlichen Regionen. Die Norwegische Waldkatze ist in Norwegen beheimatet, die Sibirische Katze in Sibirien und die Maine Coon im Norden der USA. Sie alle haben eine dichte Unterwolle und langes, wasserabweisendes Deckhaar. Dadurch sind sie optimal an das Klima ihrer Region angepasst und gegen K\u00e4lte und N\u00e4sse gesch\u00fctzt.<\/span><\/p>\n<p><span style=\"font-weight: 400;\">Verglichen mit der Norwegischen Waldkatze und der Maine Coon hat die Sibirische Katze einen rundlicheren und st\u00e4mmigeren K\u00f6rper und sanftere Gesichtskonturen. Ihre breiten Wangenknochen sind niedrig angesetzt, die Ohren sind mittelgro\u00df. Das Fell kann jede Farbe, jedes Muster und jede Farbkombination aufweisen, wobei nicht alle Varianten von den Zuchtverb\u00e4nden anerkannt sind.<\/span><\/p>\n<p><span style=\"font-weight: 400;\">Typisch f\u00fcr Sibirische Katzen sind ein \u00fcppiger Kragen um Hals und Vorderbrust sowie \u201eKnickerbockerhosen\u201c, also besonders pl\u00fcschiges Fell an den Hinterbeinen. Au\u00dferdem haben sie \u201eSchneeschuhe\u201c. Das sind Haarb\u00fcschel zwischen den Zehen.<\/span><\/p>\n<p><span style=\"font-weight: 400;\">Sibirische Katzen sind gro\u00dfe und schwere Katzen. Sie k\u00f6nnen eine Schulterh\u00f6he von bis zu 35 cm und eine Gesamtl\u00e4nge von bis zu 120 cm erreichen. Kater wiegen zwischen 7 und 9 kg. Katzen bringen zwischen 4 und 7 kg auf die Waage.<\/span><\/p>\n<h2>Wie die Sibirische Katze Verbreitung fand<\/h2>\n<p><span style=\"font-weight: 400;\">Die Sibirische Katze gilt als russische Nationalkatze. Sie geh\u00f6rt einem Typus an, der urspr\u00fcnglich auf dem gesamten Gebiet der ehemaligen Sowjetunion verbreitet war.\u00a0<\/span><\/p>\n<p><span style=\"font-weight: 400;\">Lange Zeit war die Sibirische Katze in Westeuropa nahezu unbekannt. Im 19. Jahrhundert wurden zwar einige Tiere nach Gro\u00dfbritannien importiert, dort begeisterte man sich jedoch st\u00e4rker f\u00fcr die Perserkatze.\u00a0<\/span><\/p>\n<p><span style=\"font-weight: 400;\">Beachtung fand die Sibirische Katze erst wieder in den 1980er Jahren. Beim Bau der Druschba-Trasse, der damals gr\u00f6\u00dften Erdgasleitung der Welt, wurden Bauarbeiter der DDR auf die Katzen aufmerksam und nahmen einige Exemplare davon mit. Daraufhin startete man in Ostdeutschland eine Zucht. 1987 wurde die Sibirische Katze in der DDR als eigene Rasse anerkannt.\u00a0<\/span><\/p>\n<p><span style=\"font-weight: 400;\">Zur selben Zeit gelangte ein Paar Sibirischer Katzen in die BRD. Dort etablierte sich in den Folgejahren ebenfalls eine Zucht. Nach und nach fand die Sibirische Katze auch in anderen Teilen Westeuropas und in den USA Verbreitung. Seit 1992 ist die Sibirische Katze von der World Cat Federation (WCF) und seit 1998 von der F\u00e9d\u00e9ration Internationale F\u00e9line (FIFe) offiziell als Rasse anerkannt.<\/span><\/p>\n<p><span style=\"font-weight: 400;\">Gut zu wissen: In Deutschland wurde urspr\u00fcnglich die Bezeichnung Sibirische Waldkatze verwendet. 1991 entschloss man sich jedoch, auf den Zusatz \u201eWald\u201c zu verzichten und die Rasse k\u00fcnftig \u201eSibirische Katze\u201c zu nennen. Das sollte dazu dienen, sie besser von der Norwegischen Waldkatze abzugrenzen.<\/span><\/p>\n<h2>Charakter der Sibirischen Katze<\/h2>\n<p><span style=\"font-weight: 400;\">Die Sibirische Katze ist eine lebendige Katze. Sie liebt es, zu spielen, zu klettern und die Natur zu erkunden. Freigang in einem abgesicherten Garten w\u00e4re ideal. Aber auch in der Wohnung k\u00f6nnen Sibirische Katzen gut leben. Wichtig ist, dass sie ausreichend Besch\u00e4ftigung und Bewegung haben.<\/span><\/p>\n<p><span style=\"font-weight: 400;\">Viele Sibirische Katzen sind dem Wasser sehr zugetan. Sie baden gern und f\u00fchlen sich vom Trinknapf oder von tropfenden Wasserh\u00e4hnen nahezu magisch angezogen.<\/span><\/p>\n<p><span style=\"font-weight: 400;\">Typisch f\u00fcr die Rasse ist ihr warmherziges, ausgeglichenes Wesen. Sibirische Katzen suchen die N\u00e4he und Aufmerksamkeit ihres Menschen. Sie sind treu, anh\u00e4nglich und wunderbar als Familienkatzen geeignet.<\/span><\/p>\n<p><span style=\"font-weight: 400;\">Sibirische Katzen sind selbstbewusst. Wenn es um ihre Interessen geht, k\u00f6nnen sie auch mal auf stur schalten. Trotzdem ist das Zusammenleben mit ihnen in der Regel harmonisch. Sie sind recht gespr\u00e4chig und maunzen und schnurren viel. Das kann auch ein Nachteil sein.<\/span><\/p>\n<h2>Tipps zur Haltung und Pflege<\/h2>\n<p><span style=\"font-weight: 400;\">Da Sibirische Katzen sehr gesellig sind, sollten sie nicht allein gehalten werden. Mit Artgenossen und vertr\u00e4glichen Hunden kommen sie meist gut aus. Da die Rasse gerne jagt, klettert und springt, sollte sie in der Wohnung einen hohen Kratzbaum zur Verf\u00fcgung haben. Abwechslungsreiches Spielzeug ist wichtig, denn Sibirische Katzen wollen auch mental ausgelastet werden.\u00a0<\/span><\/p>\n<p><span style=\"font-weight: 400;\">Trotz ihres pl\u00fcschigen Fells sind Sibirische Katzen pflegeleicht. Um das d\u00fcnnere Sommerfell k\u00fcmmern sie sich allein. Unterst\u00fctzung ben\u00f6tigen sie beim Winterfell und w\u00e4hrend des Fellwechsels. Dann sollten sie regelm\u00e4\u00dfig geb\u00fcrstet werden.<\/span><\/p>\n<p><span style=\"font-weight: 400;\">Was die Gesundheit betrifft, gelten Sibirische Katzen als robust und wenig anf\u00e4llig. Entscheidend ist, dass sie aus einer seri\u00f6sen Zucht stammen. Erbkrankheiten lassen sich trotzdem nie ganz ausschlie\u00dfen. So neigen manche Zuchtlinien beispielsweise st\u00e4rker zu Herzerkrankungen.\u00a0<\/span><\/p>\n<p><span style=\"font-weight: 400;\">F\u00fcr ein langes Katzenleben spielt die richtige Ern\u00e4hrung eine gro\u00dfe Rolle. Sie muss artgerecht, gesund und ausgewogen sowie auf den individuellen Bedarf der Katze ausgelegt sein.\u00a0<\/span><\/p>\n<h2>F\u00fcr wen ist die Sibirische Katze geeignet?<\/h2>\n<p><span style=\"font-weight: 400;\">Die Sibirische Katze passt zu vielen Menschen und Lebenssituationen.\u00a0<\/span><\/p>\n<ul>\n<li style=\"font-weight: 400;\" aria-level=\"1\"><b>F\u00fcr Familien mit Kindern<\/b><span style=\"font-weight: 400;\">: Die Sibirische Katze ist geduldig, freundlich und meist sehr gelassen. Sie kommt gut mit Kindern zurecht, wenn diese respektvoll mit ihr umgehen.\u00a0<\/span><\/li>\n<li style=\"font-weight: 400;\" aria-level=\"1\"><b>F\u00fcr Berufst\u00e4tige mit Zeitfenstern<\/b><span style=\"font-weight: 400;\">: Zusammen mit einem Artgenossen oder Spielkameraden kann eine Sibirische Katze auch mal allein zu Hause bleiben. Trotzdem brauchen die Tiere ausreichend Zeit mit ihren Menschen.\u00a0<\/span><\/li>\n<li style=\"font-weight: 400;\" aria-level=\"1\"><b>F\u00fcr Katzenliebhaber, die N\u00e4he m\u00f6gen<\/b><span style=\"font-weight: 400;\">: Die Sibirische Katze ist menschenbezogen und sucht Kontakt. Aufmerksamkeit und N\u00e4he zu ihrer Bezugsperson sind ihr wichtig.<\/span><\/li>\n<li style=\"font-weight: 400;\" aria-level=\"1\"><b>Mehrkatzenhaushalte<\/b><span style=\"font-weight: 400;\">: Sibirische Katzen sind sehr sozial und verstehen sich gut mit Artgenossen, wenn die Zusammenf\u00fchrung behutsam erfolgt.\u00a0<\/span><\/li>\n<\/ul>\n<p><span style=\"font-weight: 400;\">Weniger geeignet ist die Sibirische Katze f\u00fcr Menschen, die wenig Zeit haben oder kaum Platz f\u00fcr Bewegung und Besch\u00e4ftigung bieten k\u00f6nnen. Denn trotz ihres ruhigen Wesens ist die Rasse aktiv, neugierig und m\u00f6chte Teil des Alltags sein.<\/span><\/p>\n<h2>Fazit<\/h2>\n<p><span style=\"font-weight: 400;\">Die Sibirische Katze sieht nicht nur sch\u00f6n aus, sondern hat auch ein wunderbares Wesen. Sie ist freundlich, verspielt und mag die N\u00e4he zu ihren Menschen. Gleichzeitig ist sie ruhig und ausgeglichen. Wer genug Platz und Zeit f\u00fcr Zuwendung hat, findet in der Sibirischen Katze eine treue Begleiterin, die viel Freude ins Leben bringt.<\/span><\/p>\n\n<div class=\"related_articles boxed\">\n    <h2>Mehr zum Thema<\/h2>\n    \n    <div class=\"wrapper\"><div class=\"title align-center\"><h3><a href=\"https:\/\/uelzener.de\/magazin\/katze\/rasseportrait\/was-ist-eine-pointkatze\/\">Was ist eine Pointkatze?<\/a><\/h3><\/div><div class=\"img align-center\"><img decoding=\"async\" width=\"315\" height=\"180\" src=\"https:\/\/uelzener.de\/magazin\/app\/uploads\/2016\/07\/b5a405cd-5322-41f6-9b42-17a75748959f-315x180.jpg\" class=\"attachment-315x180 size-315x180 wp-post-image\" alt=\"Pointkatze sitzt vor einem Blumenstrau\u00df es ist eine sehr sch\u00f6ne Rasse.\" srcset=\"https:\/\/uelzener.de\/magazin\/app\/uploads\/2016\/07\/b5a405cd-5322-41f6-9b42-17a75748959f-315x180.jpg 315w, https:\/\/uelzener.de\/magazin\/app\/uploads\/2016\/07\/b5a405cd-5322-41f6-9b42-17a75748959f-650x369.jpg 650w\" sizes=\"(max-width: 315px) 100vw, 315px\" \/><\/div><\/div><div class=\"wrapper\"><div class=\"title align-center\"><h3><a href=\"https:\/\/uelzener.de\/magazin\/katze\/rasseportrait\/norwegische-waldkatze\/\">Norwegische Waldkatze: robuste Familienpartner<\/a><\/h3><\/div><div class=\"img align-center\"><img decoding=\"async\" width=\"315\" height=\"180\" src=\"https:\/\/uelzener.de\/magazin\/app\/uploads\/2015\/02\/61133e11-d9f2-48cb-b373-5493e9cf542f-315x180.jpg\" class=\"attachment-315x180 size-315x180 wp-post-image\" alt=\"Eine Norwegische Waldkatze l\u00e4uft vor Tannen durch den Schnee.\" srcset=\"https:\/\/uelzener.de\/magazin\/app\/uploads\/2015\/02\/61133e11-d9f2-48cb-b373-5493e9cf542f-315x180.jpg 315w, https:\/\/uelzener.de\/magazin\/app\/uploads\/2015\/02\/61133e11-d9f2-48cb-b373-5493e9cf542f-650x369.jpg 650w\" sizes=\"(max-width: 315px) 100vw, 315px\" \/><\/div><\/div><div class=\"wrapper\"><div class=\"title align-center\"><h3><a href=\"https:\/\/uelzener.de\/magazin\/katze\/haeufige-fragen\/katzen-fellfarben\/\">Fellfarben bei Katzen: Wie sie entstehen und welche Bedeutung sie haben<\/a><\/h3><\/div><div class=\"img align-center\"><img decoding=\"async\" width=\"315\" height=\"180\" src=\"https:\/\/uelzener.de\/magazin\/app\/uploads\/2022\/09\/Fellfarben-Katzen-315x180.jpg\" class=\"attachment-315x180 size-315x180 wp-post-image\" alt=\"4 Katzen in unterschiedlichen Fellfarben liegen beieinander.\" \/><\/div><\/div><\/div>\n\n<h2>FAQ \u2013 h\u00e4ufig gestellte Fragen zur Sibirischen Katze<\/h2>\n<h3>Wie alt werden Sibirische Katzen?<\/h3>\n<p><span style=\"font-weight: 400;\">Sibirische Katzen haben eine Lebenserwartung von 11 bis 15 Jahren. Regelm\u00e4\u00dfige tier\u00e4rztliche Kontrollen helfen, gesundheitliche Probleme m\u00f6glichst fr\u00fch zu erkennen. Eine <\/span><span style=\"font-weight: 400;\">Katzenkrankenversicherung<\/span><span style=\"font-weight: 400;\"> leistet dabei gute Dienste. Sie \u00fcbernimmt die Kosten, wenn die Katze medizinische Hilfe braucht.<\/span><\/p>\n\n<div class=\"banner\">\n    <a href=\"https:\/\/uelzener.de\/katze\/katzen-krankenversicherung\/?agt=0000104925&sem=true&utm_medium=magazin&utm_source=wordpress&utm_campaign=katze_kv&utm_content=banner\">\n        <img decoding=\"async\" width=\"300\" height=\"212\" src=\"https:\/\/uelzener.de\/magazin\/app\/uploads\/2025\/01\/Katzen-Kranken-Versicherung.jpg\" class=\"attachment-medium size-medium\" alt=\"Banner Katzen-Kranken-Versicherung\" \/>    <\/a>\n<\/div>\n\n<h3>Sind Sibirische Katzen gute Kletterer?<\/h3>\n<p><span style=\"font-weight: 400;\">Ja, sibirische Katzen klettern gut und leidenschaftlich gerne. Deswegen lieben sie Kratzb\u00e4ume, Schr\u00e4nke und andere erh\u00f6hte Pl\u00e4tze.<\/span><\/p>\n<h3>Warum gelten Sibirische Katzen als besonders robust?<\/h3>\n<p><span style=\"font-weight: 400;\">Die Rasse gilt als robust, weil sie sich \u00fcber viele Jahre nat\u00fcrlich entwickelt hat. Zuchtbedingte Erbkrankheiten sind daher selten. Trotzdem gibt es Zuchtlinien, die beispielsweise zur hypertrophen Kardiomyopathie neigen. Das ist eine Verdickung des Herzmuskels. Es ist wichtig, dass Z\u00fcchterinnen und Z\u00fcchter ihre W\u00fcrfe daraufhin untersuchen lassen.<\/span><\/p>\n<h3>Wann ist eine Sibirische Katze ausgewachsen?<\/h3>\n<p><span style=\"font-weight: 400;\">Sibirische Katzen sind mit etwa drei Jahren vollst\u00e4ndig ausgewachsen.<\/span><\/p>\n<h3>Eignet sich die Sibirische Katze f\u00fcr Kinder?<\/h3>\n<p><span style=\"font-weight: 400;\">Sibirische Katzen kommen normalerweise gut mit Kindern aus. Trotzdem hat jedes Tier seinen eigenen Charakter. Deshalb kann es Ausnahmen geben.<\/span><\/p>\n","protected":false},"excerpt":{"rendered":"<p>Die Sibirische Katze ist eine beeindruckende Erscheinung. Sie hat dichtes, flauschiges Fell und einen kr\u00e4ftigen K\u00f6rperbau.\u00a0 Urspr\u00fcnglich stammt sie aus den n\u00f6rdlichen Regionen Russlands. Dort hat sie sich \u00fcber die Jahre an Schnee, Eis und K\u00e4lte angepasst. Das pr\u00e4gt ihr Aussehen bis heute. Was ihr Wesen betrifft, gilt die Sibirische Katze als freundlich, ausgeglichen und [&hellip;]<\/p>\n","protected":false},"author":1,"featured_media":19716,"parent":2482,"menu_order":15,"comment_status":"open","ping_status":"open","template":"templates\/blog.php","meta":{"_acf_changed":false,"_crdt_document":"","footnotes":"","beyondwords_generate_audio":"0","beyondwords_project_id":"","beyondwords_content_id":"","beyondwords_preview_token":"","beyondwords_player_style":"","beyondwords_language_id":"","beyondwords_title_voice_id":"","beyondwords_body_voice_id":"","beyondwords_summary_voice_id":"","beyondwords_error_message":"","beyondwords_disabled":"","beyondwords_delete_content":"","beyondwords_podcast_id":"","beyondwords_hash":"","publish_post_to_speechkit":"","speechkit_hash":"","speechkit_generate_audio":"","speechkit_project_id":"","speechkit_podcast_id":"","speechkit_error_message":"","speechkit_disabled":"","speechkit_access_key":"","speechkit_error":"","speechkit_info":"","speechkit_response":"","speechkit_retries":"","speechkit_status":"","speechkit_updated_at":"","_speechkit_link":"","_speechkit_text":""},"class_list":["post-10175","page","type-page","status-publish","has-post-thumbnail","hentry"],"acf":[],"yoast_head":"<!-- This site is optimized with the Yoast SEO Premium plugin  - https:\/\/yoast.com\/product\/yoast-seo-premium-wordpress\/ -->\n<title>Sibirische Katze: Sanfte Sch\u00f6nheit aus dem kalten Norden | Uelzener Tier-Magazin<\/title>\n<meta name=\"description\" content=\"Erfahre alles zur sibirischen Katze \u2713 Herkunft \u2713 Aussehen \u2713 Charakter \u2713 Haltung \u2713 Pflege \u25b6 Hier informieren!\" \/>\n<meta name=\"robots\" content=\"index, follow, max-snippet:-1, max-image-preview:large, max-video-preview:-1\" \/>\n<link rel=\"canonical\" href=\"https:\/\/uelzener.de\/magazin\/katze\/rasseportrait\/sibirische-katze\/\" \/>\n<meta property=\"og:locale\" content=\"de_DE\" \/>\n<meta property=\"og:type\" content=\"article\" \/>\n<meta property=\"og:title\" content=\"Sibirische Katze: Sanfte Sch\u00f6nheit aus dem kalten Norden\" \/>\n<meta property=\"og:description\" content=\"Erfahre alles zur sibirischen Katze \u2713 Herkunft \u2713 Aussehen \u2713 Charakter \u2713 Haltung \u2713 Pflege \u25b6 Hier informieren!\" \/>\n<meta property=\"og:url\" content=\"https:\/\/uelzener.de\/magazin\/katze\/rasseportrait\/sibirische-katze\/\" \/>\n<meta property=\"og:site_name\" content=\"Uelzener Tier-Magazin\" \/>\n<meta property=\"article:publisher\" content=\"https:\/\/www.facebook.com\/Uelzener\" \/>\n<meta property=\"article:modified_time\" content=\"2026-02-03T11:51:54+00:00\" \/>\n<meta property=\"og:image\" content=\"https:\/\/uelzener.de\/magazin\/app\/uploads\/2026\/01\/sibirische-katze.jpg\" \/>\n\t<meta property=\"og:image:width\" content=\"1025\" \/>\n\t<meta property=\"og:image:height\" content=\"450\" \/>\n\t<meta property=\"og:image:type\" content=\"image\/jpeg\" \/>\n<meta name=\"twitter:card\" content=\"summary_large_image\" \/>\n<meta name=\"twitter:label1\" content=\"Gesch\u00e4tzte Lesezeit\" \/>\n\t<meta name=\"twitter:data1\" content=\"7\u00a0Minuten\" \/>\n<script type=\"application\/ld+json\" class=\"yoast-schema-graph\">{\"@context\":\"https:\/\/schema.org\",\"@graph\":[{\"@type\":\"WebPage\",\"@id\":\"https:\/\/uelzener.de\/magazin\/katze\/rasseportrait\/sibirische-katze\/\",\"url\":\"https:\/\/uelzener.de\/magazin\/katze\/rasseportrait\/sibirische-katze\/\",\"name\":\"Sibirische Katze: Sanfte Sch\u00f6nheit aus dem kalten Norden | Uelzener Tier-Magazin\",\"isPartOf\":{\"@id\":\"https:\/\/uelzener.de\/magazin\/#website\"},\"primaryImageOfPage\":{\"@id\":\"https:\/\/uelzener.de\/magazin\/katze\/rasseportrait\/sibirische-katze\/#primaryimage\"},\"image\":{\"@id\":\"https:\/\/uelzener.de\/magazin\/katze\/rasseportrait\/sibirische-katze\/#primaryimage\"},\"thumbnailUrl\":\"https:\/\/uelzener.de\/magazin\/app\/uploads\/2026\/01\/sibirische-katze.jpg\",\"datePublished\":\"2026-01-10T09:58:00+00:00\",\"dateModified\":\"2026-02-03T11:51:54+00:00\",\"description\":\"Erfahre alles zur sibirischen Katze \u2713 Herkunft \u2713 Aussehen \u2713 Charakter \u2713 Haltung \u2713 Pflege \u25b6 Hier informieren!\",\"breadcrumb\":{\"@id\":\"https:\/\/uelzener.de\/magazin\/katze\/rasseportrait\/sibirische-katze\/#breadcrumb\"},\"inLanguage\":\"de\",\"potentialAction\":[{\"@type\":\"ReadAction\",\"target\":[\"https:\/\/uelzener.de\/magazin\/katze\/rasseportrait\/sibirische-katze\/\"]}]},{\"@type\":\"ImageObject\",\"inLanguage\":\"de\",\"@id\":\"https:\/\/uelzener.de\/magazin\/katze\/rasseportrait\/sibirische-katze\/#primaryimage\",\"url\":\"https:\/\/uelzener.de\/magazin\/app\/uploads\/2026\/01\/sibirische-katze.jpg\",\"contentUrl\":\"https:\/\/uelzener.de\/magazin\/app\/uploads\/2026\/01\/sibirische-katze.jpg\",\"width\":1025,\"height\":450,\"caption\":\"Sibirische Katze im Schnee.\"},{\"@type\":\"WebSite\",\"@id\":\"https:\/\/uelzener.de\/magazin\/#website\",\"url\":\"https:\/\/uelzener.de\/magazin\/\",\"name\":\"Uelzener Tiermagazin\",\"description\":\"Online Tierratgeber der Uelzener Versicherungen\",\"publisher\":{\"@id\":\"https:\/\/uelzener.de\/magazin\/#organization\"},\"potentialAction\":[{\"@type\":\"SearchAction\",\"target\":{\"@type\":\"EntryPoint\",\"urlTemplate\":\"https:\/\/uelzener.de\/magazin\/?s={search_term_string}\"},\"query-input\":{\"@type\":\"PropertyValueSpecification\",\"valueRequired\":true,\"valueName\":\"search_term_string\"}}],\"inLanguage\":\"de\"},{\"@type\":\"Organization\",\"@id\":\"https:\/\/uelzener.de\/magazin\/#organization\",\"name\":\"Uelzener Versicherungen\",\"url\":\"https:\/\/uelzener.de\/magazin\/\",\"logo\":{\"@type\":\"ImageObject\",\"inLanguage\":\"de\",\"@id\":\"https:\/\/uelzener.de\/magazin\/#\/schema\/logo\/image\/\",\"url\":\"https:\/\/uelzener.de\/magazin\/app\/uploads\/2024\/11\/uelzener_allgemeine_versicherungsgesellschaft_a_g_logo.jpg\",\"contentUrl\":\"https:\/\/uelzener.de\/magazin\/app\/uploads\/2024\/11\/uelzener_allgemeine_versicherungsgesellschaft_a_g_logo.jpg\",\"width\":200,\"height\":200,\"caption\":\"Uelzener Versicherungen\"},\"image\":{\"@id\":\"https:\/\/uelzener.de\/magazin\/#\/schema\/logo\/image\/\"},\"sameAs\":[\"https:\/\/www.facebook.com\/Uelzener\",\"https:\/\/instagram.com\/uelzener\",\"https:\/\/www.xing.com\/pages\/uelzenerallgemeineversicherungs-gesellschafta-g\",\"https:\/\/www.youtube.com\/UelzenerVersicherungen\"]}]}<\/script>\n<!-- \/ Yoast SEO Premium plugin. -->","yoast_head_json":{"title":"Sibirische Katze: Sanfte Sch\u00f6nheit aus dem kalten Norden | Uelzener Tier-Magazin","description":"Erfahre alles zur sibirischen Katze \u2713 Herkunft \u2713 Aussehen \u2713 Charakter \u2713 Haltung \u2713 Pflege \u25b6 Hier informieren!","robots":{"index":"index","follow":"follow","max-snippet":"max-snippet:-1","max-image-preview":"max-image-preview:large","max-video-preview":"max-video-preview:-1"},"canonical":"https:\/\/uelzener.de\/magazin\/katze\/rasseportrait\/sibirische-katze\/","og_locale":"de_DE","og_type":"article","og_title":"Sibirische Katze: Sanfte Sch\u00f6nheit aus dem kalten Norden","og_description":"Erfahre alles zur sibirischen Katze \u2713 Herkunft \u2713 Aussehen \u2713 Charakter \u2713 Haltung \u2713 Pflege \u25b6 Hier informieren!","og_url":"https:\/\/uelzener.de\/magazin\/katze\/rasseportrait\/sibirische-katze\/","og_site_name":"Uelzener Tier-Magazin","article_publisher":"https:\/\/www.facebook.com\/Uelzener","article_modified_time":"2026-02-03T11:51:54+00:00","og_image":[{"width":1025,"height":450,"url":"https:\/\/uelzener.de\/magazin\/app\/uploads\/2026\/01\/sibirische-katze.jpg","type":"image\/jpeg"}],"twitter_card":"summary_large_image","twitter_misc":{"Gesch\u00e4tzte Lesezeit":"7\u00a0Minuten"},"schema":{"@context":"https:\/\/schema.org","@graph":[{"@type":"WebPage","@id":"https:\/\/uelzener.de\/magazin\/katze\/rasseportrait\/sibirische-katze\/","url":"https:\/\/uelzener.de\/magazin\/katze\/rasseportrait\/sibirische-katze\/","name":"Sibirische Katze: Sanfte Sch\u00f6nheit aus dem kalten Norden | Uelzener Tier-Magazin","isPartOf":{"@id":"https:\/\/uelzener.de\/magazin\/#website"},"primaryImageOfPage":{"@id":"https:\/\/uelzener.de\/magazin\/katze\/rasseportrait\/sibirische-katze\/#primaryimage"},"image":{"@id":"https:\/\/uelzener.de\/magazin\/katze\/rasseportrait\/sibirische-katze\/#primaryimage"},"thumbnailUrl":"https:\/\/uelzener.de\/magazin\/app\/uploads\/2026\/01\/sibirische-katze.jpg","datePublished":"2026-01-10T09:58:00+00:00","dateModified":"2026-02-03T11:51:54+00:00","description":"Erfahre alles zur sibirischen Katze \u2713 Herkunft \u2713 Aussehen \u2713 Charakter \u2713 Haltung \u2713 Pflege \u25b6 Hier informieren!","breadcrumb":{"@id":"https:\/\/uelzener.de\/magazin\/katze\/rasseportrait\/sibirische-katze\/#breadcrumb"},"inLanguage":"de","potentialAction":[{"@type":"ReadAction","target":["https:\/\/uelzener.de\/magazin\/katze\/rasseportrait\/sibirische-katze\/"]}]},{"@type":"ImageObject","inLanguage":"de","@id":"https:\/\/uelzener.de\/magazin\/katze\/rasseportrait\/sibirische-katze\/#primaryimage","url":"https:\/\/uelzener.de\/magazin\/app\/uploads\/2026\/01\/sibirische-katze.jpg","contentUrl":"https:\/\/uelzener.de\/magazin\/app\/uploads\/2026\/01\/sibirische-katze.jpg","width":1025,"height":450,"caption":"Sibirische Katze im Schnee."},{"@type":"WebSite","@id":"https:\/\/uelzener.de\/magazin\/#website","url":"https:\/\/uelzener.de\/magazin\/","name":"Uelzener Tiermagazin","description":"Online Tierratgeber der Uelzener Versicherungen","publisher":{"@id":"https:\/\/uelzener.de\/magazin\/#organization"},"potentialAction":[{"@type":"SearchAction","target":{"@type":"EntryPoint","urlTemplate":"https:\/\/uelzener.de\/magazin\/?s={search_term_string}"},"query-input":{"@type":"PropertyValueSpecification","valueRequired":true,"valueName":"search_term_string"}}],"inLanguage":"de"},{"@type":"Organization","@id":"https:\/\/uelzener.de\/magazin\/#organization","name":"Uelzener Versicherungen","url":"https:\/\/uelzener.de\/magazin\/","logo":{"@type":"ImageObject","inLanguage":"de","@id":"https:\/\/uelzener.de\/magazin\/#\/schema\/logo\/image\/","url":"https:\/\/uelzener.de\/magazin\/app\/uploads\/2024\/11\/uelzener_allgemeine_versicherungsgesellschaft_a_g_logo.jpg","contentUrl":"https:\/\/uelzener.de\/magazin\/app\/uploads\/2024\/11\/uelzener_allgemeine_versicherungsgesellschaft_a_g_logo.jpg","width":200,"height":200,"caption":"Uelzener Versicherungen"},"image":{"@id":"https:\/\/uelzener.de\/magazin\/#\/schema\/logo\/image\/"},"sameAs":["https:\/\/www.facebook.com\/Uelzener","https:\/\/instagram.com\/uelzener","https:\/\/www.xing.com\/pages\/uelzenerallgemeineversicherungs-gesellschafta-g","https:\/\/www.youtube.com\/UelzenerVersicherungen"]}]}},"_links":{"self":[{"href":"https:\/\/uelzener.de\/magazin\/wp-json\/wp\/v2\/pages\/10175","targetHints":{"allow":["GET"]}}],"collection":[{"href":"https:\/\/uelzener.de\/magazin\/wp-json\/wp\/v2\/pages"}],"about":[{"href":"https:\/\/uelzener.de\/magazin\/wp-json\/wp\/v2\/types\/page"}],"author":[{"embeddable":true,"href":"https:\/\/uelzener.de\/magazin\/wp-json\/wp\/v2\/users\/1"}],"replies":[{"embeddable":true,"href":"https:\/\/uelzener.de\/magazin\/wp-json\/wp\/v2\/comments?post=10175"}],"version-history":[{"count":10,"href":"https:\/\/uelzener.de\/magazin\/wp-json\/wp\/v2\/pages\/10175\/revisions"}],"predecessor-version":[{"id":19733,"href":"https:\/\/uelzener.de\/magazin\/wp-json\/wp\/v2\/pages\/10175\/revisions\/19733"}],"up":[{"embeddable":true,"href":"https:\/\/uelzener.de\/magazin\/wp-json\/wp\/v2\/pages\/2482"}],"wp:featuredmedia":[{"embeddable":true,"href":"https:\/\/uelzener.de\/magazin\/wp-json\/wp\/v2\/media\/19716"}],"wp:attachment":[{"href":"https:\/\/uelzener.de\/magazin\/wp-json\/wp\/v2\/media?parent=10175"}],"curies":[{"name":"wp","href":"https:\/\/api.w.org\/{rel}","templated":true}]}}