{"id":10156,"date":"2015-07-03T00:00:00","date_gmt":"2015-07-03T00:00:00","guid":{"rendered":""},"modified":"2023-08-08T13:13:05","modified_gmt":"2023-08-08T11:13:05","slug":"allergien-bei-katzen","status":"publish","type":"page","link":"https:\/\/uelzener.de\/magazin\/katze\/tiergesundheit\/allergien-bei-katzen\/","title":{"rendered":"Allergien bei Katzen erkennen und behandeln"},"content":{"rendered":"<p><strong>Bei dem Wort \u201eKatzenallergie\u201c denkt man zun\u00e4chst an Menschen, die gegen Katzen allergisch sind. Aber es kann auch die Katze treffen: Eine Katzenallergie beginnt oftmals aus \u201eheiterem Himmel\u201c und kann sich sowohl durch leichte als auch durch lebensbedrohliche Symptome \u00e4u\u00dfern.<\/strong><\/p>\n<p>Allergien bei Katzen werden h\u00e4ufig von <a href=\"https:\/\/uelzener.de\/magazin\/katze\/tipps-fuer-den-alltag\/floehe-bei-katzen\/\">Fl\u00f6hen<\/a>, Milben, Pollen oder Futtermitteln verursacht, aber auch Putzmittel, Zimmerpflanzen oder \u00e4hnliches k\u00f6nnen der Verursacher sein. Sie enthalten bestimmte Stoffe, sogenannte Allergene, die eigentlich harmlos sind. Aber das Immunsystem der Katze reagiert auf sie als w\u00e4ren sie eine gro\u00dfe Bedrohung. Als Antwort setzt es eine mehr oder weniger heftige Abwehrreaktion in Gang. Typische Symptome f\u00fcr eine Allergie sind beispielsweise Hautausschl\u00e4ge, die mit Juckreiz und Haarausfall durch intensives Schlecken einhergehen k\u00f6nnen, <a href=\"https:\/\/uelzener.de\/magazin\/katze\/tiergesundheit\/katze-durchfall-verdauung\/\">Durchfall<\/a>, aber auch Asthmaanf\u00e4lle mit Atemnot (akuter Notfall).<\/p>\n<p>Besteht Verdacht auf eine Allergie, wird der Tierarzt zun\u00e4chst andere m\u00f6gliche Ursachen f\u00fcr die Beschwerden ausschlie\u00dfen. Dann wird systematisch nach dem Ausl\u00f6ser gesucht. Wann traten die Symptome das erste Mal auf? Kamen sie im Sommerhalbjahr, k\u00f6nnen Flohbisse oder Pollen eine m\u00f6gliche Ursache sein. Zeigt die Katze vielleicht im Winter pl\u00f6tzlich allergische Reaktionen, k\u00f6nnte es an den Hausstaubmilben liegen.<\/p>\n<p>Um den Ausl\u00f6ser zu finden, kann der Tierarzt Bluttests oder Allergietests auf der Haut durchf\u00fchren. Bei Futtermitteln wird er eine Spezialdi\u00e4t mit genau definierten Stoffen verordnen. Nachdem die Katze l\u00e4ngere Zeit ausschlie\u00dflich dieses Futter bekommen hat und es gut vertr\u00e4gt, werden weitere Stoffe hinzu gemischt und die Reaktion der Katze beobachtet. So kann man nach und nach feststellen, welche Stoffe die Katze im Futter nicht vertr\u00e4gt und diese gezielt vermeiden.<\/p>\n<p>Vermeidung ist auch das Stichwort bei Allergien, die durch andere Stoffe wie Pollen oder Flohbisse ausgel\u00f6st werden. Allergien gegen Flohspeichel kann man mit effizienten Flohbek\u00e4mpfungsmitteln in Schach halten und so die Ausl\u00f6ser weitgehend vermeiden. Bei akuten Beschwerden helfen spezielle Medikamente, die die Symptome lindern.<\/p>\n<p>Tritt die Allergie nur kurzzeitig auf, etwa wie beim <a href=\"https:\/\/uelzener.de\/magazin\/katze\/tiergesundheit\/heuschnupfen-bei-katzen\/\">Heuschnupfen<\/a> durch Pollen bestimmter Pflanzen, die nur eine kurze Zeit im Jahr bl\u00fchen, reicht oft ebenfalls eine Medikamentengabe f\u00fcr diese Zeit. Ist der Ausl\u00f6ser ganzj\u00e4hrig vorhanden und nicht zu vermeiden, zum Beispiel bei Hausstaubmilben, kann eine spezifische Immuntherapie (Hyposensibilisierung) helfen. Da es leider bei jeder Katze zu Allergien kommen kann, ist es wichtig auch f\u00fcr solche F\u00e4lle vorbereitet zu sein. Stelle sicher, dass Du eine gute <a href=\"https:\/\/uelzener.de\/katze\/\">Katzen-Versicherung<\/a> abschlie\u00dft, damit Du und Deine Katze ausreichend gesch\u00fctzt seid.<\/p>\n<p>Eine Allergie ist eine in der Regel nicht heilbare Erkrankung, bei der es auf die Sorgfalt des Besitzers ankommt, dass die Katze so wenig wie m\u00f6glich mit dem allergieausl\u00f6senden Stoff in Ber\u00fchrung kommt. Hat man die Ausl\u00f6ser und die Behandlung der Symptome aber erst einmal im Griff, kann man seiner Katze in den meisten F\u00e4llen trotzdem ein angenehmes Leben erm\u00f6glichen.<\/p>\n","protected":false},"excerpt":{"rendered":"<p>Bei dem Wort \u201eKatzenallergie\u201c denkt man zun\u00e4chst an Menschen, die gegen Katzen allergisch sind. Aber es kann auch die Katze treffen: Eine Katzenallergie beginnt oftmals aus \u201eheiterem Himmel\u201c und kann sich sowohl durch leichte als auch durch lebensbedrohliche Symptome \u00e4u\u00dfern. Allergien bei Katzen werden h\u00e4ufig von Fl\u00f6hen, Milben, Pollen oder Futtermitteln verursacht, aber auch Putzmittel, [&hellip;]<\/p>\n","protected":false},"author":1,"featured_media":10746,"parent":11712,"menu_order":46,"comment_status":"open","ping_status":"open","template":"templates\/blog.php","meta":{"_acf_changed":false,"_crdt_document":"","footnotes":"","beyondwords_generate_audio":"","beyondwords_project_id":"","beyondwords_content_id":"","beyondwords_preview_token":"","beyondwords_player_style":"","beyondwords_language_id":"","beyondwords_title_voice_id":"","beyondwords_body_voice_id":"","beyondwords_summary_voice_id":"","beyondwords_error_message":"","beyondwords_disabled":"","beyondwords_delete_content":"","beyondwords_podcast_id":"","beyondwords_hash":"","publish_post_to_speechkit":"","speechkit_hash":"","speechkit_generate_audio":"","speechkit_project_id":"","speechkit_podcast_id":"","speechkit_error_message":"","speechkit_disabled":"","speechkit_access_key":"","speechkit_error":"","speechkit_info":"","speechkit_response":"","speechkit_retries":"","speechkit_status":"","speechkit_updated_at":"","_speechkit_link":"","_speechkit_text":""},"class_list":["post-10156","page","type-page","status-publish","has-post-thumbnail","hentry"],"acf":[],"yoast_head":"<!-- This site is optimized with the Yoast SEO Premium plugin  - https:\/\/yoast.com\/product\/yoast-seo-premium-wordpress\/ -->\n<title>Allergien bei Katzen \u2013 erkennen &amp; behandeln | Uelzener<\/title>\n<meta name=\"description\" content=\"Erfahre alles zum Thema Allergien bei Katzen \u2713 Ausl\u00f6ser \u2713 Symptome \u2713 Diagnose \u2713 Behandlung \u25b6 Hier informieren!\" \/>\n<meta name=\"robots\" content=\"index, follow, max-snippet:-1, max-image-preview:large, max-video-preview:-1\" \/>\n<link rel=\"canonical\" href=\"https:\/\/uelzener.de\/magazin\/katze\/tiergesundheit\/allergien-bei-katzen\/\" \/>\n<meta property=\"og:locale\" content=\"de_DE\" \/>\n<meta property=\"og:type\" content=\"article\" \/>\n<meta property=\"og:title\" content=\"Allergien bei Katzen erkennen und behandeln\" \/>\n<meta property=\"og:description\" content=\"Erfahre alles zum Thema Allergien bei Katzen \u2713 Ausl\u00f6ser \u2713 Symptome \u2713 Diagnose \u2713 Behandlung \u25b6 Hier informieren!\" \/>\n<meta property=\"og:url\" content=\"https:\/\/uelzener.de\/magazin\/katze\/tiergesundheit\/allergien-bei-katzen\/\" \/>\n<meta property=\"og:site_name\" content=\"Uelzener Tier-Magazin\" \/>\n<meta property=\"article:publisher\" content=\"https:\/\/www.facebook.com\/Uelzener\" \/>\n<meta property=\"article:modified_time\" content=\"2023-08-08T11:13:05+00:00\" \/>\n<meta property=\"og:image\" content=\"https:\/\/uelzener.de\/magazin\/app\/uploads\/2015\/07\/0f025e19-f2bb-4bb5-aa5f-f40bda04e123.jpg\" \/>\n\t<meta property=\"og:image:width\" content=\"650\" \/>\n\t<meta property=\"og:image:height\" content=\"432\" \/>\n\t<meta property=\"og:image:type\" content=\"image\/jpeg\" \/>\n<meta name=\"twitter:card\" content=\"summary_large_image\" \/>\n<meta name=\"twitter:label1\" content=\"Gesch\u00e4tzte Lesezeit\" \/>\n\t<meta name=\"twitter:data1\" content=\"2\u00a0Minuten\" \/>\n<script type=\"application\/ld+json\" class=\"yoast-schema-graph\">{\"@context\":\"https:\/\/schema.org\",\"@graph\":[{\"@type\":\"WebPage\",\"@id\":\"https:\/\/uelzener.de\/magazin\/katze\/tiergesundheit\/allergien-bei-katzen\/\",\"url\":\"https:\/\/uelzener.de\/magazin\/katze\/tiergesundheit\/allergien-bei-katzen\/\",\"name\":\"Allergien bei Katzen \u2013 erkennen & behandeln | Uelzener\",\"isPartOf\":{\"@id\":\"https:\/\/uelzener.de\/magazin\/#website\"},\"primaryImageOfPage\":{\"@id\":\"https:\/\/uelzener.de\/magazin\/katze\/tiergesundheit\/allergien-bei-katzen\/#primaryimage\"},\"image\":{\"@id\":\"https:\/\/uelzener.de\/magazin\/katze\/tiergesundheit\/allergien-bei-katzen\/#primaryimage\"},\"thumbnailUrl\":\"https:\/\/uelzener.de\/magazin\/app\/uploads\/2015\/07\/0f025e19-f2bb-4bb5-aa5f-f40bda04e123.jpg\",\"datePublished\":\"2015-07-03T00:00:00+00:00\",\"dateModified\":\"2023-08-08T11:13:05+00:00\",\"description\":\"Erfahre alles zum Thema Allergien bei Katzen \u2713 Ausl\u00f6ser \u2713 Symptome \u2713 Diagnose \u2713 Behandlung \u25b6 Hier informieren!\",\"breadcrumb\":{\"@id\":\"https:\/\/uelzener.de\/magazin\/katze\/tiergesundheit\/allergien-bei-katzen\/#breadcrumb\"},\"inLanguage\":\"de\",\"potentialAction\":[{\"@type\":\"ReadAction\",\"target\":[\"https:\/\/uelzener.de\/magazin\/katze\/tiergesundheit\/allergien-bei-katzen\/\"]}]},{\"@type\":\"ImageObject\",\"inLanguage\":\"de\",\"@id\":\"https:\/\/uelzener.de\/magazin\/katze\/tiergesundheit\/allergien-bei-katzen\/#primaryimage\",\"url\":\"https:\/\/uelzener.de\/magazin\/app\/uploads\/2015\/07\/0f025e19-f2bb-4bb5-aa5f-f40bda04e123.jpg\",\"contentUrl\":\"https:\/\/uelzener.de\/magazin\/app\/uploads\/2015\/07\/0f025e19-f2bb-4bb5-aa5f-f40bda04e123.jpg\",\"width\":650,\"height\":432,\"caption\":\"Die zwei kleinen Katzen sind ersch\u00f6pft, die Allergie macht ihnen zu schaffen.\"},{\"@type\":\"WebSite\",\"@id\":\"https:\/\/uelzener.de\/magazin\/#website\",\"url\":\"https:\/\/uelzener.de\/magazin\/\",\"name\":\"Uelzener Tiermagazin\",\"description\":\"Online Tierratgeber der Uelzener Versicherungen\",\"publisher\":{\"@id\":\"https:\/\/uelzener.de\/magazin\/#organization\"},\"potentialAction\":[{\"@type\":\"SearchAction\",\"target\":{\"@type\":\"EntryPoint\",\"urlTemplate\":\"https:\/\/uelzener.de\/magazin\/?s={search_term_string}\"},\"query-input\":{\"@type\":\"PropertyValueSpecification\",\"valueRequired\":true,\"valueName\":\"search_term_string\"}}],\"inLanguage\":\"de\"},{\"@type\":\"Organization\",\"@id\":\"https:\/\/uelzener.de\/magazin\/#organization\",\"name\":\"Uelzener Versicherungen\",\"url\":\"https:\/\/uelzener.de\/magazin\/\",\"logo\":{\"@type\":\"ImageObject\",\"inLanguage\":\"de\",\"@id\":\"https:\/\/uelzener.de\/magazin\/#\/schema\/logo\/image\/\",\"url\":\"https:\/\/uelzener.de\/magazin\/app\/uploads\/2024\/11\/uelzener_allgemeine_versicherungsgesellschaft_a_g_logo.jpg\",\"contentUrl\":\"https:\/\/uelzener.de\/magazin\/app\/uploads\/2024\/11\/uelzener_allgemeine_versicherungsgesellschaft_a_g_logo.jpg\",\"width\":200,\"height\":200,\"caption\":\"Uelzener Versicherungen\"},\"image\":{\"@id\":\"https:\/\/uelzener.de\/magazin\/#\/schema\/logo\/image\/\"},\"sameAs\":[\"https:\/\/www.facebook.com\/Uelzener\",\"https:\/\/instagram.com\/uelzener\",\"https:\/\/www.xing.com\/pages\/uelzenerallgemeineversicherungs-gesellschafta-g\",\"https:\/\/www.youtube.com\/UelzenerVersicherungen\"]}]}<\/script>\n<!-- \/ Yoast SEO Premium plugin. -->","yoast_head_json":{"title":"Allergien bei Katzen \u2013 erkennen & behandeln | Uelzener","description":"Erfahre alles zum Thema Allergien bei Katzen \u2713 Ausl\u00f6ser \u2713 Symptome \u2713 Diagnose \u2713 Behandlung \u25b6 Hier informieren!","robots":{"index":"index","follow":"follow","max-snippet":"max-snippet:-1","max-image-preview":"max-image-preview:large","max-video-preview":"max-video-preview:-1"},"canonical":"https:\/\/uelzener.de\/magazin\/katze\/tiergesundheit\/allergien-bei-katzen\/","og_locale":"de_DE","og_type":"article","og_title":"Allergien bei Katzen erkennen und behandeln","og_description":"Erfahre alles zum Thema Allergien bei Katzen \u2713 Ausl\u00f6ser \u2713 Symptome \u2713 Diagnose \u2713 Behandlung \u25b6 Hier informieren!","og_url":"https:\/\/uelzener.de\/magazin\/katze\/tiergesundheit\/allergien-bei-katzen\/","og_site_name":"Uelzener Tier-Magazin","article_publisher":"https:\/\/www.facebook.com\/Uelzener","article_modified_time":"2023-08-08T11:13:05+00:00","og_image":[{"width":650,"height":432,"url":"https:\/\/uelzener.de\/magazin\/app\/uploads\/2015\/07\/0f025e19-f2bb-4bb5-aa5f-f40bda04e123.jpg","type":"image\/jpeg"}],"twitter_card":"summary_large_image","twitter_misc":{"Gesch\u00e4tzte Lesezeit":"2\u00a0Minuten"},"schema":{"@context":"https:\/\/schema.org","@graph":[{"@type":"WebPage","@id":"https:\/\/uelzener.de\/magazin\/katze\/tiergesundheit\/allergien-bei-katzen\/","url":"https:\/\/uelzener.de\/magazin\/katze\/tiergesundheit\/allergien-bei-katzen\/","name":"Allergien bei Katzen \u2013 erkennen & behandeln | Uelzener","isPartOf":{"@id":"https:\/\/uelzener.de\/magazin\/#website"},"primaryImageOfPage":{"@id":"https:\/\/uelzener.de\/magazin\/katze\/tiergesundheit\/allergien-bei-katzen\/#primaryimage"},"image":{"@id":"https:\/\/uelzener.de\/magazin\/katze\/tiergesundheit\/allergien-bei-katzen\/#primaryimage"},"thumbnailUrl":"https:\/\/uelzener.de\/magazin\/app\/uploads\/2015\/07\/0f025e19-f2bb-4bb5-aa5f-f40bda04e123.jpg","datePublished":"2015-07-03T00:00:00+00:00","dateModified":"2023-08-08T11:13:05+00:00","description":"Erfahre alles zum Thema Allergien bei Katzen \u2713 Ausl\u00f6ser \u2713 Symptome \u2713 Diagnose \u2713 Behandlung \u25b6 Hier informieren!","breadcrumb":{"@id":"https:\/\/uelzener.de\/magazin\/katze\/tiergesundheit\/allergien-bei-katzen\/#breadcrumb"},"inLanguage":"de","potentialAction":[{"@type":"ReadAction","target":["https:\/\/uelzener.de\/magazin\/katze\/tiergesundheit\/allergien-bei-katzen\/"]}]},{"@type":"ImageObject","inLanguage":"de","@id":"https:\/\/uelzener.de\/magazin\/katze\/tiergesundheit\/allergien-bei-katzen\/#primaryimage","url":"https:\/\/uelzener.de\/magazin\/app\/uploads\/2015\/07\/0f025e19-f2bb-4bb5-aa5f-f40bda04e123.jpg","contentUrl":"https:\/\/uelzener.de\/magazin\/app\/uploads\/2015\/07\/0f025e19-f2bb-4bb5-aa5f-f40bda04e123.jpg","width":650,"height":432,"caption":"Die zwei kleinen Katzen sind ersch\u00f6pft, die Allergie macht ihnen zu schaffen."},{"@type":"WebSite","@id":"https:\/\/uelzener.de\/magazin\/#website","url":"https:\/\/uelzener.de\/magazin\/","name":"Uelzener Tiermagazin","description":"Online Tierratgeber der Uelzener Versicherungen","publisher":{"@id":"https:\/\/uelzener.de\/magazin\/#organization"},"potentialAction":[{"@type":"SearchAction","target":{"@type":"EntryPoint","urlTemplate":"https:\/\/uelzener.de\/magazin\/?s={search_term_string}"},"query-input":{"@type":"PropertyValueSpecification","valueRequired":true,"valueName":"search_term_string"}}],"inLanguage":"de"},{"@type":"Organization","@id":"https:\/\/uelzener.de\/magazin\/#organization","name":"Uelzener Versicherungen","url":"https:\/\/uelzener.de\/magazin\/","logo":{"@type":"ImageObject","inLanguage":"de","@id":"https:\/\/uelzener.de\/magazin\/#\/schema\/logo\/image\/","url":"https:\/\/uelzener.de\/magazin\/app\/uploads\/2024\/11\/uelzener_allgemeine_versicherungsgesellschaft_a_g_logo.jpg","contentUrl":"https:\/\/uelzener.de\/magazin\/app\/uploads\/2024\/11\/uelzener_allgemeine_versicherungsgesellschaft_a_g_logo.jpg","width":200,"height":200,"caption":"Uelzener Versicherungen"},"image":{"@id":"https:\/\/uelzener.de\/magazin\/#\/schema\/logo\/image\/"},"sameAs":["https:\/\/www.facebook.com\/Uelzener","https:\/\/instagram.com\/uelzener","https:\/\/www.xing.com\/pages\/uelzenerallgemeineversicherungs-gesellschafta-g","https:\/\/www.youtube.com\/UelzenerVersicherungen"]}]}},"_links":{"self":[{"href":"https:\/\/uelzener.de\/magazin\/wp-json\/wp\/v2\/pages\/10156","targetHints":{"allow":["GET"]}}],"collection":[{"href":"https:\/\/uelzener.de\/magazin\/wp-json\/wp\/v2\/pages"}],"about":[{"href":"https:\/\/uelzener.de\/magazin\/wp-json\/wp\/v2\/types\/page"}],"author":[{"embeddable":true,"href":"https:\/\/uelzener.de\/magazin\/wp-json\/wp\/v2\/users\/1"}],"replies":[{"embeddable":true,"href":"https:\/\/uelzener.de\/magazin\/wp-json\/wp\/v2\/comments?post=10156"}],"version-history":[{"count":9,"href":"https:\/\/uelzener.de\/magazin\/wp-json\/wp\/v2\/pages\/10156\/revisions"}],"predecessor-version":[{"id":16044,"href":"https:\/\/uelzener.de\/magazin\/wp-json\/wp\/v2\/pages\/10156\/revisions\/16044"}],"up":[{"embeddable":true,"href":"https:\/\/uelzener.de\/magazin\/wp-json\/wp\/v2\/pages\/11712"}],"wp:featuredmedia":[{"embeddable":true,"href":"https:\/\/uelzener.de\/magazin\/wp-json\/wp\/v2\/media\/10746"}],"wp:attachment":[{"href":"https:\/\/uelzener.de\/magazin\/wp-json\/wp\/v2\/media?parent=10156"}],"curies":[{"name":"wp","href":"https:\/\/api.w.org\/{rel}","templated":true}]}}