{"id":10120,"date":"2019-07-10T00:00:00","date_gmt":"2019-07-09T22:00:00","guid":{"rendered":""},"modified":"2023-04-18T16:45:10","modified_gmt":"2023-04-18T14:45:10","slug":"grannen-hund","status":"publish","type":"page","link":"https:\/\/uelzener.de\/magazin\/hund\/tiergesundheit\/grannen-hund\/","title":{"rendered":"Grannen beim Hund: Verletzungsgefahr im Sommer"},"content":{"rendered":"<p>Sie sind der Sommerklassiker in den Tierarztpraxen: Grannen. Denn oft hilft nur ein Besuch beim Tierarzt, wenn sich bei deinem Hund die Grannen erst einmal in Auge, Nase, Ohr oder Pfote gebohrt haben. Wenn du wei\u00dft, wo die kleinen Fremdk\u00f6rper lauern und welche Vorsichtsma\u00dfnahmen helfen, kannst du das Risiko f\u00fcr deinen Hund zumindest verringern.<\/p>\n<p>In der Sommerzeit wachsen verschiedene Getreidesorten wie Weizen, Roggen und Co. auf den Feldern heran. Auch in St\u00e4dten findet man oft die sogenannte wilde M\u00e4usegerste vor \u2013 meist an Verkehrsinseln, in ungepflasterten Bereichen um B\u00e4ume herum oder auf Wiesen. Diese Getreidesorten bilden \u00c4hren aus, an deren Ende Grannen sitzen. Diese sind mit Widerhaken ausgestattet und bleiben h\u00e4ufig im Fell der Hunde h\u00e4ngen: Unsere Vierbeiner sind f\u00fcr die Grannen n\u00e4mlich ein gutes Mittel, um ihre Samen zu verbreiten. Nicht nur Zecken und der <strong><a href=\"https:\/\/www.uelzener.de\/blog\/tier\/2354.html\">Eichenprozessionsspinner sind f\u00fcr Hunde gef\u00e4hrlich<\/a><\/strong>, auch Grannen stellen eine h\u00e4ufig untersch\u00e4tzte Gefahr dar.<\/p>\n<h2>Vorsicht bei Schlappohren<\/h2>\n<p>Wenn Hunde durch Felder oder Wiesen laufen und dabei Gr\u00e4ser oder Getreide streifen, bleiben Grannen schnell im Fell der Hunde h\u00e4ngen. Durch die Widerhaken gelingt es den Hunden nicht, diese wieder abzusch\u00fctteln. Im Gegenteil: Durch die Bewegung k\u00f6nnen Grannen noch tiefer ins Fell und sogar in die Haut des Vierbeiners eindringen.<\/p>\n<p>Oft setzen sich Grannen zwischen den Zehen oder an Ohren, Nase oder Augen fest und bohren sich tiefer hinein. F\u00fcr den Hund ist dies sehr unangenehm, da die Grannen bei jeder Bewegung Schmerzen ausl\u00f6sen. Ist die Granne in die Haut eingedrungen, entz\u00fcndet sie sich schnell und es bildet sich ein Abszess, also eine Eiteransammlung. In dem Zustand kann die Granne im K\u00f6rper umherwandern.<\/p>\n<p>Grannen stellen grunds\u00e4tzlich eine Gefahr f\u00fcr alle Hunde dar. Hunde mit l\u00e4ngerem Fell oder Schlappohren sind aber am h\u00e4ufigsten betroffen.<\/p>\n<h2>Symptome<\/h2>\n<p>Es gibt viele verschiedene Anzeichen daf\u00fcr, dass sich eine Granne in deinem Hund verfangen hat. Diese unterscheiden sich je nachdem, an welcher K\u00f6rperstelle und wie tief die Granne bereits sitzt.<\/p>\n<p>Symptome einer Grannenverletzung:<\/p>\n<ul>\n<li>Ablecken oder Kratzen der betroffenen Stelle (insbesondere Pfote oder Genitalien)<\/li>\n<li>Humpeln nach dem Spaziergang<\/li>\n<li>Husten oder Niesen, Nasenausfluss<\/li>\n<li>Zukneifen eines Auges<\/li>\n<li>entz\u00fcndetes, geschwollenes Auge, Augenausfluss<\/li>\n<li>Kopfsch\u00fctteln oder -schiefalten<\/li>\n<li>Kratzen am Ohr<\/li>\n<li>R\u00f6tung im Ohr<\/li>\n<li>Schwellung der Pfote<\/li>\n<li>Lahmheit, ggf. Unwohlsein durch Schmerzen<\/li>\n<li>ger\u00f6tetes Auge<\/li>\n<\/ul>\n<p>Sitzt am Hundek\u00f6rper eine Granne fest, wird der Hund versuchen, diese durch Kratzen, Sch\u00fctteln oder Ablecken loszuwerden. Dadurch kann die Situation allerdings verschlimmert werden, wenn sich die Granne durch die Bewegung immer weiter in die Haut hineinbohrt.<\/p>\n<h2>Pr\u00e4vention<\/h2>\n<p>Vor Grannen kann man sich leider nicht hundertprozentig sch\u00fctzen, aber man kann mit ein paar Vorsichtsma\u00dfnahmen das Risiko minimieren:<\/p>\n<ol>\n<li>Besonders im Hochsommer solltest du auf Spazierg\u00e4nge in der N\u00e4he von Feldern und Wiesen verzichten. Denn W\u00e4rme und Trockenheit bieten gute Voraussetzungen f\u00fcr Grannen. Meide Wege und Wiesen, an denen hohe Gr\u00e4ser wachsen und erkunde zum Beispiel neue Wege im Wald.<\/li>\n<li>Such deinen Hund nach dem Spaziergang nicht nur nach Zecken ab, sondern auch nach Grannen. Hierbei solltest du besonders Ohren, Augen, Nase, Maul, Pfoten (in den Zehenzwischenr\u00e4umen), Achselh\u00f6he und Genitalien untersuchen.<\/li>\n<li>Zudem ist es ratsam, das Fell zwischen den Zehen kurz zu halten, um Grannen schneller zu entdecken.<\/li>\n<\/ol>\n<p><img decoding=\"async\" src=\"\/magazin\/app\/uploads\/2021\/02\/e90f7341-0394-41e4-b25a-b65152fc246c.jpg\" \/><\/p>\n<p>Die Widerhaken der Grannen erschweren die Entfernung. Sollte dein Hund eine Granne im Fell haben, kannst du diese vorsichtig mit einer Pinzette entfernen. Hat sich die Granne allerdings schon in Haut, Ohren oder Nase gebohrt, solltest du umgehend einen Tierarzt aufsuchen. Bitte versuch nicht, die Granne selbst zu entfernen, da dies zu gr\u00f6\u00dferen Folgeproblemen f\u00fchren kann. Ist die Granne zu weit in den Hundek\u00f6rper eingedrungen, kann sie meist nur unter Narkose vom Tierarzt entfernt werden.<\/p>\n<p>Kennst du schon <a href=\"https:\/\/uelzener.de\/magazin\/hund\/tiergesundheit\/hundekrankheiten-unfaelle\/\">die h\u00e4ufigsten Hundekrankheiten, Verletzungen und Unf\u00e4lle<\/a> neben den Grannen?<\/p>\n","protected":false},"excerpt":{"rendered":"<p>Sie sind der Sommerklassiker in den Tierarztpraxen: Grannen. Denn oft hilft nur ein Besuch beim Tierarzt, wenn sich bei deinem Hund die Grannen erst einmal in Auge, Nase, Ohr oder Pfote gebohrt haben. Wenn du wei\u00dft, wo die kleinen Fremdk\u00f6rper lauern und welche Vorsichtsma\u00dfnahmen helfen, kannst du das Risiko f\u00fcr deinen Hund zumindest verringern. In [&hellip;]<\/p>\n","protected":false},"author":1,"featured_media":10710,"parent":11701,"menu_order":64,"comment_status":"closed","ping_status":"closed","template":"templates\/blog.php","meta":{"_acf_changed":false,"_crdt_document":"","footnotes":"","beyondwords_generate_audio":"","beyondwords_project_id":"","beyondwords_content_id":"","beyondwords_preview_token":"","beyondwords_player_style":"","beyondwords_language_id":"","beyondwords_title_voice_id":"","beyondwords_body_voice_id":"","beyondwords_summary_voice_id":"","beyondwords_error_message":"","beyondwords_disabled":"","beyondwords_delete_content":"","beyondwords_podcast_id":"","beyondwords_hash":"","publish_post_to_speechkit":"","speechkit_hash":"","speechkit_generate_audio":"","speechkit_project_id":"","speechkit_podcast_id":"","speechkit_error_message":"","speechkit_disabled":"","speechkit_access_key":"","speechkit_error":"","speechkit_info":"","speechkit_response":"","speechkit_retries":"","speechkit_status":"","speechkit_updated_at":"","_speechkit_link":"","_speechkit_text":""},"class_list":["post-10120","page","type-page","status-publish","has-post-thumbnail","hentry"],"acf":[],"yoast_head":"<!-- This site is optimized with the Yoast SEO Premium plugin  - https:\/\/yoast.com\/product\/yoast-seo-premium-wordpress\/ -->\n<title>Grannen beim Hund: Verletzungsgefahr im Sommer | Uelzener Tier-Magazin<\/title>\n<meta name=\"description\" content=\"Erfahre alles zur Gefahr durch Grannen f\u00fcr deinen Hund \u2713 Entfernen \u2713 Behandeln \u2713 Vorbeugen \u25b6 Hier informieren!\" \/>\n<meta name=\"robots\" content=\"index, follow, max-snippet:-1, max-image-preview:large, max-video-preview:-1\" \/>\n<link rel=\"canonical\" href=\"https:\/\/uelzener.de\/magazin\/hund\/tiergesundheit\/grannen-hund\/\" \/>\n<meta property=\"og:locale\" content=\"de_DE\" \/>\n<meta property=\"og:type\" content=\"article\" \/>\n<meta property=\"og:title\" content=\"Grannen beim Hund: Verletzungsgefahr im Sommer\" \/>\n<meta property=\"og:description\" content=\"Erfahre alles zur Gefahr durch Grannen f\u00fcr deinen Hund \u2713 Entfernen \u2713 Behandeln \u2713 Vorbeugen \u25b6 Hier informieren!\" \/>\n<meta property=\"og:url\" content=\"https:\/\/uelzener.de\/magazin\/hund\/tiergesundheit\/grannen-hund\/\" \/>\n<meta property=\"og:site_name\" content=\"Uelzener Tier-Magazin\" \/>\n<meta property=\"article:publisher\" content=\"https:\/\/www.facebook.com\/Uelzener\" \/>\n<meta property=\"article:modified_time\" content=\"2023-04-18T14:45:10+00:00\" \/>\n<meta property=\"og:image\" content=\"https:\/\/uelzener.de\/magazin\/app\/uploads\/2019\/07\/e27f581b-ca31-4f42-a644-3e2f7b965516.jpg\" \/>\n\t<meta property=\"og:image:width\" content=\"650\" \/>\n\t<meta property=\"og:image:height\" content=\"433\" \/>\n\t<meta property=\"og:image:type\" content=\"image\/jpeg\" \/>\n<meta name=\"twitter:card\" content=\"summary_large_image\" \/>\n<meta name=\"twitter:label1\" content=\"Gesch\u00e4tzte Lesezeit\" \/>\n\t<meta name=\"twitter:data1\" content=\"3\u00a0Minuten\" \/>\n<script type=\"application\/ld+json\" class=\"yoast-schema-graph\">{\"@context\":\"https:\/\/schema.org\",\"@graph\":[{\"@type\":\"WebPage\",\"@id\":\"https:\/\/uelzener.de\/magazin\/hund\/tiergesundheit\/grannen-hund\/\",\"url\":\"https:\/\/uelzener.de\/magazin\/hund\/tiergesundheit\/grannen-hund\/\",\"name\":\"Grannen beim Hund: Verletzungsgefahr im Sommer | Uelzener Tier-Magazin\",\"isPartOf\":{\"@id\":\"https:\/\/uelzener.de\/magazin\/#website\"},\"primaryImageOfPage\":{\"@id\":\"https:\/\/uelzener.de\/magazin\/hund\/tiergesundheit\/grannen-hund\/#primaryimage\"},\"image\":{\"@id\":\"https:\/\/uelzener.de\/magazin\/hund\/tiergesundheit\/grannen-hund\/#primaryimage\"},\"thumbnailUrl\":\"https:\/\/uelzener.de\/magazin\/app\/uploads\/2019\/07\/e27f581b-ca31-4f42-a644-3e2f7b965516.jpg\",\"datePublished\":\"2019-07-09T22:00:00+00:00\",\"dateModified\":\"2023-04-18T14:45:10+00:00\",\"description\":\"Erfahre alles zur Gefahr durch Grannen f\u00fcr deinen Hund \u2713 Entfernen \u2713 Behandeln \u2713 Vorbeugen \u25b6 Hier informieren!\",\"breadcrumb\":{\"@id\":\"https:\/\/uelzener.de\/magazin\/hund\/tiergesundheit\/grannen-hund\/#breadcrumb\"},\"inLanguage\":\"de\",\"potentialAction\":[{\"@type\":\"ReadAction\",\"target\":[\"https:\/\/uelzener.de\/magazin\/hund\/tiergesundheit\/grannen-hund\/\"]}]},{\"@type\":\"ImageObject\",\"inLanguage\":\"de\",\"@id\":\"https:\/\/uelzener.de\/magazin\/hund\/tiergesundheit\/grannen-hund\/#primaryimage\",\"url\":\"https:\/\/uelzener.de\/magazin\/app\/uploads\/2019\/07\/e27f581b-ca31-4f42-a644-3e2f7b965516.jpg\",\"contentUrl\":\"https:\/\/uelzener.de\/magazin\/app\/uploads\/2019\/07\/e27f581b-ca31-4f42-a644-3e2f7b965516.jpg\",\"width\":650,\"height\":433,\"caption\":\"Ein Hund sitz im Hochsommer im hohen Geitreidefeld. Gerade zu dieser trockenen Jahreszeit k\u00f6nnen sich Grannen im Fell und in der Haut der Hund festsetzen.\"},{\"@type\":\"WebSite\",\"@id\":\"https:\/\/uelzener.de\/magazin\/#website\",\"url\":\"https:\/\/uelzener.de\/magazin\/\",\"name\":\"Uelzener Tiermagazin\",\"description\":\"Online Tierratgeber der Uelzener Versicherungen\",\"publisher\":{\"@id\":\"https:\/\/uelzener.de\/magazin\/#organization\"},\"potentialAction\":[{\"@type\":\"SearchAction\",\"target\":{\"@type\":\"EntryPoint\",\"urlTemplate\":\"https:\/\/uelzener.de\/magazin\/?s={search_term_string}\"},\"query-input\":{\"@type\":\"PropertyValueSpecification\",\"valueRequired\":true,\"valueName\":\"search_term_string\"}}],\"inLanguage\":\"de\"},{\"@type\":\"Organization\",\"@id\":\"https:\/\/uelzener.de\/magazin\/#organization\",\"name\":\"Uelzener Versicherungen\",\"url\":\"https:\/\/uelzener.de\/magazin\/\",\"logo\":{\"@type\":\"ImageObject\",\"inLanguage\":\"de\",\"@id\":\"https:\/\/uelzener.de\/magazin\/#\/schema\/logo\/image\/\",\"url\":\"https:\/\/uelzener.de\/magazin\/app\/uploads\/2024\/11\/uelzener_allgemeine_versicherungsgesellschaft_a_g_logo.jpg\",\"contentUrl\":\"https:\/\/uelzener.de\/magazin\/app\/uploads\/2024\/11\/uelzener_allgemeine_versicherungsgesellschaft_a_g_logo.jpg\",\"width\":200,\"height\":200,\"caption\":\"Uelzener Versicherungen\"},\"image\":{\"@id\":\"https:\/\/uelzener.de\/magazin\/#\/schema\/logo\/image\/\"},\"sameAs\":[\"https:\/\/www.facebook.com\/Uelzener\",\"https:\/\/instagram.com\/uelzener\",\"https:\/\/www.xing.com\/pages\/uelzenerallgemeineversicherungs-gesellschafta-g\",\"https:\/\/www.youtube.com\/UelzenerVersicherungen\"]}]}<\/script>\n<!-- \/ Yoast SEO Premium plugin. -->","yoast_head_json":{"title":"Grannen beim Hund: Verletzungsgefahr im Sommer | Uelzener Tier-Magazin","description":"Erfahre alles zur Gefahr durch Grannen f\u00fcr deinen Hund \u2713 Entfernen \u2713 Behandeln \u2713 Vorbeugen \u25b6 Hier informieren!","robots":{"index":"index","follow":"follow","max-snippet":"max-snippet:-1","max-image-preview":"max-image-preview:large","max-video-preview":"max-video-preview:-1"},"canonical":"https:\/\/uelzener.de\/magazin\/hund\/tiergesundheit\/grannen-hund\/","og_locale":"de_DE","og_type":"article","og_title":"Grannen beim Hund: Verletzungsgefahr im Sommer","og_description":"Erfahre alles zur Gefahr durch Grannen f\u00fcr deinen Hund \u2713 Entfernen \u2713 Behandeln \u2713 Vorbeugen \u25b6 Hier informieren!","og_url":"https:\/\/uelzener.de\/magazin\/hund\/tiergesundheit\/grannen-hund\/","og_site_name":"Uelzener Tier-Magazin","article_publisher":"https:\/\/www.facebook.com\/Uelzener","article_modified_time":"2023-04-18T14:45:10+00:00","og_image":[{"width":650,"height":433,"url":"https:\/\/uelzener.de\/magazin\/app\/uploads\/2019\/07\/e27f581b-ca31-4f42-a644-3e2f7b965516.jpg","type":"image\/jpeg"}],"twitter_card":"summary_large_image","twitter_misc":{"Gesch\u00e4tzte Lesezeit":"3\u00a0Minuten"},"schema":{"@context":"https:\/\/schema.org","@graph":[{"@type":"WebPage","@id":"https:\/\/uelzener.de\/magazin\/hund\/tiergesundheit\/grannen-hund\/","url":"https:\/\/uelzener.de\/magazin\/hund\/tiergesundheit\/grannen-hund\/","name":"Grannen beim Hund: Verletzungsgefahr im Sommer | Uelzener Tier-Magazin","isPartOf":{"@id":"https:\/\/uelzener.de\/magazin\/#website"},"primaryImageOfPage":{"@id":"https:\/\/uelzener.de\/magazin\/hund\/tiergesundheit\/grannen-hund\/#primaryimage"},"image":{"@id":"https:\/\/uelzener.de\/magazin\/hund\/tiergesundheit\/grannen-hund\/#primaryimage"},"thumbnailUrl":"https:\/\/uelzener.de\/magazin\/app\/uploads\/2019\/07\/e27f581b-ca31-4f42-a644-3e2f7b965516.jpg","datePublished":"2019-07-09T22:00:00+00:00","dateModified":"2023-04-18T14:45:10+00:00","description":"Erfahre alles zur Gefahr durch Grannen f\u00fcr deinen Hund \u2713 Entfernen \u2713 Behandeln \u2713 Vorbeugen \u25b6 Hier informieren!","breadcrumb":{"@id":"https:\/\/uelzener.de\/magazin\/hund\/tiergesundheit\/grannen-hund\/#breadcrumb"},"inLanguage":"de","potentialAction":[{"@type":"ReadAction","target":["https:\/\/uelzener.de\/magazin\/hund\/tiergesundheit\/grannen-hund\/"]}]},{"@type":"ImageObject","inLanguage":"de","@id":"https:\/\/uelzener.de\/magazin\/hund\/tiergesundheit\/grannen-hund\/#primaryimage","url":"https:\/\/uelzener.de\/magazin\/app\/uploads\/2019\/07\/e27f581b-ca31-4f42-a644-3e2f7b965516.jpg","contentUrl":"https:\/\/uelzener.de\/magazin\/app\/uploads\/2019\/07\/e27f581b-ca31-4f42-a644-3e2f7b965516.jpg","width":650,"height":433,"caption":"Ein Hund sitz im Hochsommer im hohen Geitreidefeld. Gerade zu dieser trockenen Jahreszeit k\u00f6nnen sich Grannen im Fell und in der Haut der Hund festsetzen."},{"@type":"WebSite","@id":"https:\/\/uelzener.de\/magazin\/#website","url":"https:\/\/uelzener.de\/magazin\/","name":"Uelzener Tiermagazin","description":"Online Tierratgeber der Uelzener Versicherungen","publisher":{"@id":"https:\/\/uelzener.de\/magazin\/#organization"},"potentialAction":[{"@type":"SearchAction","target":{"@type":"EntryPoint","urlTemplate":"https:\/\/uelzener.de\/magazin\/?s={search_term_string}"},"query-input":{"@type":"PropertyValueSpecification","valueRequired":true,"valueName":"search_term_string"}}],"inLanguage":"de"},{"@type":"Organization","@id":"https:\/\/uelzener.de\/magazin\/#organization","name":"Uelzener Versicherungen","url":"https:\/\/uelzener.de\/magazin\/","logo":{"@type":"ImageObject","inLanguage":"de","@id":"https:\/\/uelzener.de\/magazin\/#\/schema\/logo\/image\/","url":"https:\/\/uelzener.de\/magazin\/app\/uploads\/2024\/11\/uelzener_allgemeine_versicherungsgesellschaft_a_g_logo.jpg","contentUrl":"https:\/\/uelzener.de\/magazin\/app\/uploads\/2024\/11\/uelzener_allgemeine_versicherungsgesellschaft_a_g_logo.jpg","width":200,"height":200,"caption":"Uelzener Versicherungen"},"image":{"@id":"https:\/\/uelzener.de\/magazin\/#\/schema\/logo\/image\/"},"sameAs":["https:\/\/www.facebook.com\/Uelzener","https:\/\/instagram.com\/uelzener","https:\/\/www.xing.com\/pages\/uelzenerallgemeineversicherungs-gesellschafta-g","https:\/\/www.youtube.com\/UelzenerVersicherungen"]}]}},"_links":{"self":[{"href":"https:\/\/uelzener.de\/magazin\/wp-json\/wp\/v2\/pages\/10120","targetHints":{"allow":["GET"]}}],"collection":[{"href":"https:\/\/uelzener.de\/magazin\/wp-json\/wp\/v2\/pages"}],"about":[{"href":"https:\/\/uelzener.de\/magazin\/wp-json\/wp\/v2\/types\/page"}],"author":[{"embeddable":true,"href":"https:\/\/uelzener.de\/magazin\/wp-json\/wp\/v2\/users\/1"}],"replies":[{"embeddable":true,"href":"https:\/\/uelzener.de\/magazin\/wp-json\/wp\/v2\/comments?post=10120"}],"version-history":[{"count":11,"href":"https:\/\/uelzener.de\/magazin\/wp-json\/wp\/v2\/pages\/10120\/revisions"}],"predecessor-version":[{"id":15314,"href":"https:\/\/uelzener.de\/magazin\/wp-json\/wp\/v2\/pages\/10120\/revisions\/15314"}],"up":[{"embeddable":true,"href":"https:\/\/uelzener.de\/magazin\/wp-json\/wp\/v2\/pages\/11701"}],"wp:featuredmedia":[{"embeddable":true,"href":"https:\/\/uelzener.de\/magazin\/wp-json\/wp\/v2\/media\/10710"}],"wp:attachment":[{"href":"https:\/\/uelzener.de\/magazin\/wp-json\/wp\/v2\/media?parent=10120"}],"curies":[{"name":"wp","href":"https:\/\/api.w.org\/{rel}","templated":true}]}}