{"id":10104,"date":"2019-12-17T00:00:00","date_gmt":"2019-12-16T23:00:00","guid":{"rendered":""},"modified":"2024-06-10T14:20:31","modified_gmt":"2024-06-10T12:20:31","slug":"hund-in-wohnung-beschaeftigen","status":"publish","type":"page","link":"https:\/\/uelzener.de\/magazin\/hund\/erziehung-und-training\/hund-in-wohnung-beschaeftigen\/","title":{"rendered":"Hunde in der Wohnung besch\u00e4ftigen"},"content":{"rendered":"<p>Indoor-Spiele sind eine tolle Alternative, um bei schlechtem Wetter seinen Hund auch drinnen zu besch\u00e4ftigen und artgerecht auszulasten. F\u00fcr unsere Ideen zur Hundebesch\u00e4ftigung im Haus oder in der Wohnung brauchst du nur Dinge, die du bereits zu Hause hast.<\/p>\n<h2>Wie viel Besch\u00e4ftigung braucht ein Hund?<\/h2>\n<p>Jeder Hund ist anders und jeder Hund hat je nach Alter und Rasse ein anderes Bed\u00fcrfnis an Besch\u00e4ftigung. Eine Faustregel besagt, dass Hunde durchschnittlich circa zwei Stunden Besch\u00e4ftigung am Tag brauchen. Zu diesen zwei Stunden z\u00e4hlt alles, was Abwechslung in den Alltag bringt, wie zum Beispiel Spazierg\u00e4nge, neue Umgebungen, Besuch, Training oder Spiele.<\/p>\n<p>Je abwechslungsreicher die \u00dcbungen und je variabler die jeweiligen Belohnungen gestaltet sind, desto mehr Freude bringt es deinem Hund. Wenn du und dein Hund Spa\u00df an den \u00dcbungen habt, wird dein Vierbeiner gern und schnell lernen, was von ihm erwartet wird.<\/p>\n<h2>Hunde haben ein ausgepr\u00e4gtes Ruhebed\u00fcrfnis<\/h2>\n<p>Ausreichend Besch\u00e4ftigung ist wichtig f\u00fcr das Wohlbefinden des Hundes. Allerdings gilt das auch f\u00fcr Ruhezeiten, die es unbedingt geben muss. Vielen Menschen ist nicht bewusst, dass Ruhe im Alltag ebenso wichtig ist wie die Auslastung und Besch\u00e4ftigung. Hunde besitzen ein weitaus h\u00f6heres Schlaf- und Ruhebed\u00fcrfnis als wir Menschen: Sie brauchen mind. 15 bis 16 Stunden bis hin zu 18 bis 20 Stunden Ruhe am Tag. In dieser Zeit wird zum Beispiel ged\u00f6st und Erlebtes verarbeitet.<\/p>\n<p>Wie es mit der Ruhe nach einer Mahlzeit aussieht, das verraten dir in unserem Artikel \u201e<a href=\"https:\/\/uelzener.de\/magazin\/hund\/ernaehrung\/hunde-nach-17-uhr-fuettern\/\">Warum Hunde nicht nach 17:00 Uhr f\u00fcttern?<\/a>\u201c.<\/p>\n<h2>Hunde zu Hause besch\u00e4ftigen<\/h2>\n<p>Sollte es aus bestimmten Gr\u00fcnden nicht m\u00f6glich sein, mit seinem Hund drau\u00dfen ausgedehnten Spazierg\u00e4nge zu unternehmen, kann man seinen Hund auch in der Wohnung besch\u00e4ftigen und artgerecht auslasten. Dazu eignen sich besonders Denkspiele sowie Schn\u00fcffelspiele gut, die deinen Vierbeiner geistig besch\u00e4ftigen. F\u00fcr diese Aktivit\u00e4ten wird der <strong>Geruchsinn<\/strong>, der bei Hunden von Natur aus gut ausgepr\u00e4gt ist, sowie das <strong>Denkverm\u00f6gen<\/strong> angesprochen und gef\u00f6rdert. Wir haben einige Ideen zur Hundebesch\u00e4ftigung im Haus f\u00fcr dich vorbereitet.<\/p>\n<h2>H\u00fctchenspiel f\u00fcr Hunde \u2013 der Klassiker<\/h2>\n<p>Das H\u00fctchenspiel ist auch f\u00fcr Hunde ein echter Klassiker. Dies kann man ganz einfach mit Bechern oder H\u00fctchen zu Hause spielen und so Hunde auch drinnen sinnvoll besch\u00e4ftigen. F\u00fcr dieses Spiel gibt es verschiedene Varianten.<\/p>\n<h3><u>Variante 1:<\/u><\/h3>\n<p>Ziel dieser \u00dcbung ist es, dass dein Hund lernt, einen Becher oder ein H\u00fctchen anzuzeigen, unter dem sich ein Leckerli befindet. Dazu solltest du dir im Vorfeld \u00fcberlegen, wie dein Hund dieses anzeigen soll. M\u00f6glichkeiten hierf\u00fcr w\u00e4ren das Anstupsen des Bechers mit der Nase (ohne den Becher umzuschubsen), sich vor den Becher legen oder mit der Pfote den richtigen Becher ber\u00fchren.<\/p>\n<p>Beginne zun\u00e4chst mit einem Becher oder H\u00fctchen, unter dem ein Leckerli liegt, und halte den Becher fest. Wenn dein Hund von allein das gew\u00fcnschte Verhalten \u2013 das Anzeigen des Leckerlis \u2013 zeigt, belohne dies. Falls dein Hund noch nicht wei\u00df, was du von ihm m\u00f6chtest, kannst du mit einem Kommando weiterhelfen. Wenn dein Hund nun das Kommando ausf\u00fchrt, hebst du schnell den Becher hoch und belohne deinen Hund so mit dem Futter.<\/p>\n<p>Nach ein paar Wiederholungen haben die meisten Hunde bereits verstanden, dass sie das Leckerli anzeigen sollen. Wenn das Spiel mit einem H\u00fctchen gut klappt, k\u00f6nnen nach und nach weitere H\u00fctchen dazu genommen werden. Wichtig ist, dass sich nur unter einem H\u00fctchen ein Leckerli befindet, das angezeigt werden soll.<\/p>\n<h3><u>Variante 2:<\/u><\/h3>\n<p>Die Aufgabe des Hundes besteht darin, die Becher mit der Pfote umzuwerfen oder mit der Schnauze umzustupsen. Dazu legst du zu Beginn ein Leckerchen unter den Becher oder das H\u00fctchen und belohnst deinen Hund, wenn er sich f\u00fcr das H\u00fctchen interessiert oder ihn schon umwirft. Sie k\u00f6nnen so viele Becher aufstellen wie Sie m\u00f6gen oder die Becher im Raum an den verschiedensten Stellen verteilen. So ist dein Hund zus\u00e4tzlich in Bewegung und kann die Becher suchen.<\/p>\n<h2>Hunde drinnen besch\u00e4ftigen mit Suchspielen<\/h2>\n<p>Hunde sind Nasentiere. F\u00fcr sie stellen Schn\u00fcffel- und Suchspiele eine ideale und artgerechte Auslastung dar. Der Vorteil an Suchspielen und Nasenarbeit ist, dass man diese Spielchen sowohl drinnen als auch drau\u00dfen mit seinem Hund machen kann.<br \/>\nAm besten startet man solche \u00dcbungen in einer reizarmen Umgebung, wie zum Beispiel dem Wohnzimmer, und steigert dann die Schwierigkeit \u00fcber Au\u00dfenreize. Als Erstes muss der Hund lernen, was er suchen soll. F\u00fcr den Anfang eignet sich ein Futterbeutel besonders gut, der mit Leckerli gef\u00fcllt ist. Dieser wird vor den Augen des Hundes im Raum platziert. Schicke ihn nun mit einem Kommando, zum Beispiel \u201eSuch!\u201c, sowie k\u00f6rpersprachlich los, um den Futterbeutel zu suchen. Wenn das gut klappt, kann der Futterbeutel nach und nach weiter weg und schwieriger versteckt werden, sodass der Hund wirklich seine Nase zum Suchen einsetzen muss.<\/p>\n<p>Hat dein Hund das \u201eSuch\u201c-Kommando gut verstanden, kannst du das Spiel auch auf andere Gegenst\u00e4nde \u00fcbertragen. Hierf\u00fcr bieten sich Spielzeuge, Kuscheltiere oder auch Teebeutel gut an. Wenn das Suchen in der Wohnung gut klappt, kannst du das Spiel bei gutem Wetter auch drau\u00dfen fortsetzen.<\/p>\n<h2>Hundespielzeug selbst machen<\/h2>\n<p>Die Winterzeit bietet sich hervorragend an, um selbst kreativ zu werden. Mit wenigen Handgriffen lassen sich Spielzeuge f\u00fcr Hunde auch selbst basteln. Wir haben drei Ideen f\u00fcr selbstgemachte Suchspiele vorbereitet.<\/p>\n<ul>\n<li>Die schnellste und einfachste Variante braucht lediglich zwei Bestandteile: Decken oder Handt\u00fccher und ein paar Leckerchen. Einfach mehrere Decken oder Handt\u00fccher auf dem Boden zusammenkn\u00fcllen oder falten, eventuell noch leicht verknoten und Leckerli darin verstecken. Das war\u2019s schon. Dein Hund kann nun mit der Suche der Leckerlis beginnen.<\/li>\n<li>Der Schn\u00fcffelteppich ist eine DIY-Idee f\u00fcr Fortgeschrittene. Hier k\u00f6nnen Stoffreste prima verwertet werden. Alte Kleidung, Bettw\u00e4sche oder Handt\u00fccher werden in Streifen geschnitten. Anschlie\u00dfend n\u00e4ht man die Streifen auf eine rutschfeste Matte, wie eine Teppichunterlage. Je nach Unterlage k\u00f6nnen die Stoff-Streifen auch durch bereits vorhandene L\u00f6cher gezogen und verknotet werden. Der Schn\u00fcffelteppich kann jetzt mit Leckerlis best\u00fcckt werden und schon beginnt der Schn\u00fcffel-Spa\u00df f\u00fcr deinen Vierbeiner.<\/li>\n<li>Leere Toilettenpapier- oder K\u00fcchenrollen zusammen mit ein paar Leckerli in einen Korb oder Karton geben \u2013 schon ist dieses einfache Hundespielzeug fertig. Dein Hund ist nun eine Weile besch\u00e4ftigt, um die Leckerli zwischen den Papierrollen herauszufischen und hat dabei eine Menge Spa\u00df. Nach ein paar Runden sieht man dem Hund die Anstrengung dabei bereits an und es wird Zeit f\u00fcr eine Pause.<\/li>\n<\/ul>\n<p><img decoding=\"async\" src=\"\/magazin\/app\/uploads\/2021\/02\/9ffababc-1ba9-4096-a455-89daf937432b.jpg\" \/><\/p>\n<p>\u201eGib\u2018 Pfote!\u201c, das ist einer der bekanntesten und beliebtesten Hundetricks. Das Pf\u00f6tchengeben lernen Hunde in der Regel sehr schnell, weil es dem Verhaltensrepertoire eines Welpen entspricht, der seine Mutter anstupst. Bei Hundetricks sind der Kreativit\u00e4t keine Grenzen gesetzt. \u00dcberlege dir etwas, was du mit deinem Hund gern \u00fcben m\u00f6chtest und lege los. Daf\u00fcr ben\u00f6tigst du f\u00fcr viele Tricks lediglich ein paar Leckerchen. Das Tolle am Tricksen mit dem Hund ist, dass es f\u00fcr alle Hunde jeder Gr\u00f6\u00dfe und jeden Alters geeignet ist. F\u00fcr alle Hunde ist etwas dabei. Hier nur ein paar Anregungen f\u00fcr Hundetricks, mit denen du deinen Hund zu Hause besch\u00e4ftigen k\u00f6nnen:<\/p>\n<ul>\n<li><strong>Auf die Seite legen:<\/strong><br \/>\nDein Hund liegt im \u201ePlatz\u201c. F\u00fchre nun ein Leckerchen leicht \u00fcber den Kopf des Hundes. Er wird sich in die Richtung lehnen, um an das Leckerchen zu kommen. Nach ein paar Wiederholungen kannst du die Hand \u00fcber den Hund bis auf den Boden f\u00fchren und den auf der Seite liegenden Hund belohnen.<\/li>\n<li><strong>\u201eSch\u00e4m dich\u201c:<\/strong><br \/>\nDieser Trick ist besonders eindrucksvoll. Der Hund soll hierbei die Pfote auf seine Schnauze legen, was den Anschein erweckt, dass er sich sch\u00e4men w\u00fcrde. Hierf\u00fcr gibt es mehrere M\u00f6glichkeiten. Am besten findest du etwas, was deinen Hund st\u00f6rt und ihn dazu bringt, es mit der Pfote zu entfernen. Ideen w\u00e4ren Haft-Notizzettel, Klebestreifen, ein breites und weiches Haargummi, ein Haarreif etc. Mit diesen Utensilien best\u00fcckt wird der Hund schnell versuchen, sie wieder loszuwerden. Belohne dabei jede Bewegung mit der Pfote in Richtung Schnauze.<\/li>\n<li><strong>Hinter- oder Vorderpfoten auf einen Hocker stellen:<\/strong><br \/>\nDieser Trick ist nicht nur schnell gelernt, sondern st\u00e4rkt gleichzeitig das K\u00f6rperbewusstsein des Hundes sowie die Koordination der Pfoten. Locke deinen Hund dazu mit einem Leckerli auf einen kleinen Hocker und belohne ihn, wenn er mit den Vorderpfoten darauf stehen bleibt. Du kannst dies sowohl mit den Vorder- und Hinterpfoten \u00fcben als auch mit allen vier Pfoten zusammen. Wenn das mit dem festen Hocker gut klappt, kannst du auch wackelige Untergr\u00fcnde nehmen. Dies f\u00f6rdert zudem die Tiefenmuskulatur.<\/li>\n<\/ul>\n<h2>Etwas Neues probieren: artgerechte Hundebesch\u00e4ftigung im Haus<\/h2>\n<p>Hunde in der Wohnung oder im Winter artgerecht zu besch\u00e4ftigen ist mit viel Kreativit\u00e4t verbunden. Es braucht nicht immer lange und gro\u00dfe <a href=\"https:\/\/uelzener.de\/magazin\/hund\/tipps-fuer-den-alltag\/gassi-gehen\/\" target=\"_blank\" rel=\"noopener\">Gassi-Runden<\/a>, damit ein Hund artgerecht ausgelastet ist. Probiere etwas Neues aus, sei es einen neuen Trick zu lernen oder mit Such-Spielen zu starten. Die kalte Jahreszeit bietet sich gut an, andere Dinge auszuprobieren und kreativ zu werden. Und auch wenn du mit deinem Hund aus anderen Gr\u00fcnden keine gro\u00dfen Spazierg\u00e4nge machen kannst \u2013 beispielsweise durch eine Verletzung oder nach einer OP \u2013 kannst du mit unseren Besch\u00e4ftigungsideen deinen Hund prima zu Hause besch\u00e4ftigen.<\/p>\n<p>Geistige und artgerechte Besch\u00e4ftigung sind essenziell, um seinen Hund gesund zu halten und zu seinem Wohlbefinden beizutragen. Damit die Gesundheit deines Hundes jederzeit gew\u00e4hrleistet ist, sch\u00fctzt dich unsere Hunde-OP- und Krankenversicherung vor unangenehmen Kosten, falls f\u00fcr deinen Vierbeiner ein Tierarztbesuch ansteht.<\/p>\n\n<div class=\"banner\">\n    <a href=\"https:\/\/uelzener.de\/hund\/hunde-op-versicherung\/?agt=0000104925&sem=true&utm_medium=magazin&utm_source=wordpress&utm_campaign=hund_op&utm_content=banner\">\n        <img decoding=\"async\" width=\"300\" height=\"212\" src=\"https:\/\/uelzener.de\/magazin\/app\/uploads\/2025\/01\/Hunde-OP-Versicherung.jpg\" class=\"attachment-medium size-medium\" alt=\"Banner Hunde-OP-Versicherung\" \/>    <\/a>\n<\/div>\n\n\n<div class=\"banner\">\n    <a href=\"https:\/\/uelzener.de\/hund\/hunde-krankenversicherung\/?agt=0000104925&sem=true&utm_medium=magazin&utm_source=wordpress&utm_campaign=hund_kv&utm_content=banner\">\n        <img decoding=\"async\" width=\"300\" height=\"212\" src=\"https:\/\/uelzener.de\/magazin\/app\/uploads\/2025\/01\/Hunde-Kranken-Versicherung.jpg\" class=\"attachment-medium size-medium\" alt=\"Banner Hunde-Kranken-Versicherung\" \/>    <\/a>\n<\/div>\n\n<p>Sichere deinen Hund jetzt bei uns ab und die finanziellen Sorgen geh\u00f6ren der Vergangenheit an.<\/p>\n","protected":false},"excerpt":{"rendered":"<p>Indoor-Spiele sind eine tolle Alternative, um bei schlechtem Wetter seinen Hund auch drinnen zu besch\u00e4ftigen und artgerecht auszulasten. F\u00fcr unsere Ideen zur Hundebesch\u00e4ftigung im Haus oder in der Wohnung brauchst du nur Dinge, die du bereits zu Hause hast. Wie viel Besch\u00e4ftigung braucht ein Hund? Jeder Hund ist anders und jeder Hund hat je nach [&hellip;]<\/p>\n","protected":false},"author":1,"featured_media":12837,"parent":11679,"menu_order":33,"comment_status":"closed","ping_status":"closed","template":"templates\/blog.php","meta":{"_acf_changed":false,"_crdt_document":"","footnotes":"","beyondwords_generate_audio":"0","beyondwords_project_id":"","beyondwords_content_id":"","beyondwords_preview_token":"","beyondwords_player_style":"","beyondwords_language_id":"","beyondwords_title_voice_id":"","beyondwords_body_voice_id":"","beyondwords_summary_voice_id":"","beyondwords_error_message":"","beyondwords_disabled":"","beyondwords_delete_content":"","beyondwords_podcast_id":"","beyondwords_hash":"","publish_post_to_speechkit":"","speechkit_hash":"","speechkit_generate_audio":"","speechkit_project_id":"","speechkit_podcast_id":"","speechkit_error_message":"","speechkit_disabled":"","speechkit_access_key":"","speechkit_error":"","speechkit_info":"","speechkit_response":"","speechkit_retries":"","speechkit_status":"","speechkit_updated_at":"","_speechkit_link":"","_speechkit_text":""},"class_list":["post-10104","page","type-page","status-publish","has-post-thumbnail","hentry"],"acf":[],"yoast_head":"<!-- This site is optimized with the Yoast SEO Premium plugin  - https:\/\/yoast.com\/product\/yoast-seo-premium-wordpress\/ -->\n<title>Hunde in der Wohnung besch\u00e4ftigen | Uelzener<\/title>\n<meta name=\"description\" content=\"So besch\u00e4ftigst Du Deinen Hund auch in der Wohnung artgerecht \u2713 H\u00fctchenspiel \u2713 Suchspiele \u2713 Trickdogging \u25b6 Hier informieren!\" \/>\n<meta name=\"robots\" content=\"index, follow, max-snippet:-1, max-image-preview:large, max-video-preview:-1\" \/>\n<link rel=\"canonical\" href=\"https:\/\/uelzener.de\/magazin\/hund\/erziehung-und-training\/hund-in-wohnung-beschaeftigen\/\" \/>\n<meta property=\"og:locale\" content=\"de_DE\" \/>\n<meta property=\"og:type\" content=\"article\" \/>\n<meta property=\"og:title\" content=\"Hunde in der Wohnung besch\u00e4ftigen\" \/>\n<meta property=\"og:description\" content=\"So besch\u00e4ftigst Du Deinen Hund auch in der Wohnung artgerecht \u2713 H\u00fctchenspiel \u2713 Suchspiele \u2713 Trickdogging \u25b6 Hier informieren!\" \/>\n<meta property=\"og:url\" content=\"https:\/\/uelzener.de\/magazin\/hund\/erziehung-und-training\/hund-in-wohnung-beschaeftigen\/\" \/>\n<meta property=\"og:site_name\" content=\"Uelzener Tier-Magazin\" \/>\n<meta property=\"article:publisher\" content=\"https:\/\/www.facebook.com\/Uelzener\" \/>\n<meta property=\"article:modified_time\" content=\"2024-06-10T12:20:31+00:00\" \/>\n<meta property=\"og:image\" content=\"https:\/\/uelzener.de\/magazin\/app\/uploads\/2021\/10\/Hunde-in-der-Wohnung-beschaeftigen.jpg\" \/>\n\t<meta property=\"og:image:width\" content=\"1024\" \/>\n\t<meta property=\"og:image:height\" content=\"450\" \/>\n\t<meta property=\"og:image:type\" content=\"image\/jpeg\" \/>\n<meta name=\"twitter:card\" content=\"summary_large_image\" \/>\n<meta name=\"twitter:label1\" content=\"Gesch\u00e4tzte Lesezeit\" \/>\n\t<meta name=\"twitter:data1\" content=\"7\u00a0Minuten\" \/>\n<script type=\"application\/ld+json\" class=\"yoast-schema-graph\">{\"@context\":\"https:\/\/schema.org\",\"@graph\":[{\"@type\":\"WebPage\",\"@id\":\"https:\/\/uelzener.de\/magazin\/hund\/erziehung-und-training\/hund-in-wohnung-beschaeftigen\/\",\"url\":\"https:\/\/uelzener.de\/magazin\/hund\/erziehung-und-training\/hund-in-wohnung-beschaeftigen\/\",\"name\":\"Hunde in der Wohnung besch\u00e4ftigen | Uelzener\",\"isPartOf\":{\"@id\":\"https:\/\/uelzener.de\/magazin\/#website\"},\"primaryImageOfPage\":{\"@id\":\"https:\/\/uelzener.de\/magazin\/hund\/erziehung-und-training\/hund-in-wohnung-beschaeftigen\/#primaryimage\"},\"image\":{\"@id\":\"https:\/\/uelzener.de\/magazin\/hund\/erziehung-und-training\/hund-in-wohnung-beschaeftigen\/#primaryimage\"},\"thumbnailUrl\":\"https:\/\/uelzener.de\/magazin\/app\/uploads\/2021\/10\/Hunde-in-der-Wohnung-beschaeftigen.jpg\",\"datePublished\":\"2019-12-16T23:00:00+00:00\",\"dateModified\":\"2024-06-10T12:20:31+00:00\",\"description\":\"So besch\u00e4ftigst Du Deinen Hund auch in der Wohnung artgerecht \u2713 H\u00fctchenspiel \u2713 Suchspiele \u2713 Trickdogging \u25b6 Hier informieren!\",\"breadcrumb\":{\"@id\":\"https:\/\/uelzener.de\/magazin\/hund\/erziehung-und-training\/hund-in-wohnung-beschaeftigen\/#breadcrumb\"},\"inLanguage\":\"de\",\"potentialAction\":[{\"@type\":\"ReadAction\",\"target\":[\"https:\/\/uelzener.de\/magazin\/hund\/erziehung-und-training\/hund-in-wohnung-beschaeftigen\/\"]}]},{\"@type\":\"ImageObject\",\"inLanguage\":\"de\",\"@id\":\"https:\/\/uelzener.de\/magazin\/hund\/erziehung-und-training\/hund-in-wohnung-beschaeftigen\/#primaryimage\",\"url\":\"https:\/\/uelzener.de\/magazin\/app\/uploads\/2021\/10\/Hunde-in-der-Wohnung-beschaeftigen.jpg\",\"contentUrl\":\"https:\/\/uelzener.de\/magazin\/app\/uploads\/2021\/10\/Hunde-in-der-Wohnung-beschaeftigen.jpg\",\"width\":1024,\"height\":450,\"caption\":\"Hund spielt mit Motorik Schleife dass ist sehr gut um ihn in der Wohnung zu besch\u00e4ftigen\"},{\"@type\":\"WebSite\",\"@id\":\"https:\/\/uelzener.de\/magazin\/#website\",\"url\":\"https:\/\/uelzener.de\/magazin\/\",\"name\":\"Uelzener Tiermagazin\",\"description\":\"Online Tierratgeber der Uelzener Versicherungen\",\"publisher\":{\"@id\":\"https:\/\/uelzener.de\/magazin\/#organization\"},\"potentialAction\":[{\"@type\":\"SearchAction\",\"target\":{\"@type\":\"EntryPoint\",\"urlTemplate\":\"https:\/\/uelzener.de\/magazin\/?s={search_term_string}\"},\"query-input\":{\"@type\":\"PropertyValueSpecification\",\"valueRequired\":true,\"valueName\":\"search_term_string\"}}],\"inLanguage\":\"de\"},{\"@type\":\"Organization\",\"@id\":\"https:\/\/uelzener.de\/magazin\/#organization\",\"name\":\"Uelzener Versicherungen\",\"url\":\"https:\/\/uelzener.de\/magazin\/\",\"logo\":{\"@type\":\"ImageObject\",\"inLanguage\":\"de\",\"@id\":\"https:\/\/uelzener.de\/magazin\/#\/schema\/logo\/image\/\",\"url\":\"https:\/\/uelzener.de\/magazin\/app\/uploads\/2024\/11\/uelzener_allgemeine_versicherungsgesellschaft_a_g_logo.jpg\",\"contentUrl\":\"https:\/\/uelzener.de\/magazin\/app\/uploads\/2024\/11\/uelzener_allgemeine_versicherungsgesellschaft_a_g_logo.jpg\",\"width\":200,\"height\":200,\"caption\":\"Uelzener Versicherungen\"},\"image\":{\"@id\":\"https:\/\/uelzener.de\/magazin\/#\/schema\/logo\/image\/\"},\"sameAs\":[\"https:\/\/www.facebook.com\/Uelzener\",\"https:\/\/instagram.com\/uelzener\",\"https:\/\/www.xing.com\/pages\/uelzenerallgemeineversicherungs-gesellschafta-g\",\"https:\/\/www.youtube.com\/UelzenerVersicherungen\"]}]}<\/script>\n<!-- \/ Yoast SEO Premium plugin. -->","yoast_head_json":{"title":"Hunde in der Wohnung besch\u00e4ftigen | Uelzener","description":"So besch\u00e4ftigst Du Deinen Hund auch in der Wohnung artgerecht \u2713 H\u00fctchenspiel \u2713 Suchspiele \u2713 Trickdogging \u25b6 Hier informieren!","robots":{"index":"index","follow":"follow","max-snippet":"max-snippet:-1","max-image-preview":"max-image-preview:large","max-video-preview":"max-video-preview:-1"},"canonical":"https:\/\/uelzener.de\/magazin\/hund\/erziehung-und-training\/hund-in-wohnung-beschaeftigen\/","og_locale":"de_DE","og_type":"article","og_title":"Hunde in der Wohnung besch\u00e4ftigen","og_description":"So besch\u00e4ftigst Du Deinen Hund auch in der Wohnung artgerecht \u2713 H\u00fctchenspiel \u2713 Suchspiele \u2713 Trickdogging \u25b6 Hier informieren!","og_url":"https:\/\/uelzener.de\/magazin\/hund\/erziehung-und-training\/hund-in-wohnung-beschaeftigen\/","og_site_name":"Uelzener Tier-Magazin","article_publisher":"https:\/\/www.facebook.com\/Uelzener","article_modified_time":"2024-06-10T12:20:31+00:00","og_image":[{"width":1024,"height":450,"url":"https:\/\/uelzener.de\/magazin\/app\/uploads\/2021\/10\/Hunde-in-der-Wohnung-beschaeftigen.jpg","type":"image\/jpeg"}],"twitter_card":"summary_large_image","twitter_misc":{"Gesch\u00e4tzte Lesezeit":"7\u00a0Minuten"},"schema":{"@context":"https:\/\/schema.org","@graph":[{"@type":"WebPage","@id":"https:\/\/uelzener.de\/magazin\/hund\/erziehung-und-training\/hund-in-wohnung-beschaeftigen\/","url":"https:\/\/uelzener.de\/magazin\/hund\/erziehung-und-training\/hund-in-wohnung-beschaeftigen\/","name":"Hunde in der Wohnung besch\u00e4ftigen | Uelzener","isPartOf":{"@id":"https:\/\/uelzener.de\/magazin\/#website"},"primaryImageOfPage":{"@id":"https:\/\/uelzener.de\/magazin\/hund\/erziehung-und-training\/hund-in-wohnung-beschaeftigen\/#primaryimage"},"image":{"@id":"https:\/\/uelzener.de\/magazin\/hund\/erziehung-und-training\/hund-in-wohnung-beschaeftigen\/#primaryimage"},"thumbnailUrl":"https:\/\/uelzener.de\/magazin\/app\/uploads\/2021\/10\/Hunde-in-der-Wohnung-beschaeftigen.jpg","datePublished":"2019-12-16T23:00:00+00:00","dateModified":"2024-06-10T12:20:31+00:00","description":"So besch\u00e4ftigst Du Deinen Hund auch in der Wohnung artgerecht \u2713 H\u00fctchenspiel \u2713 Suchspiele \u2713 Trickdogging \u25b6 Hier informieren!","breadcrumb":{"@id":"https:\/\/uelzener.de\/magazin\/hund\/erziehung-und-training\/hund-in-wohnung-beschaeftigen\/#breadcrumb"},"inLanguage":"de","potentialAction":[{"@type":"ReadAction","target":["https:\/\/uelzener.de\/magazin\/hund\/erziehung-und-training\/hund-in-wohnung-beschaeftigen\/"]}]},{"@type":"ImageObject","inLanguage":"de","@id":"https:\/\/uelzener.de\/magazin\/hund\/erziehung-und-training\/hund-in-wohnung-beschaeftigen\/#primaryimage","url":"https:\/\/uelzener.de\/magazin\/app\/uploads\/2021\/10\/Hunde-in-der-Wohnung-beschaeftigen.jpg","contentUrl":"https:\/\/uelzener.de\/magazin\/app\/uploads\/2021\/10\/Hunde-in-der-Wohnung-beschaeftigen.jpg","width":1024,"height":450,"caption":"Hund spielt mit Motorik Schleife dass ist sehr gut um ihn in der Wohnung zu besch\u00e4ftigen"},{"@type":"WebSite","@id":"https:\/\/uelzener.de\/magazin\/#website","url":"https:\/\/uelzener.de\/magazin\/","name":"Uelzener Tiermagazin","description":"Online Tierratgeber der Uelzener Versicherungen","publisher":{"@id":"https:\/\/uelzener.de\/magazin\/#organization"},"potentialAction":[{"@type":"SearchAction","target":{"@type":"EntryPoint","urlTemplate":"https:\/\/uelzener.de\/magazin\/?s={search_term_string}"},"query-input":{"@type":"PropertyValueSpecification","valueRequired":true,"valueName":"search_term_string"}}],"inLanguage":"de"},{"@type":"Organization","@id":"https:\/\/uelzener.de\/magazin\/#organization","name":"Uelzener Versicherungen","url":"https:\/\/uelzener.de\/magazin\/","logo":{"@type":"ImageObject","inLanguage":"de","@id":"https:\/\/uelzener.de\/magazin\/#\/schema\/logo\/image\/","url":"https:\/\/uelzener.de\/magazin\/app\/uploads\/2024\/11\/uelzener_allgemeine_versicherungsgesellschaft_a_g_logo.jpg","contentUrl":"https:\/\/uelzener.de\/magazin\/app\/uploads\/2024\/11\/uelzener_allgemeine_versicherungsgesellschaft_a_g_logo.jpg","width":200,"height":200,"caption":"Uelzener Versicherungen"},"image":{"@id":"https:\/\/uelzener.de\/magazin\/#\/schema\/logo\/image\/"},"sameAs":["https:\/\/www.facebook.com\/Uelzener","https:\/\/instagram.com\/uelzener","https:\/\/www.xing.com\/pages\/uelzenerallgemeineversicherungs-gesellschafta-g","https:\/\/www.youtube.com\/UelzenerVersicherungen"]}]}},"_links":{"self":[{"href":"https:\/\/uelzener.de\/magazin\/wp-json\/wp\/v2\/pages\/10104","targetHints":{"allow":["GET"]}}],"collection":[{"href":"https:\/\/uelzener.de\/magazin\/wp-json\/wp\/v2\/pages"}],"about":[{"href":"https:\/\/uelzener.de\/magazin\/wp-json\/wp\/v2\/types\/page"}],"author":[{"embeddable":true,"href":"https:\/\/uelzener.de\/magazin\/wp-json\/wp\/v2\/users\/1"}],"replies":[{"embeddable":true,"href":"https:\/\/uelzener.de\/magazin\/wp-json\/wp\/v2\/comments?post=10104"}],"version-history":[{"count":16,"href":"https:\/\/uelzener.de\/magazin\/wp-json\/wp\/v2\/pages\/10104\/revisions"}],"predecessor-version":[{"id":17500,"href":"https:\/\/uelzener.de\/magazin\/wp-json\/wp\/v2\/pages\/10104\/revisions\/17500"}],"up":[{"embeddable":true,"href":"https:\/\/uelzener.de\/magazin\/wp-json\/wp\/v2\/pages\/11679"}],"wp:featuredmedia":[{"embeddable":true,"href":"https:\/\/uelzener.de\/magazin\/wp-json\/wp\/v2\/media\/12837"}],"wp:attachment":[{"href":"https:\/\/uelzener.de\/magazin\/wp-json\/wp\/v2\/media?parent=10104"}],"curies":[{"name":"wp","href":"https:\/\/api.w.org\/{rel}","templated":true}]}}