{"id":10091,"date":"2020-03-27T00:00:00","date_gmt":"2020-03-27T00:00:00","guid":{"rendered":""},"modified":"2024-05-02T12:24:02","modified_gmt":"2024-05-02T10:24:02","slug":"was-hundehalter-in-der-brut-und-setzzeit-beachten-sollten","status":"publish","type":"page","link":"https:\/\/uelzener.de\/magazin\/hund\/erziehung-und-training\/was-hundehalter-in-der-brut-und-setzzeit-beachten-sollten\/","title":{"rendered":"Was Hundehalter in der Brut- und Setzzeit beachten sollten"},"content":{"rendered":"<p>Anfang April beginnt vielerorts die Brut- und Setzzeit, so auch in Niedersachsen. Viele Hundehalter sind von dieser Regelung nicht begeistert und \u00e4rgern sich \u00fcber die anstehende Leinenpflicht. Worauf du achten musst und warum du dich an die Leinenpflicht halten solltest, erf\u00e4hrst du in unserem Beitrag.<\/p>\n<h2>Brut- und Setzzeit: Was ist das \u00fcberhaupt?<\/h2>\n<p>Unter der Brut- und Setzzeit versteht man den Zeitraum, in dem wild lebende Tiere ihren Nachwuchs bekommen. Brutzeit bezieht sich hierbei \u2013 wie es sich vom Namen erahnen l\u00e4sst \u2013 auf das <strong>Br\u00fcten der nistenden V\u00f6gel<\/strong>. Diese halten die gelegten Eier bis zum Schl\u00fcpfen des Nachwuchses warm. Der Begriff \u201eSetzzeit\u201c stammt aus der Jagdsprache und meint entsprechend die Zeit, in der sich beispielsweise Rehe um die <strong>Aufzucht ihres Nachwuchses<\/strong> k\u00fcmmern. In dieser Zeit herrscht Jagdverbot. Hier sind allerdings l\u00e4nderspezifische Ausnahmeregelungen m\u00f6glich.<\/p>\n<h2>Was m\u00fcssen Hundehalter beachten?<\/h2>\n<p>In der Brut- und Setzzeit hei\u00dft es: <strong>Hund an die Leine<\/strong>. Die Brut- und Setzzeit gilt sowohl in der Stadt als auch auf dem Land.<\/p>\n<p>In der Stadt bezieht sich diese Regelung besonders auf Gr\u00fcnfl\u00e4chen, die nicht als spezielle Hundefreilauffl\u00e4chen gekennzeichnet sind.<\/p>\n<p>Au\u00dferhalb der Stadt und auf dem Land betrifft die Brut- und Setzzeit insbesondere W\u00e4lder und Waldgebiete, aber auch auf Feldern und Wiesen sollte der Hund nicht frei herumlaufen. Selbst wenn in deinem Bundesland zu dieser Zeit keine Leinenpflicht besteht, solltest du R\u00fccksicht auf die Wildtiere nehmen und deinen Hund an der Leine f\u00fchren. Die <a href=\"https:\/\/uelzener.de\/magazin\/hund\/erziehung-und-training\/leinenfuehrigkeit-hund\/\"><strong>Leinenf\u00fchrigkeit<\/strong><\/a>\u00a0sollte dabei trainiert werden, damit das Spazierengehen f\u00fcr Hund und Halter ein sch\u00f6nes Erlebnis darstellt.<\/p>\n\n<div class=\"related_articles boxed\">\n    <h2>Mehr zum Thema<\/h2>\n    \n    <div class=\"wrapper\"><div class=\"title align-center\"><h3><a href=\"https:\/\/uelzener.de\/magazin\/hund\/haltung\/hunde-in-der-stadt-halten\/\">Hunde in der Stadt halten: So funktioniert\u2019s!<\/a><\/h3><\/div><div class=\"img align-center\"><img decoding=\"async\" width=\"315\" height=\"180\" src=\"https:\/\/uelzener.de\/magazin\/app\/uploads\/2024\/05\/hund-in-der-stadt-315x180.jpg\" class=\"attachment-315x180 size-315x180 wp-post-image\" alt=\"Frau mit zwei Hunden beim Gassi in der Stadt.\" \/><\/div><\/div><\/div>\n\n<p>Warum m\u00fcssen alle Hunde in dieser Zeit an die Leine? Selbst wenn dein Hund gut h\u00f6rt und meist abrufbar ist, besteht keine hundertprozentige Garantie, dass er nicht doch schwach wird, sollte pl\u00f6tzlich ein Reh vor ihm aus dem Geb\u00fcsch h\u00fcpfen.<\/p>\n<p>F\u00fcr das Reh kann es aber gef\u00e4hrlich werden. Durch die Aufregung und m\u00f6gliche Hetze durch den Hund kann es zu einer Fehlgeburt kommen. Auch die jungen Rehkitze m\u00fcssen vor dem Kontakt zu Hunden gesch\u00fctzt werden. Zum einen sind diese noch nicht so schnell, um vor einem Hund fliehen zu k\u00f6nnen, zum anderen besteht die Gefahr, dass sie von den Elterntieren versto\u00dfen werden.<\/p>\n<p>Viele Jungtiere verstecken sich in Feldern. F\u00fcr uns Menschen ist es nahezu unm\u00f6glich, ein verstecktes Rehkitz zu entdecken. Im Gegensatz dazu k\u00f6nnen unsere Hunde diese mit ihrer guten Nase schnell aufsp\u00fcren.<\/p>\n<h2>Vorsicht vor Wildschweinen<\/h2>\n<p>Dieser Schutz gilt nat\u00fcrlich nicht nur den Rehen, sondern auch allen anderen Wildtieren, die in dieser Zeit Junge bekommen. Besonders bei Wildschweinen sollten Sie vorsichtig sein. Eine Wildschweinmutter z\u00f6gert nicht, ihre Frischlinge zu verteidigen und geht gern auf Angriff, wenn sie sich bedroht f\u00fchlt. Hier ist es ratsam, einen gro\u00dfen Bogen zu gehen, um sich selbst und seinen Hund zu sch\u00fctzen.<\/p>\n<h2>Leinenpflicht in der Brut- und Setzzeit \u2013 Was gilt wo?*<\/h2>\n<ul>\n<li><strong>Baden-W\u00fcrttemberg:<\/strong> Derzeit keine allgemeine Leinenpflicht<\/li>\n<li><strong>Bayern:<\/strong> Keine allgemeine Leinenpflicht<\/li>\n<li><strong>Berlin: <\/strong>Ganzj\u00e4hrige Leinenpflicht in Waldfl\u00e4chen, die nicht durch Schilder ausdr\u00fccklich freigegeben und gekennzeichnet sind<\/li>\n<li><strong>Brandenburg:<\/strong> Ganzj\u00e4hrige Leinenpflicht (rei\u00dffeste Leine, max. 2 Meter L\u00e4nge)<\/li>\n<li><strong>Bremen:<\/strong> 15.03. bis 15.07. Leinenpflicht<\/li>\n<li><strong>Hamburg: <\/strong>Ganzj\u00e4hrige Leinenpflicht<\/li>\n<li><strong>Hessen:<\/strong> 01.03. bis 30.06. in einigen Gemeinden gilt Leinenpflicht<\/li>\n<li><strong>Mecklenburg-Vorpommern:<\/strong> Ganzj\u00e4hrige Leinenpflicht<\/li>\n<li><strong>Niedersachsen:<\/strong> 01.04. bis 15.07. Leinenpflicht<\/li>\n<li><strong>Nordrhein-Westfalen:<\/strong> Keine Leinenpflicht (ggf. Ausnahmen in den Gemeinden)<\/li>\n<li><strong>Rheinland-Pfalz:<\/strong> Keine Leinenpflicht (ggf. Ausnahmen in den Gemeinden)<\/li>\n<li><strong>Saarland:<\/strong> 01.03. bis 30.6. Leinenpflicht<\/li>\n<li><strong>Sachsen:<\/strong> keine allgemeine Leinenpflicht (ggf. Ausnahmen in den Gemeinden)<\/li>\n<li><strong>Sachsen-Anhalt:<\/strong> 01.03. bis 15.07. Leinenpflicht<\/li>\n<li><strong>Schleswig-Holstein:<\/strong> Ganzj\u00e4hrige Leinenpflicht im Wald<\/li>\n<li><strong>Th\u00fcringen:<\/strong> Ganzj\u00e4hrige Leinenpflicht im Wald<\/li>\n<\/ul>\n<p>*Angaben als Anhaltspunkt. Keine Gew\u00e4hr.<\/p>\n<p>Ausnahmen von der Leinenpflicht gelten f\u00fcr Hunde der Landes- und Bundespolizei, des Zolls, sowie f\u00fcr spezielle Rettungs- und Jagdhunde. Au\u00dferdem k\u00f6nnen Hunde auf gekennzeichneten und Hundeauslauffl\u00e4chen weiterhin frei laufen.<\/p>\n<h2>Versto\u00df gegen die Regelung<\/h2>\n<p>Informiere dich, welche Regelungen und Auflagen in deinem Bundesland und deiner Gemeinde gelten. Falls du in den Urlaub f\u00e4hrst, solltest du dich ebenfalls schlaumachen, was dort erlaubt ist und was nicht. Die Konsequenzen bei Versto\u00df gegen die Vorgaben fallen ebenfalls unterschiedlich aus. In einigen Bundesl\u00e4ndern kann eine hohe Geldstrafe auf einen zukommen. Zudem d\u00fcrfen Jagdschutzberechtigte in vielen Bundesl\u00e4ndern auch auf Hunde schie\u00dfen, die unangeleint sind und sich au\u00dferhalb des Einwirkungsbereichs des Halters befinden.<\/p>\n<p>Wer gegen die Leinenpflicht verst\u00f6\u00dft, begeht eine Ordnungswidrigkeit, die teuer werden kann. Sollte der Hund zudem unangeleint einen Schaden verursachen, obwohl eigentlich Leinenpflicht herrscht, greift die <strong>Hundehalter-Haftpflichtversicherung<\/strong>. Hier gibt es bez\u00fcglich der Brut- und Setzzeit keine Einschr\u00e4nkungen oder Auflagen.<\/p>\n\n<div class=\"banner\">\n    <a href=\"https:\/\/uelzener.de\/hund\/hunde-haftpflichtversicherung\/?agt=0000104925&sem=true&utm_medium=magazin&utm_source=wordpress&utm_campaign=hund_haf&utm_content=banner\">\n        <img decoding=\"async\" width=\"300\" height=\"212\" src=\"https:\/\/uelzener.de\/magazin\/app\/uploads\/2025\/01\/Hundehalter-Haftpflicht-Versicherung.jpg\" class=\"attachment-medium size-medium\" alt=\"Banner Hundehalter-Haftpflicht-Versicherung\" \/>    <\/a>\n<\/div>\n\n","protected":false},"excerpt":{"rendered":"<p>Anfang April beginnt vielerorts die Brut- und Setzzeit, so auch in Niedersachsen. Viele Hundehalter sind von dieser Regelung nicht begeistert und \u00e4rgern sich \u00fcber die anstehende Leinenpflicht. Worauf du achten musst und warum du dich an die Leinenpflicht halten solltest, erf\u00e4hrst du in unserem Beitrag. Brut- und Setzzeit: Was ist das \u00fcberhaupt? Unter der Brut- [&hellip;]<\/p>\n","protected":false},"author":1,"featured_media":12829,"parent":11679,"menu_order":31,"comment_status":"open","ping_status":"open","template":"templates\/blog.php","meta":{"_acf_changed":false,"_crdt_document":"","footnotes":"","beyondwords_generate_audio":"","beyondwords_project_id":"","beyondwords_content_id":"","beyondwords_preview_token":"","beyondwords_player_style":"","beyondwords_language_id":"","beyondwords_title_voice_id":"","beyondwords_body_voice_id":"","beyondwords_summary_voice_id":"","beyondwords_error_message":"","beyondwords_disabled":"","beyondwords_delete_content":"","beyondwords_podcast_id":"","beyondwords_hash":"","publish_post_to_speechkit":"","speechkit_hash":"","speechkit_generate_audio":"","speechkit_project_id":"","speechkit_podcast_id":"","speechkit_error_message":"","speechkit_disabled":"","speechkit_access_key":"","speechkit_error":"","speechkit_info":"","speechkit_response":"","speechkit_retries":"","speechkit_status":"","speechkit_updated_at":"","_speechkit_link":"","_speechkit_text":""},"class_list":["post-10091","page","type-page","status-publish","has-post-thumbnail","hentry"],"acf":[],"yoast_head":"<!-- This site is optimized with the Yoast SEO Premium plugin  - https:\/\/yoast.com\/product\/yoast-seo-premium-wordpress\/ -->\n<title>Was Hundehalter in der Brut- und Setzzeit beachten sollten | Uelzener Tier-Magazin<\/title>\n<meta name=\"description\" content=\"Anfang April beginnt vielerorts die Brut- und Setzzeit. Warum du dich an die Leinenpflicht halten solltest, erf\u00e4hrst du in unserem Beitrag.\" \/>\n<meta name=\"robots\" content=\"index, follow, max-snippet:-1, max-image-preview:large, max-video-preview:-1\" \/>\n<link rel=\"canonical\" href=\"https:\/\/uelzener.de\/magazin\/hund\/erziehung-und-training\/was-hundehalter-in-der-brut-und-setzzeit-beachten-sollten\/\" \/>\n<meta property=\"og:locale\" content=\"de_DE\" \/>\n<meta property=\"og:type\" content=\"article\" \/>\n<meta property=\"og:title\" content=\"Was Hundehalter in der Brut- und Setzzeit beachten sollten\" \/>\n<meta property=\"og:description\" content=\"Anfang April beginnt vielerorts die Brut- und Setzzeit. Warum du dich an die Leinenpflicht halten solltest, erf\u00e4hrst du in unserem Beitrag.\" \/>\n<meta property=\"og:url\" content=\"https:\/\/uelzener.de\/magazin\/hund\/erziehung-und-training\/was-hundehalter-in-der-brut-und-setzzeit-beachten-sollten\/\" \/>\n<meta property=\"og:site_name\" content=\"Uelzener Tier-Magazin\" \/>\n<meta property=\"article:publisher\" content=\"https:\/\/www.facebook.com\/Uelzener\" \/>\n<meta property=\"article:modified_time\" content=\"2024-05-02T10:24:02+00:00\" \/>\n<meta property=\"og:image\" content=\"https:\/\/uelzener.de\/magazin\/app\/uploads\/2021\/10\/Brut-und-Setzzeit.jpg\" \/>\n\t<meta property=\"og:image:width\" content=\"1024\" \/>\n\t<meta property=\"og:image:height\" content=\"450\" \/>\n\t<meta property=\"og:image:type\" content=\"image\/jpeg\" \/>\n<meta name=\"twitter:card\" content=\"summary_large_image\" \/>\n<meta name=\"twitter:label1\" content=\"Gesch\u00e4tzte Lesezeit\" \/>\n\t<meta name=\"twitter:data1\" content=\"4\u00a0Minuten\" \/>\n<script type=\"application\/ld+json\" class=\"yoast-schema-graph\">{\"@context\":\"https:\\\/\\\/schema.org\",\"@graph\":[{\"@type\":\"WebPage\",\"@id\":\"https:\\\/\\\/uelzener.de\\\/magazin\\\/hund\\\/erziehung-und-training\\\/was-hundehalter-in-der-brut-und-setzzeit-beachten-sollten\\\/\",\"url\":\"https:\\\/\\\/uelzener.de\\\/magazin\\\/hund\\\/erziehung-und-training\\\/was-hundehalter-in-der-brut-und-setzzeit-beachten-sollten\\\/\",\"name\":\"Was Hundehalter in der Brut- und Setzzeit beachten sollten | Uelzener Tier-Magazin\",\"isPartOf\":{\"@id\":\"https:\\\/\\\/uelzener.de\\\/magazin\\\/#website\"},\"primaryImageOfPage\":{\"@id\":\"https:\\\/\\\/uelzener.de\\\/magazin\\\/hund\\\/erziehung-und-training\\\/was-hundehalter-in-der-brut-und-setzzeit-beachten-sollten\\\/#primaryimage\"},\"image\":{\"@id\":\"https:\\\/\\\/uelzener.de\\\/magazin\\\/hund\\\/erziehung-und-training\\\/was-hundehalter-in-der-brut-und-setzzeit-beachten-sollten\\\/#primaryimage\"},\"thumbnailUrl\":\"https:\\\/\\\/uelzener.de\\\/magazin\\\/app\\\/uploads\\\/2021\\\/10\\\/Brut-und-Setzzeit.jpg\",\"datePublished\":\"2020-03-27T00:00:00+00:00\",\"dateModified\":\"2024-05-02T10:24:02+00:00\",\"description\":\"Anfang April beginnt vielerorts die Brut- und Setzzeit. Warum du dich an die Leinenpflicht halten solltest, erf\u00e4hrst du in unserem Beitrag.\",\"breadcrumb\":{\"@id\":\"https:\\\/\\\/uelzener.de\\\/magazin\\\/hund\\\/erziehung-und-training\\\/was-hundehalter-in-der-brut-und-setzzeit-beachten-sollten\\\/#breadcrumb\"},\"inLanguage\":\"de\",\"potentialAction\":[{\"@type\":\"ReadAction\",\"target\":[\"https:\\\/\\\/uelzener.de\\\/magazin\\\/hund\\\/erziehung-und-training\\\/was-hundehalter-in-der-brut-und-setzzeit-beachten-sollten\\\/\"]}]},{\"@type\":\"ImageObject\",\"inLanguage\":\"de\",\"@id\":\"https:\\\/\\\/uelzener.de\\\/magazin\\\/hund\\\/erziehung-und-training\\\/was-hundehalter-in-der-brut-und-setzzeit-beachten-sollten\\\/#primaryimage\",\"url\":\"https:\\\/\\\/uelzener.de\\\/magazin\\\/app\\\/uploads\\\/2021\\\/10\\\/Brut-und-Setzzeit.jpg\",\"contentUrl\":\"https:\\\/\\\/uelzener.de\\\/magazin\\\/app\\\/uploads\\\/2021\\\/10\\\/Brut-und-Setzzeit.jpg\",\"width\":1024,\"height\":450,\"caption\":\"Ein Reh mit Rehkitz sitz auf einer Wiese. Zum Schutz des Nachwuchs w\u00e4hrend der Brutzeit gilt f\u00fcr Hunde eine Leinenpflicht.\"},{\"@type\":\"WebSite\",\"@id\":\"https:\\\/\\\/uelzener.de\\\/magazin\\\/#website\",\"url\":\"https:\\\/\\\/uelzener.de\\\/magazin\\\/\",\"name\":\"Uelzener Tiermagazin\",\"description\":\"Online Tierratgeber der Uelzener Versicherungen\",\"publisher\":{\"@id\":\"https:\\\/\\\/uelzener.de\\\/magazin\\\/#organization\"},\"potentialAction\":[{\"@type\":\"SearchAction\",\"target\":{\"@type\":\"EntryPoint\",\"urlTemplate\":\"https:\\\/\\\/uelzener.de\\\/magazin\\\/?s={search_term_string}\"},\"query-input\":{\"@type\":\"PropertyValueSpecification\",\"valueRequired\":true,\"valueName\":\"search_term_string\"}}],\"inLanguage\":\"de\"},{\"@type\":\"Organization\",\"@id\":\"https:\\\/\\\/uelzener.de\\\/magazin\\\/#organization\",\"name\":\"Uelzener Versicherungen\",\"url\":\"https:\\\/\\\/uelzener.de\\\/magazin\\\/\",\"logo\":{\"@type\":\"ImageObject\",\"inLanguage\":\"de\",\"@id\":\"https:\\\/\\\/uelzener.de\\\/magazin\\\/#\\\/schema\\\/logo\\\/image\\\/\",\"url\":\"https:\\\/\\\/uelzener.de\\\/magazin\\\/app\\\/uploads\\\/2024\\\/11\\\/uelzener_allgemeine_versicherungsgesellschaft_a_g_logo.jpg\",\"contentUrl\":\"https:\\\/\\\/uelzener.de\\\/magazin\\\/app\\\/uploads\\\/2024\\\/11\\\/uelzener_allgemeine_versicherungsgesellschaft_a_g_logo.jpg\",\"width\":200,\"height\":200,\"caption\":\"Uelzener Versicherungen\"},\"image\":{\"@id\":\"https:\\\/\\\/uelzener.de\\\/magazin\\\/#\\\/schema\\\/logo\\\/image\\\/\"},\"sameAs\":[\"https:\\\/\\\/www.facebook.com\\\/Uelzener\",\"https:\\\/\\\/instagram.com\\\/uelzener\",\"https:\\\/\\\/www.xing.com\\\/pages\\\/uelzenerallgemeineversicherungs-gesellschafta-g\",\"https:\\\/\\\/www.youtube.com\\\/UelzenerVersicherungen\"]}]}<\/script>\n<!-- \/ Yoast SEO Premium plugin. -->","yoast_head_json":{"title":"Was Hundehalter in der Brut- und Setzzeit beachten sollten | Uelzener Tier-Magazin","description":"Anfang April beginnt vielerorts die Brut- und Setzzeit. Warum du dich an die Leinenpflicht halten solltest, erf\u00e4hrst du in unserem Beitrag.","robots":{"index":"index","follow":"follow","max-snippet":"max-snippet:-1","max-image-preview":"max-image-preview:large","max-video-preview":"max-video-preview:-1"},"canonical":"https:\/\/uelzener.de\/magazin\/hund\/erziehung-und-training\/was-hundehalter-in-der-brut-und-setzzeit-beachten-sollten\/","og_locale":"de_DE","og_type":"article","og_title":"Was Hundehalter in der Brut- und Setzzeit beachten sollten","og_description":"Anfang April beginnt vielerorts die Brut- und Setzzeit. Warum du dich an die Leinenpflicht halten solltest, erf\u00e4hrst du in unserem Beitrag.","og_url":"https:\/\/uelzener.de\/magazin\/hund\/erziehung-und-training\/was-hundehalter-in-der-brut-und-setzzeit-beachten-sollten\/","og_site_name":"Uelzener Tier-Magazin","article_publisher":"https:\/\/www.facebook.com\/Uelzener","article_modified_time":"2024-05-02T10:24:02+00:00","og_image":[{"width":1024,"height":450,"url":"https:\/\/uelzener.de\/magazin\/app\/uploads\/2021\/10\/Brut-und-Setzzeit.jpg","type":"image\/jpeg"}],"twitter_card":"summary_large_image","twitter_misc":{"Gesch\u00e4tzte Lesezeit":"4\u00a0Minuten"},"schema":{"@context":"https:\/\/schema.org","@graph":[{"@type":"WebPage","@id":"https:\/\/uelzener.de\/magazin\/hund\/erziehung-und-training\/was-hundehalter-in-der-brut-und-setzzeit-beachten-sollten\/","url":"https:\/\/uelzener.de\/magazin\/hund\/erziehung-und-training\/was-hundehalter-in-der-brut-und-setzzeit-beachten-sollten\/","name":"Was Hundehalter in der Brut- und Setzzeit beachten sollten | Uelzener Tier-Magazin","isPartOf":{"@id":"https:\/\/uelzener.de\/magazin\/#website"},"primaryImageOfPage":{"@id":"https:\/\/uelzener.de\/magazin\/hund\/erziehung-und-training\/was-hundehalter-in-der-brut-und-setzzeit-beachten-sollten\/#primaryimage"},"image":{"@id":"https:\/\/uelzener.de\/magazin\/hund\/erziehung-und-training\/was-hundehalter-in-der-brut-und-setzzeit-beachten-sollten\/#primaryimage"},"thumbnailUrl":"https:\/\/uelzener.de\/magazin\/app\/uploads\/2021\/10\/Brut-und-Setzzeit.jpg","datePublished":"2020-03-27T00:00:00+00:00","dateModified":"2024-05-02T10:24:02+00:00","description":"Anfang April beginnt vielerorts die Brut- und Setzzeit. Warum du dich an die Leinenpflicht halten solltest, erf\u00e4hrst du in unserem Beitrag.","breadcrumb":{"@id":"https:\/\/uelzener.de\/magazin\/hund\/erziehung-und-training\/was-hundehalter-in-der-brut-und-setzzeit-beachten-sollten\/#breadcrumb"},"inLanguage":"de","potentialAction":[{"@type":"ReadAction","target":["https:\/\/uelzener.de\/magazin\/hund\/erziehung-und-training\/was-hundehalter-in-der-brut-und-setzzeit-beachten-sollten\/"]}]},{"@type":"ImageObject","inLanguage":"de","@id":"https:\/\/uelzener.de\/magazin\/hund\/erziehung-und-training\/was-hundehalter-in-der-brut-und-setzzeit-beachten-sollten\/#primaryimage","url":"https:\/\/uelzener.de\/magazin\/app\/uploads\/2021\/10\/Brut-und-Setzzeit.jpg","contentUrl":"https:\/\/uelzener.de\/magazin\/app\/uploads\/2021\/10\/Brut-und-Setzzeit.jpg","width":1024,"height":450,"caption":"Ein Reh mit Rehkitz sitz auf einer Wiese. Zum Schutz des Nachwuchs w\u00e4hrend der Brutzeit gilt f\u00fcr Hunde eine Leinenpflicht."},{"@type":"WebSite","@id":"https:\/\/uelzener.de\/magazin\/#website","url":"https:\/\/uelzener.de\/magazin\/","name":"Uelzener Tiermagazin","description":"Online Tierratgeber der Uelzener Versicherungen","publisher":{"@id":"https:\/\/uelzener.de\/magazin\/#organization"},"potentialAction":[{"@type":"SearchAction","target":{"@type":"EntryPoint","urlTemplate":"https:\/\/uelzener.de\/magazin\/?s={search_term_string}"},"query-input":{"@type":"PropertyValueSpecification","valueRequired":true,"valueName":"search_term_string"}}],"inLanguage":"de"},{"@type":"Organization","@id":"https:\/\/uelzener.de\/magazin\/#organization","name":"Uelzener Versicherungen","url":"https:\/\/uelzener.de\/magazin\/","logo":{"@type":"ImageObject","inLanguage":"de","@id":"https:\/\/uelzener.de\/magazin\/#\/schema\/logo\/image\/","url":"https:\/\/uelzener.de\/magazin\/app\/uploads\/2024\/11\/uelzener_allgemeine_versicherungsgesellschaft_a_g_logo.jpg","contentUrl":"https:\/\/uelzener.de\/magazin\/app\/uploads\/2024\/11\/uelzener_allgemeine_versicherungsgesellschaft_a_g_logo.jpg","width":200,"height":200,"caption":"Uelzener Versicherungen"},"image":{"@id":"https:\/\/uelzener.de\/magazin\/#\/schema\/logo\/image\/"},"sameAs":["https:\/\/www.facebook.com\/Uelzener","https:\/\/instagram.com\/uelzener","https:\/\/www.xing.com\/pages\/uelzenerallgemeineversicherungs-gesellschafta-g","https:\/\/www.youtube.com\/UelzenerVersicherungen"]}]}},"_links":{"self":[{"href":"https:\/\/uelzener.de\/magazin\/wp-json\/wp\/v2\/pages\/10091","targetHints":{"allow":["GET"]}}],"collection":[{"href":"https:\/\/uelzener.de\/magazin\/wp-json\/wp\/v2\/pages"}],"about":[{"href":"https:\/\/uelzener.de\/magazin\/wp-json\/wp\/v2\/types\/page"}],"author":[{"embeddable":true,"href":"https:\/\/uelzener.de\/magazin\/wp-json\/wp\/v2\/users\/1"}],"replies":[{"embeddable":true,"href":"https:\/\/uelzener.de\/magazin\/wp-json\/wp\/v2\/comments?post=10091"}],"version-history":[{"count":8,"href":"https:\/\/uelzener.de\/magazin\/wp-json\/wp\/v2\/pages\/10091\/revisions"}],"predecessor-version":[{"id":17367,"href":"https:\/\/uelzener.de\/magazin\/wp-json\/wp\/v2\/pages\/10091\/revisions\/17367"}],"up":[{"embeddable":true,"href":"https:\/\/uelzener.de\/magazin\/wp-json\/wp\/v2\/pages\/11679"}],"wp:featuredmedia":[{"embeddable":true,"href":"https:\/\/uelzener.de\/magazin\/wp-json\/wp\/v2\/media\/12829"}],"wp:attachment":[{"href":"https:\/\/uelzener.de\/magazin\/wp-json\/wp\/v2\/media?parent=10091"}],"curies":[{"name":"wp","href":"https:\/\/api.w.org\/{rel}","templated":true}]}}