{"id":10087,"date":"2023-01-22T17:00:00","date_gmt":"2023-01-22T16:00:00","guid":{"rendered":""},"modified":"2024-03-12T10:58:18","modified_gmt":"2024-03-12T09:58:18","slug":"hundemantel-winter","status":"publish","type":"page","link":"https:\/\/uelzener.de\/magazin\/hund\/tipps-fuer-den-alltag\/hundemantel-winter\/","title":{"rendered":"Wenn Hunde frieren: Hundemantel im Winter"},"content":{"rendered":"<p>Bei eisigen Temperaturen ziehen wir Menschen beim Spaziergang den Rei\u00dfverschluss unserer Jacke noch ein St\u00fcck h\u00f6her. Und unsere Hunde sch\u00fctzt das dicke Winterfell. Oder? Wir kl\u00e4ren auf, wann ein Hundemantel f\u00fcr Vierbeiner sinnvoll ist.<\/p>\n<h2>Hundemantel \u2013 wann ist er sinnvoll?<\/h2>\n<p>Jedes Jahr, wenn es drau\u00dfen k\u00e4lter wird oder ein Winterurlaub mit dem Hund geplant wird, beginnen meist die Diskussionen zwischen Hundehaltern, ob ein Hundemantel sinnvoll ist oder nicht. Die einen sehen es als Vermenschlichung des Hundes an, andere schw\u00f6ren auf den K\u00e4lteschutz im Winter.<\/p>\n<p>Ein gesunder Hund wird im Winter von Fell, Unterwolle und einer Fettschicht gesch\u00fctzt. Die Natur hat sich f\u00fcr die Vierbeiner einen der besten Winterm\u00e4ntel ausgedacht. Dadurch, dass Hunde nicht in der freien Natur, sondern in beheizten Innenr\u00e4umen leben, passen sie sich diesen Temperaturen durch ihr Fell an. Einige Hunde haben daher weniger Fell oder kaum bis keine Unterwolle. Beginnt der Vierbeiner doch zu frieren, bemerken Herrchen und Frauchen dies schnell an folgenden Anzeichen:<\/p>\n<ul>\n<li>Zittern<\/li>\n<li>Pfoten anheben<\/li>\n<li>Rute einziehen<\/li>\n<li>verkrampfter K\u00f6rper<\/li>\n<\/ul>\n<h2>Welche Hunde brauchen im Winter einen Hundemantel?<\/h2>\n<p>F\u00fcr einige Hunde ist ein Hundemantel durchaus eine sinnvolle Investition. Besonders \u00e4ltere Hunde oder Hunderassen aus w\u00e4rmeren L\u00e4ndern oder mit kurzem Fell sind oft auf den K\u00e4lteschutz wie Mantel und <a href=\"https:\/\/uelzener.de\/magazin\/hund\/haltung\/hundeschuhe-winter\/\"><strong>Hundeschuhe<\/strong> <\/a>angewiesen. Wird der Vierbeiner \u00e4lter, wird das Fell d\u00fcnner und die Unterwolle schw\u00e4cher. Herrchen und Frauchen sollten ihren in die Jahre gekommenen Liebling beim <a href=\"https:\/\/uelzener.de\/magazin\/hund\/tiergesundheit\/mit-hund-im-schnee\/\">Spaziergang im Schnee<\/a> und in der K\u00e4lte beobachten und entsprechend handeln, wenn er anf\u00e4ngt zu zittern. <a href=\"https:\/\/uelzener.de\/magazin\/hund\/tipps-fuer-den-alltag\/wandern-mit-hund-tipps-tricks\/\">Hier noch mehr Tipps f\u00fcr lange Ausfl\u00fcge und Wanderungen mit Hunden, was es generell zu beachten gibt plus einer Checkliste, damit du nichts vergisst.<\/a><\/p>\n<p>Nicht nur f\u00fcr alte Hunde, sondern auch f\u00fcr <a href=\"https:\/\/uelzener.de\/welpen\/\"><strong>Welpen<\/strong> <\/a>und Junghunde ist ein Mantel ein guter Schutz. Welpen und junge Hunde haben noch nicht so ein ausgepr\u00e4gtes Immunsystem und h\u00e4ufig auch noch nicht so viel Fell.<\/p>\n<p>Ein warmer Hundemantel kann auch f\u00fcr kranke Hunde eine gute Unterst\u00fctzung sein. Verspannen sich die Muskeln der Vierbeiner bei K\u00e4lte und N\u00e4sse, kann das zu Schmerzen f\u00fchren. Vor allem f\u00fcr Hunde, die mit Gelenk- und Knochenbeschwerden zu k\u00e4mpfen haben, tr\u00e4gt ein Hundemantel sehr zum Wohlbefinden des Vierbeiners bei.<\/p>\n<h2>Ab wie viel Grad braucht ein Hund einen Mantel?<\/h2>\n<p>Eine Studie der Tufts University in den USA hat herausgefunden, dass Temperaturen bis 7 \u00b0C f\u00fcr die meisten Hunde kein Problem darstellen. Ab 4 \u00b0C hingegen fangen kleinere Hunderassen und Hunde mit wenig Fell bereits an zu frieren. Temperaturen von unter 0 \u00b0C sind f\u00fcr alle Hunde unangenehm und werden besonders f\u00fcr kleinere Hunde mit niedrigem K\u00f6rpergewicht kritisch.<\/p>\n<p><img decoding=\"async\" src=\"\/magazin\/app\/uploads\/2021\/02\/109d5409-6366-49c9-815e-4c5d6d846a16.jpg\" \/><\/p>\n<p>Auch bestimmte Hunderassen ben\u00f6tigen bei tiefen Temperaturen warme Hundebekleidung. Einige Rassen haben nur kurzes Fell und keine bzw. kaum Unterwolle, die sie vor der K\u00e4lte sch\u00fctzen. Hierzu z\u00e4hlen zum Beispiel Windhunde, Dobermann, Weimaraner, Rhodesian Ridgeback oder auch Dalmatiner. Diese haben oft auch keine ausreichende Fettschicht, die vor der K\u00e4lte sch\u00fctzt. Kleine Hunde, wie Chihuahuas, Franz\u00f6sische Bulldoggen, Dackel und Co. haben ebenfalls ein schwach ausgepr\u00e4gtes Winterfell. Mit einem passenden Mantel muss der Hund nicht frieren und bleibt gesund.<\/p>\n<p>F\u00fcr Hunde, die im Hundesport aktiv sind, bietet sich ein Hundemantel ebenfalls an. Dieser sollte nat\u00fcrlich nicht w\u00e4hrend des Sports getragen werden, sondern in den Trainingspausen und Ruhephasen zwischen beispielsweise L\u00e4ufen im <a href=\"https:\/\/uelzener.de\/magazin\/hund\/erziehung-und-training\/agility\/\"><strong>Agility<\/strong><\/a>.<\/p>\n<h2>Der richtige Hundemantel f\u00fcr deinen Hund<\/h2>\n<p>Wie findet man einen Hundemantel, der genau zu den Bed\u00fcrfnissen des eigenen Hundes passt? Eins sei vorweggesagt: Bei der Hundebekleidung gilt Funktionalit\u00e4t vor Optik, auch wenn es inzwischen schon viele sch\u00f6ne Modelle gibt.<\/p>\n<p>Unsere geliebten Vierbeiner kommunizieren vor allem \u00fcber die K\u00f6rpersprache. Sind die Hunde komplett in einen Mantel eingepackt, k\u00f6nnen sie schlechter mit ihren Artgenossen agieren. Ist ein Hundemantel notwendig, sollten Hundehalter ein paar Kriterien beachten:<\/p>\n<ul>\n<li><strong>Wasserabweisende Funktion des Hundemantels<\/strong><br \/>\nEin Wollpullover h\u00e4lt nur warm, solange er trocken ist. Ein Hundemantel sollte allerdings wasserdicht sein. Denn saugt sich das kuschelige Innenleben mit Wasser voll, friert der Vierbeiner noch mehr als ohne Mantel.<\/li>\n<li><strong>Hundebekleidung passend zur Jahreszeit<\/strong><br \/>\nIm Herbst reicht ein Schutz vor N\u00e4sse und Regen. Der dicke Wintermantel sollte erst bei niedrigen Temperaturen angezogen werden.<br \/>\n\u00dcbrigens: Hunde schwitzen nicht wie Menschen \u00fcber die Haut. Dennoch sollte der Mantel atmungsaktiv sein.<\/li>\n<li><strong>Die richtige Passform<\/strong><br \/>\nEin Mantel darf den Hund nicht in seiner Bewegungsfreiheit einschr\u00e4nken. Die richtige Gr\u00f6\u00dfe ist entscheidend. Der Stoff sollte den kompletten R\u00fccken bedecken, Gurte und \u00d6sen d\u00fcrfen nirgends einschneiden.<\/li>\n<li><strong>Auch der Bauch sollte bedeckt sein<\/strong><br \/>\nViele Hundem\u00e4ntel bedecken nur den R\u00fccken. Bei vielen Rassehunden, wie dem Windhund, ist der Bauch eine K\u00f6rperpartie mit wenig bis gar keinem Fell. Dort k\u00fchlen die Vierbeiner schnell aus. Achtung: Bei R\u00fcden sollte so viel Platz vorhanden sein, dass beim Wasserlassen nichts im Mantel landet.<\/li>\n<li><strong>Reflektorstreifen am Mantel sind praktisch<\/strong><br \/>\nEin Hundemantel kann den Vierbeiner nicht nur warm halten. Angebrachte Reflektorstreifen sind eine sinnvolle Erg\u00e4nzung. Bei Spazierg\u00e4ngen in der Dunkelheit ist der Vierbeiner viel schneller sichtbar.<\/li>\n<\/ul>\n\n<div class=\"banner\">\n    <a href=\"https:\/\/uelzener.de\/hund\/?agt=0000104925&sem=true&utm_medium=magazin&utm_source=wordpress&utm_campaign=hund&utm_content=banner\">\n        <img decoding=\"async\" width=\"300\" height=\"212\" src=\"https:\/\/uelzener.de\/magazin\/app\/uploads\/2023\/10\/Hunde-Versicherung.jpg\" class=\"attachment-medium size-medium\" alt=\"Banner Hunde-Versicherung\" \/>    <\/a>\n<\/div>\n\n<p>Ein Hundemantel sch\u00fctzt deinen Hund vor den winterlichen Temperaturen. Unsere <strong>Hunde-OP- und Krankenversicherung<\/strong> sch\u00fctzt dich vor unangenehmen Kosten, falls f\u00fcr deinen Vierbeiner ein Tierarztbesuch ansteht. Sichere deinen Hund bei uns ab und die finanziellen Sorgen geh\u00f6ren der Vergangenheit an.<\/p>\n<h2>FAQ: H\u00e4ufig gestellte Fragen<\/h2>\n<h3>Wie messe ich meinen Hund f\u00fcr einen Mantel<\/h3>\n<p>Damit der Mantel deinem Hund optimal passt, solltest du deinen Hund zuerst messen. Es gibt viele Varianten M\u00e4ntel von unterschiedlichen Anbietern. Du hast u. a. die Wahl zwischen gef\u00fcttert und wasserdicht, diversen Materialien und Schnittformen. Falls du f\u00fcr deinen Hund ein <a href=\"https:\/\/uelzener.de\/magazin\/hund\/haeufige-fragen\/halsband-oder-geschirr\/\" target=\"_blank\" rel=\"noopener\">Geschirr statt Halsband<\/a> verwendest, achte darauf, dass der Mantel die M\u00f6glichkeit hat, die Leine am Geschirr befestigen zu k\u00f6nnen.<\/p>\n<p>F\u00fcr die Auswahl eines passenden Mantels bieten Hersteller und Shops Gr\u00f6\u00dfentabellen an. Die Gr\u00f6\u00dfe des jeweiligen Mantels wird anhand von R\u00fcckenl\u00e4nge, Brustumfang und Halsumfang, zum Teil auch Kopfumfang, bestimmt. Um deinen Hund korrekt ausmessen zu k\u00f6nnen, sollte er ruhig und gerade stehen. Folgende Ma\u00dfe brauchst du, um die passende Gr\u00f6\u00dfe zu finden:<\/p>\n<ul>\n<li>R\u00fcckenl\u00e4nge vom Halsband bis zur Rute<\/li>\n<li>Brustumfang an der st\u00e4rksten Stelle<\/li>\n<li>Kopfumfang an der st\u00e4rksten Stelle<\/li>\n<li>Halsumfang an der Stelle, an der auch ein Halsband sitzen w\u00fcrde<\/li>\n<\/ul>\n","protected":false},"excerpt":{"rendered":"<p>Bei eisigen Temperaturen ziehen wir Menschen beim Spaziergang den Rei\u00dfverschluss unserer Jacke noch ein St\u00fcck h\u00f6her. Und unsere Hunde sch\u00fctzt das dicke Winterfell. Oder? Wir kl\u00e4ren auf, wann ein Hundemantel f\u00fcr Vierbeiner sinnvoll ist. Hundemantel \u2013 wann ist er sinnvoll? Jedes Jahr, wenn es drau\u00dfen k\u00e4lter wird oder ein Winterurlaub mit dem Hund geplant wird, [&hellip;]<\/p>\n","protected":false},"author":1,"featured_media":12832,"parent":11707,"menu_order":25,"comment_status":"open","ping_status":"open","template":"templates\/blog.php","meta":{"_acf_changed":false,"_crdt_document":"","footnotes":"","beyondwords_generate_audio":"0","beyondwords_project_id":"","beyondwords_content_id":"","beyondwords_preview_token":"","beyondwords_player_style":"","beyondwords_language_id":"","beyondwords_title_voice_id":"","beyondwords_body_voice_id":"","beyondwords_summary_voice_id":"","beyondwords_error_message":"","beyondwords_disabled":"","beyondwords_delete_content":"","beyondwords_podcast_id":"","beyondwords_hash":"","publish_post_to_speechkit":"","speechkit_hash":"","speechkit_generate_audio":"","speechkit_project_id":"","speechkit_podcast_id":"","speechkit_error_message":"","speechkit_disabled":"","speechkit_access_key":"","speechkit_error":"","speechkit_info":"","speechkit_response":"","speechkit_retries":"","speechkit_status":"","speechkit_updated_at":"","_speechkit_link":"","_speechkit_text":""},"class_list":["post-10087","page","type-page","status-publish","has-post-thumbnail","hentry"],"acf":[],"yoast_head":"<!-- This site is optimized with the Yoast SEO Premium plugin  - https:\/\/yoast.com\/product\/yoast-seo-premium-wordpress\/ -->\n<title>Wenn Hunde frieren: Hundemantel im Winter | Uelzener<\/title>\n<meta name=\"description\" content=\"Erfahre \u2713 ab wann Hunde frieren und \u2713 wann ein Hundemantel f\u00fcr deinen Vierbeiner sinnvoll ist \u25b6 Hier informieren!\" \/>\n<meta name=\"robots\" content=\"index, follow, max-snippet:-1, max-image-preview:large, max-video-preview:-1\" \/>\n<link rel=\"canonical\" href=\"https:\/\/uelzener.de\/magazin\/hund\/tipps-fuer-den-alltag\/hundemantel-winter\/\" \/>\n<meta property=\"og:locale\" content=\"de_DE\" \/>\n<meta property=\"og:type\" content=\"article\" \/>\n<meta property=\"og:title\" content=\"Wenn Hunde frieren: Hundemantel im Winter\" \/>\n<meta property=\"og:description\" content=\"Erfahre \u2713 ab wann Hunde frieren und \u2713 wann ein Hundemantel f\u00fcr deinen Vierbeiner sinnvoll ist \u25b6 Hier informieren!\" \/>\n<meta property=\"og:url\" content=\"https:\/\/uelzener.de\/magazin\/hund\/tipps-fuer-den-alltag\/hundemantel-winter\/\" \/>\n<meta property=\"og:site_name\" content=\"Uelzener Tier-Magazin\" \/>\n<meta property=\"article:publisher\" content=\"https:\/\/www.facebook.com\/Uelzener\" \/>\n<meta property=\"article:modified_time\" content=\"2024-03-12T09:58:18+00:00\" \/>\n<meta property=\"og:image\" content=\"https:\/\/uelzener.de\/magazin\/app\/uploads\/2021\/10\/Wenn-Hunde-frieren.jpg\" \/>\n\t<meta property=\"og:image:width\" content=\"1024\" \/>\n\t<meta property=\"og:image:height\" content=\"450\" \/>\n\t<meta property=\"og:image:type\" content=\"image\/jpeg\" \/>\n<meta name=\"twitter:card\" content=\"summary_large_image\" \/>\n<meta name=\"twitter:label1\" content=\"Gesch\u00e4tzte Lesezeit\" \/>\n\t<meta name=\"twitter:data1\" content=\"5\u00a0Minuten\" \/>\n<script type=\"application\/ld+json\" class=\"yoast-schema-graph\">{\"@context\":\"https:\/\/schema.org\",\"@graph\":[{\"@type\":\"WebPage\",\"@id\":\"https:\/\/uelzener.de\/magazin\/hund\/tipps-fuer-den-alltag\/hundemantel-winter\/\",\"url\":\"https:\/\/uelzener.de\/magazin\/hund\/tipps-fuer-den-alltag\/hundemantel-winter\/\",\"name\":\"Wenn Hunde frieren: Hundemantel im Winter | Uelzener\",\"isPartOf\":{\"@id\":\"https:\/\/uelzener.de\/magazin\/#website\"},\"primaryImageOfPage\":{\"@id\":\"https:\/\/uelzener.de\/magazin\/hund\/tipps-fuer-den-alltag\/hundemantel-winter\/#primaryimage\"},\"image\":{\"@id\":\"https:\/\/uelzener.de\/magazin\/hund\/tipps-fuer-den-alltag\/hundemantel-winter\/#primaryimage\"},\"thumbnailUrl\":\"https:\/\/uelzener.de\/magazin\/app\/uploads\/2021\/10\/Wenn-Hunde-frieren.jpg\",\"datePublished\":\"2023-01-22T16:00:00+00:00\",\"dateModified\":\"2024-03-12T09:58:18+00:00\",\"description\":\"Erfahre \u2713 ab wann Hunde frieren und \u2713 wann ein Hundemantel f\u00fcr deinen Vierbeiner sinnvoll ist \u25b6 Hier informieren!\",\"breadcrumb\":{\"@id\":\"https:\/\/uelzener.de\/magazin\/hund\/tipps-fuer-den-alltag\/hundemantel-winter\/#breadcrumb\"},\"inLanguage\":\"de\",\"potentialAction\":[{\"@type\":\"ReadAction\",\"target\":[\"https:\/\/uelzener.de\/magazin\/hund\/tipps-fuer-den-alltag\/hundemantel-winter\/\"]}]},{\"@type\":\"ImageObject\",\"inLanguage\":\"de\",\"@id\":\"https:\/\/uelzener.de\/magazin\/hund\/tipps-fuer-den-alltag\/hundemantel-winter\/#primaryimage\",\"url\":\"https:\/\/uelzener.de\/magazin\/app\/uploads\/2021\/10\/Wenn-Hunde-frieren.jpg\",\"contentUrl\":\"https:\/\/uelzener.de\/magazin\/app\/uploads\/2021\/10\/Wenn-Hunde-frieren.jpg\",\"width\":1024,\"height\":450,\"caption\":\"Auch Hunde frieren, deswegen ist es wichtig bei kalten Temperaturen f\u00fcr die richtige Kleidung zu sorgen.\"},{\"@type\":\"WebSite\",\"@id\":\"https:\/\/uelzener.de\/magazin\/#website\",\"url\":\"https:\/\/uelzener.de\/magazin\/\",\"name\":\"Uelzener Tiermagazin\",\"description\":\"Online Tierratgeber der Uelzener Versicherungen\",\"publisher\":{\"@id\":\"https:\/\/uelzener.de\/magazin\/#organization\"},\"potentialAction\":[{\"@type\":\"SearchAction\",\"target\":{\"@type\":\"EntryPoint\",\"urlTemplate\":\"https:\/\/uelzener.de\/magazin\/?s={search_term_string}\"},\"query-input\":{\"@type\":\"PropertyValueSpecification\",\"valueRequired\":true,\"valueName\":\"search_term_string\"}}],\"inLanguage\":\"de\"},{\"@type\":\"Organization\",\"@id\":\"https:\/\/uelzener.de\/magazin\/#organization\",\"name\":\"Uelzener Versicherungen\",\"url\":\"https:\/\/uelzener.de\/magazin\/\",\"logo\":{\"@type\":\"ImageObject\",\"inLanguage\":\"de\",\"@id\":\"https:\/\/uelzener.de\/magazin\/#\/schema\/logo\/image\/\",\"url\":\"https:\/\/uelzener.de\/magazin\/app\/uploads\/2024\/11\/uelzener_allgemeine_versicherungsgesellschaft_a_g_logo.jpg\",\"contentUrl\":\"https:\/\/uelzener.de\/magazin\/app\/uploads\/2024\/11\/uelzener_allgemeine_versicherungsgesellschaft_a_g_logo.jpg\",\"width\":200,\"height\":200,\"caption\":\"Uelzener Versicherungen\"},\"image\":{\"@id\":\"https:\/\/uelzener.de\/magazin\/#\/schema\/logo\/image\/\"},\"sameAs\":[\"https:\/\/www.facebook.com\/Uelzener\",\"https:\/\/instagram.com\/uelzener\",\"https:\/\/www.xing.com\/pages\/uelzenerallgemeineversicherungs-gesellschafta-g\",\"https:\/\/www.youtube.com\/UelzenerVersicherungen\"]}]}<\/script>\n<!-- \/ Yoast SEO Premium plugin. -->","yoast_head_json":{"title":"Wenn Hunde frieren: Hundemantel im Winter | Uelzener","description":"Erfahre \u2713 ab wann Hunde frieren und \u2713 wann ein Hundemantel f\u00fcr deinen Vierbeiner sinnvoll ist \u25b6 Hier informieren!","robots":{"index":"index","follow":"follow","max-snippet":"max-snippet:-1","max-image-preview":"max-image-preview:large","max-video-preview":"max-video-preview:-1"},"canonical":"https:\/\/uelzener.de\/magazin\/hund\/tipps-fuer-den-alltag\/hundemantel-winter\/","og_locale":"de_DE","og_type":"article","og_title":"Wenn Hunde frieren: Hundemantel im Winter","og_description":"Erfahre \u2713 ab wann Hunde frieren und \u2713 wann ein Hundemantel f\u00fcr deinen Vierbeiner sinnvoll ist \u25b6 Hier informieren!","og_url":"https:\/\/uelzener.de\/magazin\/hund\/tipps-fuer-den-alltag\/hundemantel-winter\/","og_site_name":"Uelzener Tier-Magazin","article_publisher":"https:\/\/www.facebook.com\/Uelzener","article_modified_time":"2024-03-12T09:58:18+00:00","og_image":[{"width":1024,"height":450,"url":"https:\/\/uelzener.de\/magazin\/app\/uploads\/2021\/10\/Wenn-Hunde-frieren.jpg","type":"image\/jpeg"}],"twitter_card":"summary_large_image","twitter_misc":{"Gesch\u00e4tzte Lesezeit":"5\u00a0Minuten"},"schema":{"@context":"https:\/\/schema.org","@graph":[{"@type":"WebPage","@id":"https:\/\/uelzener.de\/magazin\/hund\/tipps-fuer-den-alltag\/hundemantel-winter\/","url":"https:\/\/uelzener.de\/magazin\/hund\/tipps-fuer-den-alltag\/hundemantel-winter\/","name":"Wenn Hunde frieren: Hundemantel im Winter | Uelzener","isPartOf":{"@id":"https:\/\/uelzener.de\/magazin\/#website"},"primaryImageOfPage":{"@id":"https:\/\/uelzener.de\/magazin\/hund\/tipps-fuer-den-alltag\/hundemantel-winter\/#primaryimage"},"image":{"@id":"https:\/\/uelzener.de\/magazin\/hund\/tipps-fuer-den-alltag\/hundemantel-winter\/#primaryimage"},"thumbnailUrl":"https:\/\/uelzener.de\/magazin\/app\/uploads\/2021\/10\/Wenn-Hunde-frieren.jpg","datePublished":"2023-01-22T16:00:00+00:00","dateModified":"2024-03-12T09:58:18+00:00","description":"Erfahre \u2713 ab wann Hunde frieren und \u2713 wann ein Hundemantel f\u00fcr deinen Vierbeiner sinnvoll ist \u25b6 Hier informieren!","breadcrumb":{"@id":"https:\/\/uelzener.de\/magazin\/hund\/tipps-fuer-den-alltag\/hundemantel-winter\/#breadcrumb"},"inLanguage":"de","potentialAction":[{"@type":"ReadAction","target":["https:\/\/uelzener.de\/magazin\/hund\/tipps-fuer-den-alltag\/hundemantel-winter\/"]}]},{"@type":"ImageObject","inLanguage":"de","@id":"https:\/\/uelzener.de\/magazin\/hund\/tipps-fuer-den-alltag\/hundemantel-winter\/#primaryimage","url":"https:\/\/uelzener.de\/magazin\/app\/uploads\/2021\/10\/Wenn-Hunde-frieren.jpg","contentUrl":"https:\/\/uelzener.de\/magazin\/app\/uploads\/2021\/10\/Wenn-Hunde-frieren.jpg","width":1024,"height":450,"caption":"Auch Hunde frieren, deswegen ist es wichtig bei kalten Temperaturen f\u00fcr die richtige Kleidung zu sorgen."},{"@type":"WebSite","@id":"https:\/\/uelzener.de\/magazin\/#website","url":"https:\/\/uelzener.de\/magazin\/","name":"Uelzener Tiermagazin","description":"Online Tierratgeber der Uelzener Versicherungen","publisher":{"@id":"https:\/\/uelzener.de\/magazin\/#organization"},"potentialAction":[{"@type":"SearchAction","target":{"@type":"EntryPoint","urlTemplate":"https:\/\/uelzener.de\/magazin\/?s={search_term_string}"},"query-input":{"@type":"PropertyValueSpecification","valueRequired":true,"valueName":"search_term_string"}}],"inLanguage":"de"},{"@type":"Organization","@id":"https:\/\/uelzener.de\/magazin\/#organization","name":"Uelzener Versicherungen","url":"https:\/\/uelzener.de\/magazin\/","logo":{"@type":"ImageObject","inLanguage":"de","@id":"https:\/\/uelzener.de\/magazin\/#\/schema\/logo\/image\/","url":"https:\/\/uelzener.de\/magazin\/app\/uploads\/2024\/11\/uelzener_allgemeine_versicherungsgesellschaft_a_g_logo.jpg","contentUrl":"https:\/\/uelzener.de\/magazin\/app\/uploads\/2024\/11\/uelzener_allgemeine_versicherungsgesellschaft_a_g_logo.jpg","width":200,"height":200,"caption":"Uelzener Versicherungen"},"image":{"@id":"https:\/\/uelzener.de\/magazin\/#\/schema\/logo\/image\/"},"sameAs":["https:\/\/www.facebook.com\/Uelzener","https:\/\/instagram.com\/uelzener","https:\/\/www.xing.com\/pages\/uelzenerallgemeineversicherungs-gesellschafta-g","https:\/\/www.youtube.com\/UelzenerVersicherungen"]}]}},"_links":{"self":[{"href":"https:\/\/uelzener.de\/magazin\/wp-json\/wp\/v2\/pages\/10087","targetHints":{"allow":["GET"]}}],"collection":[{"href":"https:\/\/uelzener.de\/magazin\/wp-json\/wp\/v2\/pages"}],"about":[{"href":"https:\/\/uelzener.de\/magazin\/wp-json\/wp\/v2\/types\/page"}],"author":[{"embeddable":true,"href":"https:\/\/uelzener.de\/magazin\/wp-json\/wp\/v2\/users\/1"}],"replies":[{"embeddable":true,"href":"https:\/\/uelzener.de\/magazin\/wp-json\/wp\/v2\/comments?post=10087"}],"version-history":[{"count":22,"href":"https:\/\/uelzener.de\/magazin\/wp-json\/wp\/v2\/pages\/10087\/revisions"}],"predecessor-version":[{"id":17139,"href":"https:\/\/uelzener.de\/magazin\/wp-json\/wp\/v2\/pages\/10087\/revisions\/17139"}],"up":[{"embeddable":true,"href":"https:\/\/uelzener.de\/magazin\/wp-json\/wp\/v2\/pages\/11707"}],"wp:featuredmedia":[{"embeddable":true,"href":"https:\/\/uelzener.de\/magazin\/wp-json\/wp\/v2\/media\/12832"}],"wp:attachment":[{"href":"https:\/\/uelzener.de\/magazin\/wp-json\/wp\/v2\/media?parent=10087"}],"curies":[{"name":"wp","href":"https:\/\/api.w.org\/{rel}","templated":true}]}}