{"id":10086,"date":"2019-12-17T00:00:00","date_gmt":"2019-12-17T00:00:00","guid":{"rendered":""},"modified":"2024-05-02T12:26:05","modified_gmt":"2024-05-02T10:26:05","slug":"hund-im-dunkeln-sichtbar-machen","status":"publish","type":"page","link":"https:\/\/uelzener.de\/magazin\/hund\/tipps-fuer-den-alltag\/hund-im-dunkeln-sichtbar-machen\/","title":{"rendered":"So machst du deinen Hund im Dunkeln sichtbar"},"content":{"rendered":"<p>Mit Sicherheit durch die dunklen Tage: Warnwesten, Reflektoren und Blinklichter geh\u00f6ren dazu. Was musst du beachten, um unfallfrei mit deinem Hund im Dunkeln spazieren zu gehen und welche Hilfsmittel ergeben Sinn? \u00a0Mit unseren Tipps sind du und dein Hund auf jeden Fall sichtbar und kommen unbeschadet durch die Dunkelheit.<\/p>\n<h2>Mit dem Hund durch die Dunkelheit<\/h2>\n<p>Es ist morgens und abends, wenn man von der Arbeit kommt, dunkel. F\u00fcr Hundebesitzer bedeutet das: Spazierg\u00e4nge im Tageslicht gibt es fast nur noch am Wochenende. Ein Spaziergang durch die Dunkelheit kann aber auch Vorteile haben. Meist begegnet man im Dunkeln kaum einer Menschenseele und kann ungest\u00f6rt den Spaziergang mit seinem Hund genie\u00dfen.<br \/>\nAllerdings birgt die Dunkelheit auch einige Gefahren f\u00fcr Mensch und Tier. F\u00fcr das <a href=\"https:\/\/uelzener.de\/magazin\/hund\/tipps-fuer-den-alltag\/gassi-gehen\/\" target=\"_blank\" rel=\"noopener\">Gassigehen<\/a> n im Dunkeln sollte man sich entsprechend vorbereiten, damit niemand gef\u00e4hrdet wird.<\/p>\n<h2>Durch Sichtbarkeit Unf\u00e4lle verhindern<\/h2>\n<p>Wer h\u00e4ufig im Dunkeln unterwegs ist, sollte unbedingt daf\u00fcr sorgen, dass Mensch und Hund f\u00fcr alle Verkehrsteilnehmer gut zu sehen sind. Zum einen sch\u00fctzt das nat\u00fcrlich einen selbst und den eigenen Hund, zum anderen aber auch Passanten sowie Rad- und Autofahrer. Denn eine im Weg h\u00e4ngende, im Dunklen nahezu unsichtbare Leine wird f\u00fcr Fu\u00dfg\u00e4nger schnell zu einer gef\u00e4hrlichen Stolperfalle. Ein \u201eunbeleuchteter\u201c Hund, der mal eben vor dem Radfahrer auf die andere Seite des Weges wechselt, kann zu einem schweren Sturz f\u00fchren. F\u00fcr Autofahrer ist die Situation noch un\u00fcbersichtlicher, wenn sie den Hund erst im letzten Moment erkennen k\u00f6nnen.<\/p>\n<p>Leucht-Accessoires bringen Sichtbarkeit in der Dunkelheit. Als Hundehalter erkennt man au\u00dferdem seinen Hund im Freilauf ohne Leine besser und entgegenkommende Mensch-Hund-Teams sind gewarnt. Beide Parteien k\u00f6nnen so ihren Hund stressfrei anleinen und eine ungeplante Konfrontation der Vierbeiner ist ausgeschlossen.<\/p>\n<p>Gr\u00fcnde gibt es also genug, um Hund und Halter entsprechend auszur\u00fcsten und f\u00fcr die Dunkelheit sichtbar zu machen.<\/p>\n<h2>Leuchtendes Zubeh\u00f6r f\u00fcr den Hund<\/h2>\n<p>Mittlerweile gibt es viele verschiedene Produkte, um den Hund f\u00fcr andere gut sichtbar zu machen. Zun\u00e4chst bieten sich reflektierende Warnwesten, Geschirre und Leinen an, die das Licht von Scheinwerfern, Stra\u00dfenlaternen und Taschenlampen zur\u00fcckwerfen. Besonders beim Spaziergang in der Stadt, an einer Stra\u00dfe oder beim \u00dcberqueren des Zebrastreifens ist der Hund so gut zu erkennen. Der Hund kann so schon von weitem erkannt werden. Zudem lassen sich dadurch auch die K\u00f6rperma\u00dfe des Hundes gut einsch\u00e4tzen. Besonders Warnwesten f\u00fcr Hunde geben hierbei eine Menge Sicherheit, da die reflektierende Fl\u00e4che besonders gro\u00df ist.<\/p>\n<p>Auf abgelegenen Wegen oder im dunklen Wald ist man mit Leuchthalsb\u00e4ndern und Blink-Lichtern besser bedient. Hier bringen Reflektorstreifen keinen Vorteil. Leuchthalsb\u00e4nder und Blinkis werden einfach eingeschaltet und schon ist Ihr Hund f\u00fcr Sie und andere Spazierg\u00e4nger gut sichtbar. Es gibt inzwischen verschiedene Hersteller von LED-Leuchtmitteln, die eine lange Leuchtdauer haben und zu Hause einfach wieder aufgeladen werden k\u00f6nnen.<\/p>\n<p><img decoding=\"async\" src=\"\/magazin\/app\/uploads\/2021\/02\/3dd2d9a0-d696-4e5e-8bb4-20bbc8700909.jpg\" \/><\/p>\n<p>Blink-Lichter und Leuchthalsb\u00e4nder k\u00f6nnen Hunde gut sichtbar machen. Hat der eigene Hund jedoch langes und dichtes Fell, ist der Leuchteffekt oft sehr gering oder das Leuchthalsband verschwindet komplett im Fell. Hier sollten Sie auf eine lichtstarke Variante und bei auf eine ausreichende Dicke achten, damit es in dem dicken Fell auch zu sehen ist.<\/p>\n<h2>Checkliste f\u00fcr einen sicheren Spaziergang in der Dunkelheit:<\/h2>\n<ul>\n<li>Reflektierende Leine, <a href=\"https:\/\/uelzener.de\/magazin\/hund\/haeufige-fragen\/halsband-oder-geschirr\/\" target=\"_blank\" rel=\"noopener\">Halsband, Geschirr<\/a> oder Warnweste f\u00fcr den Hund<\/li>\n<li>Leuchthalsb\u00e4nder oder LED-Blink-Lichter f\u00fcr den Hund<\/li>\n<li>Reflektierende Kleidung oder Warnweste f\u00fcr den Mensch<\/li>\n<li>Taschenlampe oder Stirn- bzw. Kopflampe<\/li>\n<li>Je mehr, desto besser: kombinieren Sie verschiedene Produkte f\u00fcr die optimale Sichtbarkeit<\/li>\n<\/ul>\n<p>Die Sichtbarkeit im Dunkeln und damit auch die Sicherheit von Hund und Halter sollten gerade in der dunklen Jahreszeit an erster Stelle stehen. Falls es trotz guter Vorkehrungen dennoch zu einem Leistungsfall kommen, der von deinem Hund verursacht wurde, sch\u00fctzt dich unsere Hundehalter-Haftpflichtversicherung vor den Kosten.<\/p>\n\n<div class=\"related_articles boxed\">\n    <h2>Mehr zum Thema<\/h2>\n    \n    <div class=\"wrapper\"><div class=\"title align-center\"><h3><a href=\"https:\/\/uelzener.de\/magazin\/hund\/erziehung-und-training\/hundekommandos\/\">Hundekommandos, die sitzen sollten<\/a><\/h3><\/div><div class=\"img align-center\"><img decoding=\"async\" width=\"315\" height=\"180\" src=\"https:\/\/uelzener.de\/magazin\/app\/uploads\/2022\/09\/Aufmerksamer-Hund-trainiert-mit-Besitzerin-Grundkommandos-315x180.jpg\" class=\"attachment-315x180 size-315x180 wp-post-image\" alt=\"Aufmerksamer Hund trainiert mit Frauchen das Hundekommando, gib Pfote.\" \/><\/div><\/div><div class=\"wrapper\"><div class=\"title align-center\"><h3><a href=\"https:\/\/uelzener.de\/magazin\/hund\/tipps-fuer-den-alltag\/koennen-hunde-im-dunkeln-sehen\/\">K\u00f6nnen Hunde im Dunkeln sehen?<\/a><\/h3><\/div><div class=\"img align-center\"><img decoding=\"async\" width=\"315\" height=\"180\" src=\"https:\/\/uelzener.de\/magazin\/app\/uploads\/2023\/11\/koennen-hunde-im-dunkeln-sehen-315x180.jpg\" class=\"attachment-315x180 size-315x180 wp-post-image\" alt=\"Hund sitzt drau\u00dfen im Dunkeln. Kann er im Dunkeln sehen?\" \/><\/div><\/div><div class=\"wrapper\"><div class=\"title align-center\"><h3><a href=\"https:\/\/uelzener.de\/magazin\/hund\/haltung\/hunde-in-der-stadt-halten\/\">Hunde in der Stadt halten: So funktioniert\u2019s!<\/a><\/h3><\/div><div class=\"img align-center\"><img decoding=\"async\" width=\"315\" height=\"180\" src=\"https:\/\/uelzener.de\/magazin\/app\/uploads\/2024\/05\/hund-in-der-stadt-315x180.jpg\" class=\"attachment-315x180 size-315x180 wp-post-image\" alt=\"Frau mit zwei Hunden beim Gassi in der Stadt.\" \/><\/div><\/div><\/div>\n\n<h2>Leinenpflicht f\u00fcr den Hund in der Dunkelheit?<\/h2>\n<p>Nat\u00fcrlich gibt es offiziell keine Leinenpflicht f\u00fcr den Hund in der dunklen Jahreszeit. Allerdings empfiehlt es sich, seinen Hund an der kurzen Leine oder an der Schleppleine zu lassen, da viele Hunde bei Dunkelheit anders reagieren als im Hellen. N\u00e4her kommende Passanten, andere Hunde sowie M\u00fclleimer und B\u00fcsche k\u00f6nnen Hunde schlechter einsch\u00e4tzen und empfinden diese daher als bedrohlich. Mit einer Leine haben Hundehalter mehr Kontrolle und k\u00f6nnen im Notfall schneller eingreifen. Damit wird auch verhindern, dass der Hund wegl\u00e4uft, falls er sich vor einem mysteri\u00f6sen Gegenstand erschreckt.<br \/>\nHunde mit Jagdtrieb sollten an der Leine gef\u00fchrt werden. Damit kannst du verhindern, dass dein Vierbeiner Wild jagt, dieses in Angst und Schrecken versetzt und du deinen Hund anschlie\u00dfend im Wald suchen musst. Mit einer Leine ist die Unfallgefahr f\u00fcr sich selbst, seinem Hund und allen anderen Verkehrsteilnehmern viel geringer.<\/p>\n<p>\u00dcbrigens: Mit unserer Hundehalter-Haftpflichtversicherung besteht auch Versicherungsschutz, wenn dein Hund im Dunkeln ohne Leine und ohne Beleuchtung umherl\u00e4uft. F\u00fcr die Sicherheit deines Hundes und der anderen Verkehrsteilnehmer bitten wir dich jedoch, deinen Hund entsprechend sichtbar zu machen.<\/p>\n\n<div class=\"banner\">\n    <a href=\"https:\/\/uelzener.de\/hund\/hunde-haftpflichtversicherung\/?agt=0000104925&sem=true&utm_medium=magazin&utm_source=wordpress&utm_campaign=hund_haf&utm_content=banner\">\n        <img decoding=\"async\" width=\"300\" height=\"212\" src=\"https:\/\/uelzener.de\/magazin\/app\/uploads\/2025\/01\/Hundehalter-Haftpflicht-Versicherung.jpg\" class=\"attachment-medium size-medium\" alt=\"Banner Hundehalter-Haftpflicht-Versicherung\" \/>    <\/a>\n<\/div>\n\n<h2>Die eigene Sichtbarkeit<\/h2>\n<p>Neben der Ausr\u00fcstung f\u00fcr den Hund sollte auch der Mensch rechtzeitig f\u00fcr andere Verkehrsteilnehmer sichtbar sein. Auto- und Radfahrer sehen entgegenkommende Personen besser, wenn der Mensch eine Jacke mit Reflektorstreifen tr\u00e4gt, sich eine Warnweste \u00fcberzieht oder ein LED-Licht an der Jacke befestigt hat. Auch die Taschenlampe ist ein bew\u00e4hrtes Mittel, um in dunklen Ecken den Weg nach Matschl\u00f6chern oder anderen \u00dcberraschungen auszuleuchten. Wer nicht die ganze Zeit eine Taschenlampe in der Hand halten m\u00f6chte, kann auch auf eine Stirn- oder Kopflampe zur\u00fcckgreifen. Somit ist man f\u00fcr andere schneller sichtbar und die Dunkelheit kann einem nichts anhaben.<\/p>\n","protected":false},"excerpt":{"rendered":"<p>Mit Sicherheit durch die dunklen Tage: Warnwesten, Reflektoren und Blinklichter geh\u00f6ren dazu. Was musst du beachten, um unfallfrei mit deinem Hund im Dunkeln spazieren zu gehen und welche Hilfsmittel ergeben Sinn? \u00a0Mit unseren Tipps sind du und dein Hund auf jeden Fall sichtbar und kommen unbeschadet durch die Dunkelheit. Mit dem Hund durch die Dunkelheit [&hellip;]<\/p>\n","protected":false},"author":1,"featured_media":12833,"parent":11707,"menu_order":19,"comment_status":"open","ping_status":"open","template":"templates\/blog.php","meta":{"_acf_changed":false,"_crdt_document":"","footnotes":"","beyondwords_generate_audio":"0","beyondwords_project_id":"","beyondwords_content_id":"","beyondwords_preview_token":"","beyondwords_player_style":"","beyondwords_language_id":"","beyondwords_title_voice_id":"","beyondwords_body_voice_id":"","beyondwords_summary_voice_id":"","beyondwords_error_message":"","beyondwords_disabled":"","beyondwords_delete_content":"","beyondwords_podcast_id":"","beyondwords_hash":"","publish_post_to_speechkit":"","speechkit_hash":"","speechkit_generate_audio":"","speechkit_project_id":"","speechkit_podcast_id":"","speechkit_error_message":"","speechkit_disabled":"","speechkit_access_key":"","speechkit_error":"","speechkit_info":"","speechkit_response":"","speechkit_retries":"","speechkit_status":"","speechkit_updated_at":"","_speechkit_link":"","_speechkit_text":""},"class_list":["post-10086","page","type-page","status-publish","has-post-thumbnail","hentry"],"acf":[],"yoast_head":"<!-- This site is optimized with the Yoast SEO Premium plugin  - https:\/\/yoast.com\/product\/yoast-seo-premium-wordpress\/ -->\n<title>So machst du deinen Hund im Dunkeln sichtbar | Uelzener Tier-Magazin<\/title>\n<meta name=\"description\" content=\"Sicher durch die Dunkelheit: Warnwesten, Reflektoren und Blinklichter geh\u00f6ren dazu. Was musst du beachten, um unfallfrei mit deinem Hund spazieren zu gehen?\" \/>\n<meta name=\"robots\" content=\"index, follow, max-snippet:-1, max-image-preview:large, max-video-preview:-1\" \/>\n<link rel=\"canonical\" href=\"https:\/\/uelzener.de\/magazin\/hund\/tipps-fuer-den-alltag\/hund-im-dunkeln-sichtbar-machen\/\" \/>\n<meta property=\"og:locale\" content=\"de_DE\" \/>\n<meta property=\"og:type\" content=\"article\" \/>\n<meta property=\"og:title\" content=\"So machst du deinen Hund im Dunkeln sichtbar\" \/>\n<meta property=\"og:description\" content=\"Sicher durch die Dunkelheit: Warnwesten, Reflektoren und Blinklichter geh\u00f6ren dazu. Was musst du beachten, um unfallfrei mit deinem Hund spazieren zu gehen?\" \/>\n<meta property=\"og:url\" content=\"https:\/\/uelzener.de\/magazin\/hund\/tipps-fuer-den-alltag\/hund-im-dunkeln-sichtbar-machen\/\" \/>\n<meta property=\"og:site_name\" content=\"Uelzener Tier-Magazin\" \/>\n<meta property=\"article:publisher\" content=\"https:\/\/www.facebook.com\/Uelzener\" \/>\n<meta property=\"article:modified_time\" content=\"2024-05-02T10:26:05+00:00\" \/>\n<meta property=\"og:image\" content=\"https:\/\/uelzener.de\/magazin\/app\/uploads\/2021\/10\/Sichtbarkeit-im-Dunkeln.jpg\" \/>\n\t<meta property=\"og:image:width\" content=\"1024\" \/>\n\t<meta property=\"og:image:height\" content=\"450\" \/>\n\t<meta property=\"og:image:type\" content=\"image\/jpeg\" \/>\n<meta name=\"twitter:card\" content=\"summary_large_image\" \/>\n<meta name=\"twitter:label1\" content=\"Gesch\u00e4tzte Lesezeit\" \/>\n\t<meta name=\"twitter:data1\" content=\"5\u00a0Minuten\" \/>\n<script type=\"application\/ld+json\" class=\"yoast-schema-graph\">{\"@context\":\"https:\\\/\\\/schema.org\",\"@graph\":[{\"@type\":\"WebPage\",\"@id\":\"https:\\\/\\\/uelzener.de\\\/magazin\\\/hund\\\/tipps-fuer-den-alltag\\\/hund-im-dunkeln-sichtbar-machen\\\/\",\"url\":\"https:\\\/\\\/uelzener.de\\\/magazin\\\/hund\\\/tipps-fuer-den-alltag\\\/hund-im-dunkeln-sichtbar-machen\\\/\",\"name\":\"So machst du deinen Hund im Dunkeln sichtbar | Uelzener Tier-Magazin\",\"isPartOf\":{\"@id\":\"https:\\\/\\\/uelzener.de\\\/magazin\\\/#website\"},\"primaryImageOfPage\":{\"@id\":\"https:\\\/\\\/uelzener.de\\\/magazin\\\/hund\\\/tipps-fuer-den-alltag\\\/hund-im-dunkeln-sichtbar-machen\\\/#primaryimage\"},\"image\":{\"@id\":\"https:\\\/\\\/uelzener.de\\\/magazin\\\/hund\\\/tipps-fuer-den-alltag\\\/hund-im-dunkeln-sichtbar-machen\\\/#primaryimage\"},\"thumbnailUrl\":\"https:\\\/\\\/uelzener.de\\\/magazin\\\/app\\\/uploads\\\/2021\\\/10\\\/Sichtbarkeit-im-Dunkeln.jpg\",\"datePublished\":\"2019-12-17T00:00:00+00:00\",\"dateModified\":\"2024-05-02T10:26:05+00:00\",\"description\":\"Sicher durch die Dunkelheit: Warnwesten, Reflektoren und Blinklichter geh\u00f6ren dazu. Was musst du beachten, um unfallfrei mit deinem Hund spazieren zu gehen?\",\"breadcrumb\":{\"@id\":\"https:\\\/\\\/uelzener.de\\\/magazin\\\/hund\\\/tipps-fuer-den-alltag\\\/hund-im-dunkeln-sichtbar-machen\\\/#breadcrumb\"},\"inLanguage\":\"de\",\"potentialAction\":[{\"@type\":\"ReadAction\",\"target\":[\"https:\\\/\\\/uelzener.de\\\/magazin\\\/hund\\\/tipps-fuer-den-alltag\\\/hund-im-dunkeln-sichtbar-machen\\\/\"]}]},{\"@type\":\"ImageObject\",\"inLanguage\":\"de\",\"@id\":\"https:\\\/\\\/uelzener.de\\\/magazin\\\/hund\\\/tipps-fuer-den-alltag\\\/hund-im-dunkeln-sichtbar-machen\\\/#primaryimage\",\"url\":\"https:\\\/\\\/uelzener.de\\\/magazin\\\/app\\\/uploads\\\/2021\\\/10\\\/Sichtbarkeit-im-Dunkeln.jpg\",\"contentUrl\":\"https:\\\/\\\/uelzener.de\\\/magazin\\\/app\\\/uploads\\\/2021\\\/10\\\/Sichtbarkeit-im-Dunkeln.jpg\",\"width\":1024,\"height\":450,\"caption\":\"Durch sein Leuchtgeschirr wird der kleine Hund im dunkeln sichtbar.\"},{\"@type\":\"WebSite\",\"@id\":\"https:\\\/\\\/uelzener.de\\\/magazin\\\/#website\",\"url\":\"https:\\\/\\\/uelzener.de\\\/magazin\\\/\",\"name\":\"Uelzener Tiermagazin\",\"description\":\"Online Tierratgeber der Uelzener Versicherungen\",\"publisher\":{\"@id\":\"https:\\\/\\\/uelzener.de\\\/magazin\\\/#organization\"},\"potentialAction\":[{\"@type\":\"SearchAction\",\"target\":{\"@type\":\"EntryPoint\",\"urlTemplate\":\"https:\\\/\\\/uelzener.de\\\/magazin\\\/?s={search_term_string}\"},\"query-input\":{\"@type\":\"PropertyValueSpecification\",\"valueRequired\":true,\"valueName\":\"search_term_string\"}}],\"inLanguage\":\"de\"},{\"@type\":\"Organization\",\"@id\":\"https:\\\/\\\/uelzener.de\\\/magazin\\\/#organization\",\"name\":\"Uelzener Versicherungen\",\"url\":\"https:\\\/\\\/uelzener.de\\\/magazin\\\/\",\"logo\":{\"@type\":\"ImageObject\",\"inLanguage\":\"de\",\"@id\":\"https:\\\/\\\/uelzener.de\\\/magazin\\\/#\\\/schema\\\/logo\\\/image\\\/\",\"url\":\"https:\\\/\\\/uelzener.de\\\/magazin\\\/app\\\/uploads\\\/2024\\\/11\\\/uelzener_allgemeine_versicherungsgesellschaft_a_g_logo.jpg\",\"contentUrl\":\"https:\\\/\\\/uelzener.de\\\/magazin\\\/app\\\/uploads\\\/2024\\\/11\\\/uelzener_allgemeine_versicherungsgesellschaft_a_g_logo.jpg\",\"width\":200,\"height\":200,\"caption\":\"Uelzener Versicherungen\"},\"image\":{\"@id\":\"https:\\\/\\\/uelzener.de\\\/magazin\\\/#\\\/schema\\\/logo\\\/image\\\/\"},\"sameAs\":[\"https:\\\/\\\/www.facebook.com\\\/Uelzener\",\"https:\\\/\\\/instagram.com\\\/uelzener\",\"https:\\\/\\\/www.xing.com\\\/pages\\\/uelzenerallgemeineversicherungs-gesellschafta-g\",\"https:\\\/\\\/www.youtube.com\\\/UelzenerVersicherungen\"]}]}<\/script>\n<!-- \/ Yoast SEO Premium plugin. -->","yoast_head_json":{"title":"So machst du deinen Hund im Dunkeln sichtbar | Uelzener Tier-Magazin","description":"Sicher durch die Dunkelheit: Warnwesten, Reflektoren und Blinklichter geh\u00f6ren dazu. Was musst du beachten, um unfallfrei mit deinem Hund spazieren zu gehen?","robots":{"index":"index","follow":"follow","max-snippet":"max-snippet:-1","max-image-preview":"max-image-preview:large","max-video-preview":"max-video-preview:-1"},"canonical":"https:\/\/uelzener.de\/magazin\/hund\/tipps-fuer-den-alltag\/hund-im-dunkeln-sichtbar-machen\/","og_locale":"de_DE","og_type":"article","og_title":"So machst du deinen Hund im Dunkeln sichtbar","og_description":"Sicher durch die Dunkelheit: Warnwesten, Reflektoren und Blinklichter geh\u00f6ren dazu. Was musst du beachten, um unfallfrei mit deinem Hund spazieren zu gehen?","og_url":"https:\/\/uelzener.de\/magazin\/hund\/tipps-fuer-den-alltag\/hund-im-dunkeln-sichtbar-machen\/","og_site_name":"Uelzener Tier-Magazin","article_publisher":"https:\/\/www.facebook.com\/Uelzener","article_modified_time":"2024-05-02T10:26:05+00:00","og_image":[{"width":1024,"height":450,"url":"https:\/\/uelzener.de\/magazin\/app\/uploads\/2021\/10\/Sichtbarkeit-im-Dunkeln.jpg","type":"image\/jpeg"}],"twitter_card":"summary_large_image","twitter_misc":{"Gesch\u00e4tzte Lesezeit":"5\u00a0Minuten"},"schema":{"@context":"https:\/\/schema.org","@graph":[{"@type":"WebPage","@id":"https:\/\/uelzener.de\/magazin\/hund\/tipps-fuer-den-alltag\/hund-im-dunkeln-sichtbar-machen\/","url":"https:\/\/uelzener.de\/magazin\/hund\/tipps-fuer-den-alltag\/hund-im-dunkeln-sichtbar-machen\/","name":"So machst du deinen Hund im Dunkeln sichtbar | Uelzener Tier-Magazin","isPartOf":{"@id":"https:\/\/uelzener.de\/magazin\/#website"},"primaryImageOfPage":{"@id":"https:\/\/uelzener.de\/magazin\/hund\/tipps-fuer-den-alltag\/hund-im-dunkeln-sichtbar-machen\/#primaryimage"},"image":{"@id":"https:\/\/uelzener.de\/magazin\/hund\/tipps-fuer-den-alltag\/hund-im-dunkeln-sichtbar-machen\/#primaryimage"},"thumbnailUrl":"https:\/\/uelzener.de\/magazin\/app\/uploads\/2021\/10\/Sichtbarkeit-im-Dunkeln.jpg","datePublished":"2019-12-17T00:00:00+00:00","dateModified":"2024-05-02T10:26:05+00:00","description":"Sicher durch die Dunkelheit: Warnwesten, Reflektoren und Blinklichter geh\u00f6ren dazu. Was musst du beachten, um unfallfrei mit deinem Hund spazieren zu gehen?","breadcrumb":{"@id":"https:\/\/uelzener.de\/magazin\/hund\/tipps-fuer-den-alltag\/hund-im-dunkeln-sichtbar-machen\/#breadcrumb"},"inLanguage":"de","potentialAction":[{"@type":"ReadAction","target":["https:\/\/uelzener.de\/magazin\/hund\/tipps-fuer-den-alltag\/hund-im-dunkeln-sichtbar-machen\/"]}]},{"@type":"ImageObject","inLanguage":"de","@id":"https:\/\/uelzener.de\/magazin\/hund\/tipps-fuer-den-alltag\/hund-im-dunkeln-sichtbar-machen\/#primaryimage","url":"https:\/\/uelzener.de\/magazin\/app\/uploads\/2021\/10\/Sichtbarkeit-im-Dunkeln.jpg","contentUrl":"https:\/\/uelzener.de\/magazin\/app\/uploads\/2021\/10\/Sichtbarkeit-im-Dunkeln.jpg","width":1024,"height":450,"caption":"Durch sein Leuchtgeschirr wird der kleine Hund im dunkeln sichtbar."},{"@type":"WebSite","@id":"https:\/\/uelzener.de\/magazin\/#website","url":"https:\/\/uelzener.de\/magazin\/","name":"Uelzener Tiermagazin","description":"Online Tierratgeber der Uelzener Versicherungen","publisher":{"@id":"https:\/\/uelzener.de\/magazin\/#organization"},"potentialAction":[{"@type":"SearchAction","target":{"@type":"EntryPoint","urlTemplate":"https:\/\/uelzener.de\/magazin\/?s={search_term_string}"},"query-input":{"@type":"PropertyValueSpecification","valueRequired":true,"valueName":"search_term_string"}}],"inLanguage":"de"},{"@type":"Organization","@id":"https:\/\/uelzener.de\/magazin\/#organization","name":"Uelzener Versicherungen","url":"https:\/\/uelzener.de\/magazin\/","logo":{"@type":"ImageObject","inLanguage":"de","@id":"https:\/\/uelzener.de\/magazin\/#\/schema\/logo\/image\/","url":"https:\/\/uelzener.de\/magazin\/app\/uploads\/2024\/11\/uelzener_allgemeine_versicherungsgesellschaft_a_g_logo.jpg","contentUrl":"https:\/\/uelzener.de\/magazin\/app\/uploads\/2024\/11\/uelzener_allgemeine_versicherungsgesellschaft_a_g_logo.jpg","width":200,"height":200,"caption":"Uelzener Versicherungen"},"image":{"@id":"https:\/\/uelzener.de\/magazin\/#\/schema\/logo\/image\/"},"sameAs":["https:\/\/www.facebook.com\/Uelzener","https:\/\/instagram.com\/uelzener","https:\/\/www.xing.com\/pages\/uelzenerallgemeineversicherungs-gesellschafta-g","https:\/\/www.youtube.com\/UelzenerVersicherungen"]}]}},"_links":{"self":[{"href":"https:\/\/uelzener.de\/magazin\/wp-json\/wp\/v2\/pages\/10086","targetHints":{"allow":["GET"]}}],"collection":[{"href":"https:\/\/uelzener.de\/magazin\/wp-json\/wp\/v2\/pages"}],"about":[{"href":"https:\/\/uelzener.de\/magazin\/wp-json\/wp\/v2\/types\/page"}],"author":[{"embeddable":true,"href":"https:\/\/uelzener.de\/magazin\/wp-json\/wp\/v2\/users\/1"}],"replies":[{"embeddable":true,"href":"https:\/\/uelzener.de\/magazin\/wp-json\/wp\/v2\/comments?post=10086"}],"version-history":[{"count":13,"href":"https:\/\/uelzener.de\/magazin\/wp-json\/wp\/v2\/pages\/10086\/revisions"}],"predecessor-version":[{"id":17369,"href":"https:\/\/uelzener.de\/magazin\/wp-json\/wp\/v2\/pages\/10086\/revisions\/17369"}],"up":[{"embeddable":true,"href":"https:\/\/uelzener.de\/magazin\/wp-json\/wp\/v2\/pages\/11707"}],"wp:featuredmedia":[{"embeddable":true,"href":"https:\/\/uelzener.de\/magazin\/wp-json\/wp\/v2\/media\/12833"}],"wp:attachment":[{"href":"https:\/\/uelzener.de\/magazin\/wp-json\/wp\/v2\/media?parent=10086"}],"curies":[{"name":"wp","href":"https:\/\/api.w.org\/{rel}","templated":true}]}}