{"id":10082,"date":"2019-08-14T00:00:00","date_gmt":"2019-08-13T22:00:00","guid":{"rendered":""},"modified":"2023-04-19T16:27:26","modified_gmt":"2023-04-19T14:27:26","slug":"hund-kommandos-beibringen","status":"publish","type":"page","link":"https:\/\/uelzener.de\/magazin\/hund\/erziehung-und-training\/hund-kommandos-beibringen\/","title":{"rendered":"Hunden Kommandos beibringen"},"content":{"rendered":"<p>Du willst Deinem Hund ein neues Kommando beibringen? Ein bereits ge\u00fcbtes Kommando sitzt im Alltag auf einmal nicht mehr gut? In diesem Beitrag kl\u00e4ren wir auf, wie Du mit Deinem Hund am besten trainieren kannst, damit die Kommandos auf lange Sicht im Kopf Deines Hundes bleiben.<\/p>\n<p>Hunden ein neues Kommando beizubringen ist gar nicht so schwer. Wenn Du ein paar Punkte beachtest, lernt Dein Hund neue Kommandos im Handumdrehen. Hier erf\u00e4hrst Du, wie Du die richtige Trainingsatmosph\u00e4re schaffst, ein passendes Signalwort findest und das Kommando korrekt aufbauen kannst.<\/p>\n<h2>Die richtige Trainingsatmosph\u00e4re<\/h2>\n<p>Wenn Du Deinem Hund ein neues Kommando beibringen m\u00f6chtest, solltest Du zun\u00e4chst darauf achten, die richtige Trainingsumgebung zu w\u00e4hlen. Am besten ist es, wenn am Anfang ausschlie\u00dflich in reizarmer Umgebung trainiert wird und m\u00f6gliche Ablenkungsfaktoren f\u00fcr den Hund ausgeschlossen sind. So kann der Erfolg beim Lernen sichergestellt werden und der Hund bleibt motiviert, um weiter mit Dir zu \u00fcben. Hierf\u00fcr eignen sich zum Beispiel das Wohnzimmer oder der eigene Garten. Der Hund ist mit der Umgebung vertraut, es gibt keine gro\u00dfe Ablenkung und die Konzentration ist gew\u00e4hrleistet.<\/p>\n<p>Wenn das Training in der reizarmen Umgebung zuverl\u00e4ssig klappt, kann der Schwierigkeitsgrad durch steigernde Ablenkung und Zunahme der Reize erh\u00f6ht werden. Wenn Du Dir nicht ganz sicher bist, ob Deine Ma\u00dfnahmen helfen, kannst Du auch \u00fcber den <a href=\"https:\/\/uelzener.de\/magazin\/hund\/erziehung-und-training\/hundeschule-ja-oder-nein\/\"><strong>Besuch einer Hundeschule<\/strong><\/a> nachdenken, wo ihr gemeinsam lernen k\u00f6nnt, Kommandos zu geben und umzusetzen.<\/p>\n<h2>Aufl\u00f6sesignal etablieren<\/h2>\n<p>F\u00fcr das Training, aber auch f\u00fcr den Alltag, ist es sinnvoll ein Aufl\u00f6sesignal zu etablieren. Das bedeutet, dass Sie ein Kommando mit einem Signalwort, wie zum Beispiel \u201eOkay\u201c oder \u201eFertig\u201c wieder aufl\u00f6sen. Der Hund bleibt also beispielsweise so lange sitzen bis Du ihm das Aufl\u00f6sesignal gibst. Steht der Hund schon vorher auf, bringst Du ihn kommentarlos zur\u00fcck in die Position. So lernt er, dass es nicht zum Erfolg f\u00fchrt, wenn er sich selbst aufl\u00f6st und vorzeitig das Kommando beendet. Das gilt \u00fcbrigens f\u00fcr alle Kommandos, die Du Deinem Hund beibringst. Einzig der R\u00fcckruf ist ein Sonderfall: Dieser ist beendet, wenn der Hund bei Dir ankommt.<\/p>\n<h2>Wahl eines passenden Wortkommandos<\/h2>\n<p>Wenn Dein Hund ein neues Kommando erlernen soll, solltest Du Dir im Vorfeld gut \u00fcberlegen, welches Signalwort daf\u00fcr passend ist. Hierbei sind Deiner Kreativit\u00e4t keine Grenzen gesetzt. Wichtig ist nur, dass Du und Dein Hund sich das Wort gut merken k\u00f6nnen und es sich von anderen Kommandos unterscheidet. Hilfreich ist es auch, ein Wort zu w\u00e4hlen, welches im Alltag nicht zu h\u00e4ufig genutzt wird, da sich das Signalwort sonst schnell abnutzt.<\/p>\n<p>Gerade f\u00fcr das richtige R\u00fcckrufsignal ist es sinnvoll, einen Begriff zu w\u00e4hlen, der mit lang gezogenen Vokalen rufbar ist. Dem Hund ist es dabei egal, ob Sie nun \u201eHiiiiiiiiiier\u201c, \u201eKiiiwiiii\u201c oder \u201eTaaaxiiiiiiiii\u201c rufen.<\/p>\n<h2>Das Kommando aufbauen<\/h2>\n<p>Wenn Du mit dem Training beginnst, wird das Signalwort noch nicht genutzt. Zun\u00e4chst zeigst Du Deinem Hund k\u00f6rpersprachlich, was Du von ihm m\u00f6chtest. Alternativ kannst Du auch Leckerli oder ein Spielzeug zur Hilfe nehmen, um den Hund beispielsweise in die richtige Position zu locken und zu belohnen. Klappt das gut, wird nach und nach das Locken mit dem Leckerli beziehungsweise mit dem Spielzeug abgebaut. Hat Dein Hund den Bewegungsablauf verstanden, kann das Signalwort mit eingef\u00fchrt werden. Bis ein Hund ein Kommando wirklich verstanden hat, muss es ausreichend oft sowie an verschiedenen Orten und in unterschiedlichen Situationen wiederholt werden. Man geht von ungef\u00e4hr 50 bis 200 Wiederholungen aus, bis ein Kommando wirklich sicher abrufbar ist.<\/p>\n<p><img decoding=\"async\" src=\"\/magazin\/app\/uploads\/2021\/02\/98273eb9-2af9-4a01-a335-c9dc125efc51.jpg\" \/><\/p>\n<p>Im Hundetraining wird h\u00e4ufig nach dem Prinzip der operanten Konditionierung gearbeitet. Mithilfe von positiver und negativer Konsequenz soll das Verhalten so beeinflusst werden, dass das gew\u00fcnschte Verhalten h\u00e4ufiger gezeigt wird. Unter positiver und negativer Konsequenz versteht man das Hinzuf\u00fcgen oder Vorenthalten von etwas Positivem. Lohnt sich das gew\u00fcnschte Verhalten, wird der Hund es zuk\u00fcnftig h\u00e4ufig und gern ausf\u00fchren.<\/p>\n<p>Hierbei ist es wichtig, den Hund zu best\u00e4tigen, wenn er ein gew\u00fcnschtes Verhalten zeigt, eine gew\u00fcnschte Handlung ausf\u00fchrt oder eine unerw\u00fcnschte Handlung unterl\u00e4sst.<\/p>\n<p>H\u00e4ufig wird f\u00fcr die Belohnung auf Futter zur\u00fcckgegriffen, dabei gibt es noch viele weitere M\u00f6glichkeiten, seinen Hund zu belohnen. Die <a href=\"https:\/\/uelzener.de\/magazin\/hund\/ernaehrung\/leckerlie-rezepte-fuer-pferd-hund-katze\/\"><strong>Leckerlies f\u00fcr Hunde kann man ganz einfach selber machen<\/strong><\/a>. Wende Dich mit freundlicher Aufmerksamkeit Deinem Hund zu, versteht er dies als Belohnung. Sanftes Abstreichen, H\u00fcpfen oder Apportierspiele sind ebenfalls eine abwechslungsreiche Art, seinen Hund zu belohnen. Liebt Dein Hund Wasser und ihr befindet euch gerade in der N\u00e4he eines Gew\u00e4ssers, kannst Du Deinen Hund zur Belohnung auch ins Wasser springen lassen.<\/p>\n<p>Hier solltest Du herausfinden, welche Belohnung f\u00fcr Deinen Hund in der jeweiligen Situation die richtige ist, sodass sich das gew\u00fcnschte Verhalten f\u00fcr ihn auch lohnt.<\/p>\n<h2>Checkliste:<\/h2>\n<ol>\n<li>Den Hund mit vielen Wiederholungen in die gew\u00fcnschte Position \/ Handlung locken, ohne das Signalwort zu benutzen, dann belohnen.<\/li>\n<li>Hat der Hund verstanden, was zu tun ist, wird zus\u00e4tzlich zur K\u00f6rpersprache das Signalwort eingesetzt.<\/li>\n<li>Das Signalwort r\u00fcckt immer mehr an den Anfang der Handlung und wird nach und nach handlungsausl\u00f6send. Zuletzt steht das Signal isoliert am Anfang. Z\u00f6gert der grunds\u00e4tzlich handlungsbereite Hund noch, folgt die k\u00f6rpersprachliche \u201eHilfe\u201c ganz kurz nach der verbalen Signalgebung bis der Hund die Ausf\u00fchrung auf das Signalwort hin sicher verstanden hat.<\/li>\n<li>Das Signalwort kommt nun isoliert und sollte handlungsausl\u00f6send sein.<\/li>\n<li>Loben nicht vergessen und: Das Kommando durch ein Aufl\u00f6sesignal aktiv beenden!<\/li>\n<\/ol>\n<p>Quelle: \u201eHund &amp; Mensch \u2013 Ein super Team\u201c<\/p>\n<p>Du m\u00f6chtest noch mehr dar\u00fcber erfahren, wie Du und Dein Hund im Alltag zu einem unschlagbaren Team werden? Dann wirf doch einen Blick in den Ratgeber <a href=\"https:\/\/www.evipo-verlag.eu\/shop\/weitere-infos-zu-hundebuch\/\" target=\"_blank\" rel=\"noopener\">\u201eHund &amp; Mensch &#8211; Ein super Team\u201c<\/a> welches die Uelzener gemeinsam mit Autorin und Hundeexpertin Karen Uecker im evipo-Verlag aufgelegt.<\/p>\n","protected":false},"excerpt":{"rendered":"<p>Du willst Deinem Hund ein neues Kommando beibringen? Ein bereits ge\u00fcbtes Kommando sitzt im Alltag auf einmal nicht mehr gut? In diesem Beitrag kl\u00e4ren wir auf, wie Du mit Deinem Hund am besten trainieren kannst, damit die Kommandos auf lange Sicht im Kopf Deines Hundes bleiben. Hunden ein neues Kommando beizubringen ist gar nicht so [&hellip;]<\/p>\n","protected":false},"author":1,"featured_media":10672,"parent":11679,"menu_order":29,"comment_status":"closed","ping_status":"closed","template":"templates\/blog.php","meta":{"_acf_changed":false,"_crdt_document":"","footnotes":"","beyondwords_generate_audio":"","beyondwords_project_id":"","beyondwords_content_id":"","beyondwords_preview_token":"","beyondwords_player_style":"","beyondwords_language_id":"","beyondwords_title_voice_id":"","beyondwords_body_voice_id":"","beyondwords_summary_voice_id":"","beyondwords_error_message":"","beyondwords_disabled":"","beyondwords_delete_content":"","beyondwords_podcast_id":"","beyondwords_hash":"","publish_post_to_speechkit":"","speechkit_hash":"","speechkit_generate_audio":"","speechkit_project_id":"","speechkit_podcast_id":"","speechkit_error_message":"","speechkit_disabled":"","speechkit_access_key":"","speechkit_error":"","speechkit_info":"","speechkit_response":"","speechkit_retries":"","speechkit_status":"","speechkit_updated_at":"","_speechkit_link":"","_speechkit_text":""},"class_list":["post-10082","page","type-page","status-publish","has-post-thumbnail","hentry"],"acf":[],"yoast_head":"<!-- This site is optimized with the Yoast SEO Premium plugin  - https:\/\/yoast.com\/product\/yoast-seo-premium-wordpress\/ -->\n<title>Deinem Hund Kommandos beibringen \u2013 so klappt es | Uelzener<\/title>\n<meta name=\"description\" content=\"Erfahre, wie Du Deinem Hund erfolgreich Kommandos beibringst \u2713 Trainingsatmosph\u00e4re \u2713 Signalworte \u2713 Belohnung \u25b6 Mehr lesen!\" \/>\n<meta name=\"robots\" content=\"index, follow, max-snippet:-1, max-image-preview:large, max-video-preview:-1\" \/>\n<link rel=\"canonical\" href=\"https:\/\/uelzener.de\/magazin\/hund\/erziehung-und-training\/hund-kommandos-beibringen\/\" \/>\n<meta property=\"og:locale\" content=\"de_DE\" \/>\n<meta property=\"og:type\" content=\"article\" \/>\n<meta property=\"og:title\" content=\"Hunden Kommandos beibringen\" \/>\n<meta property=\"og:description\" content=\"Erfahre, wie Du Deinem Hund erfolgreich Kommandos beibringst \u2713 Trainingsatmosph\u00e4re \u2713 Signalworte \u2713 Belohnung \u25b6 Mehr lesen!\" \/>\n<meta property=\"og:url\" content=\"https:\/\/uelzener.de\/magazin\/hund\/erziehung-und-training\/hund-kommandos-beibringen\/\" \/>\n<meta property=\"og:site_name\" content=\"Uelzener Tier-Magazin\" \/>\n<meta property=\"article:publisher\" content=\"https:\/\/www.facebook.com\/Uelzener\" \/>\n<meta property=\"article:modified_time\" content=\"2023-04-19T14:27:26+00:00\" \/>\n<meta property=\"og:image\" content=\"https:\/\/uelzener.de\/magazin\/app\/uploads\/2019\/08\/804aec47-7d33-4105-ad1b-4fcd46d999bf.jpg\" \/>\n\t<meta property=\"og:image:width\" content=\"650\" \/>\n\t<meta property=\"og:image:height\" content=\"433\" \/>\n\t<meta property=\"og:image:type\" content=\"image\/jpeg\" \/>\n<meta name=\"twitter:card\" content=\"summary_large_image\" \/>\n<meta name=\"twitter:label1\" content=\"Gesch\u00e4tzte Lesezeit\" \/>\n\t<meta name=\"twitter:data1\" content=\"5\u00a0Minuten\" \/>\n<script type=\"application\/ld+json\" class=\"yoast-schema-graph\">{\"@context\":\"https:\\\/\\\/schema.org\",\"@graph\":[{\"@type\":\"WebPage\",\"@id\":\"https:\\\/\\\/uelzener.de\\\/magazin\\\/hund\\\/erziehung-und-training\\\/hund-kommandos-beibringen\\\/\",\"url\":\"https:\\\/\\\/uelzener.de\\\/magazin\\\/hund\\\/erziehung-und-training\\\/hund-kommandos-beibringen\\\/\",\"name\":\"Deinem Hund Kommandos beibringen \u2013 so klappt es | Uelzener\",\"isPartOf\":{\"@id\":\"https:\\\/\\\/uelzener.de\\\/magazin\\\/#website\"},\"primaryImageOfPage\":{\"@id\":\"https:\\\/\\\/uelzener.de\\\/magazin\\\/hund\\\/erziehung-und-training\\\/hund-kommandos-beibringen\\\/#primaryimage\"},\"image\":{\"@id\":\"https:\\\/\\\/uelzener.de\\\/magazin\\\/hund\\\/erziehung-und-training\\\/hund-kommandos-beibringen\\\/#primaryimage\"},\"thumbnailUrl\":\"https:\\\/\\\/uelzener.de\\\/magazin\\\/app\\\/uploads\\\/2019\\\/08\\\/804aec47-7d33-4105-ad1b-4fcd46d999bf.jpg\",\"datePublished\":\"2019-08-13T22:00:00+00:00\",\"dateModified\":\"2023-04-19T14:27:26+00:00\",\"description\":\"Erfahre, wie Du Deinem Hund erfolgreich Kommandos beibringst \u2713 Trainingsatmosph\u00e4re \u2713 Signalworte \u2713 Belohnung \u25b6 Mehr lesen!\",\"breadcrumb\":{\"@id\":\"https:\\\/\\\/uelzener.de\\\/magazin\\\/hund\\\/erziehung-und-training\\\/hund-kommandos-beibringen\\\/#breadcrumb\"},\"inLanguage\":\"de\",\"potentialAction\":[{\"@type\":\"ReadAction\",\"target\":[\"https:\\\/\\\/uelzener.de\\\/magazin\\\/hund\\\/erziehung-und-training\\\/hund-kommandos-beibringen\\\/\"]}]},{\"@type\":\"ImageObject\",\"inLanguage\":\"de\",\"@id\":\"https:\\\/\\\/uelzener.de\\\/magazin\\\/hund\\\/erziehung-und-training\\\/hund-kommandos-beibringen\\\/#primaryimage\",\"url\":\"https:\\\/\\\/uelzener.de\\\/magazin\\\/app\\\/uploads\\\/2019\\\/08\\\/804aec47-7d33-4105-ad1b-4fcd46d999bf.jpg\",\"contentUrl\":\"https:\\\/\\\/uelzener.de\\\/magazin\\\/app\\\/uploads\\\/2019\\\/08\\\/804aec47-7d33-4105-ad1b-4fcd46d999bf.jpg\",\"width\":650,\"height\":433,\"caption\":\"Ein Mann in blauer Jacke, trainiert seinen schwarz wei\u00dfen Hund neue Kommandos an der frischen Luft.\"},{\"@type\":\"WebSite\",\"@id\":\"https:\\\/\\\/uelzener.de\\\/magazin\\\/#website\",\"url\":\"https:\\\/\\\/uelzener.de\\\/magazin\\\/\",\"name\":\"Uelzener Tiermagazin\",\"description\":\"Online Tierratgeber der Uelzener Versicherungen\",\"publisher\":{\"@id\":\"https:\\\/\\\/uelzener.de\\\/magazin\\\/#organization\"},\"potentialAction\":[{\"@type\":\"SearchAction\",\"target\":{\"@type\":\"EntryPoint\",\"urlTemplate\":\"https:\\\/\\\/uelzener.de\\\/magazin\\\/?s={search_term_string}\"},\"query-input\":{\"@type\":\"PropertyValueSpecification\",\"valueRequired\":true,\"valueName\":\"search_term_string\"}}],\"inLanguage\":\"de\"},{\"@type\":\"Organization\",\"@id\":\"https:\\\/\\\/uelzener.de\\\/magazin\\\/#organization\",\"name\":\"Uelzener Versicherungen\",\"url\":\"https:\\\/\\\/uelzener.de\\\/magazin\\\/\",\"logo\":{\"@type\":\"ImageObject\",\"inLanguage\":\"de\",\"@id\":\"https:\\\/\\\/uelzener.de\\\/magazin\\\/#\\\/schema\\\/logo\\\/image\\\/\",\"url\":\"https:\\\/\\\/uelzener.de\\\/magazin\\\/app\\\/uploads\\\/2024\\\/11\\\/uelzener_allgemeine_versicherungsgesellschaft_a_g_logo.jpg\",\"contentUrl\":\"https:\\\/\\\/uelzener.de\\\/magazin\\\/app\\\/uploads\\\/2024\\\/11\\\/uelzener_allgemeine_versicherungsgesellschaft_a_g_logo.jpg\",\"width\":200,\"height\":200,\"caption\":\"Uelzener Versicherungen\"},\"image\":{\"@id\":\"https:\\\/\\\/uelzener.de\\\/magazin\\\/#\\\/schema\\\/logo\\\/image\\\/\"},\"sameAs\":[\"https:\\\/\\\/www.facebook.com\\\/Uelzener\",\"https:\\\/\\\/instagram.com\\\/uelzener\",\"https:\\\/\\\/www.xing.com\\\/pages\\\/uelzenerallgemeineversicherungs-gesellschafta-g\",\"https:\\\/\\\/www.youtube.com\\\/UelzenerVersicherungen\"]}]}<\/script>\n<!-- \/ Yoast SEO Premium plugin. -->","yoast_head_json":{"title":"Deinem Hund Kommandos beibringen \u2013 so klappt es | Uelzener","description":"Erfahre, wie Du Deinem Hund erfolgreich Kommandos beibringst \u2713 Trainingsatmosph\u00e4re \u2713 Signalworte \u2713 Belohnung \u25b6 Mehr lesen!","robots":{"index":"index","follow":"follow","max-snippet":"max-snippet:-1","max-image-preview":"max-image-preview:large","max-video-preview":"max-video-preview:-1"},"canonical":"https:\/\/uelzener.de\/magazin\/hund\/erziehung-und-training\/hund-kommandos-beibringen\/","og_locale":"de_DE","og_type":"article","og_title":"Hunden Kommandos beibringen","og_description":"Erfahre, wie Du Deinem Hund erfolgreich Kommandos beibringst \u2713 Trainingsatmosph\u00e4re \u2713 Signalworte \u2713 Belohnung \u25b6 Mehr lesen!","og_url":"https:\/\/uelzener.de\/magazin\/hund\/erziehung-und-training\/hund-kommandos-beibringen\/","og_site_name":"Uelzener Tier-Magazin","article_publisher":"https:\/\/www.facebook.com\/Uelzener","article_modified_time":"2023-04-19T14:27:26+00:00","og_image":[{"width":650,"height":433,"url":"https:\/\/uelzener.de\/magazin\/app\/uploads\/2019\/08\/804aec47-7d33-4105-ad1b-4fcd46d999bf.jpg","type":"image\/jpeg"}],"twitter_card":"summary_large_image","twitter_misc":{"Gesch\u00e4tzte Lesezeit":"5\u00a0Minuten"},"schema":{"@context":"https:\/\/schema.org","@graph":[{"@type":"WebPage","@id":"https:\/\/uelzener.de\/magazin\/hund\/erziehung-und-training\/hund-kommandos-beibringen\/","url":"https:\/\/uelzener.de\/magazin\/hund\/erziehung-und-training\/hund-kommandos-beibringen\/","name":"Deinem Hund Kommandos beibringen \u2013 so klappt es | Uelzener","isPartOf":{"@id":"https:\/\/uelzener.de\/magazin\/#website"},"primaryImageOfPage":{"@id":"https:\/\/uelzener.de\/magazin\/hund\/erziehung-und-training\/hund-kommandos-beibringen\/#primaryimage"},"image":{"@id":"https:\/\/uelzener.de\/magazin\/hund\/erziehung-und-training\/hund-kommandos-beibringen\/#primaryimage"},"thumbnailUrl":"https:\/\/uelzener.de\/magazin\/app\/uploads\/2019\/08\/804aec47-7d33-4105-ad1b-4fcd46d999bf.jpg","datePublished":"2019-08-13T22:00:00+00:00","dateModified":"2023-04-19T14:27:26+00:00","description":"Erfahre, wie Du Deinem Hund erfolgreich Kommandos beibringst \u2713 Trainingsatmosph\u00e4re \u2713 Signalworte \u2713 Belohnung \u25b6 Mehr lesen!","breadcrumb":{"@id":"https:\/\/uelzener.de\/magazin\/hund\/erziehung-und-training\/hund-kommandos-beibringen\/#breadcrumb"},"inLanguage":"de","potentialAction":[{"@type":"ReadAction","target":["https:\/\/uelzener.de\/magazin\/hund\/erziehung-und-training\/hund-kommandos-beibringen\/"]}]},{"@type":"ImageObject","inLanguage":"de","@id":"https:\/\/uelzener.de\/magazin\/hund\/erziehung-und-training\/hund-kommandos-beibringen\/#primaryimage","url":"https:\/\/uelzener.de\/magazin\/app\/uploads\/2019\/08\/804aec47-7d33-4105-ad1b-4fcd46d999bf.jpg","contentUrl":"https:\/\/uelzener.de\/magazin\/app\/uploads\/2019\/08\/804aec47-7d33-4105-ad1b-4fcd46d999bf.jpg","width":650,"height":433,"caption":"Ein Mann in blauer Jacke, trainiert seinen schwarz wei\u00dfen Hund neue Kommandos an der frischen Luft."},{"@type":"WebSite","@id":"https:\/\/uelzener.de\/magazin\/#website","url":"https:\/\/uelzener.de\/magazin\/","name":"Uelzener Tiermagazin","description":"Online Tierratgeber der Uelzener Versicherungen","publisher":{"@id":"https:\/\/uelzener.de\/magazin\/#organization"},"potentialAction":[{"@type":"SearchAction","target":{"@type":"EntryPoint","urlTemplate":"https:\/\/uelzener.de\/magazin\/?s={search_term_string}"},"query-input":{"@type":"PropertyValueSpecification","valueRequired":true,"valueName":"search_term_string"}}],"inLanguage":"de"},{"@type":"Organization","@id":"https:\/\/uelzener.de\/magazin\/#organization","name":"Uelzener Versicherungen","url":"https:\/\/uelzener.de\/magazin\/","logo":{"@type":"ImageObject","inLanguage":"de","@id":"https:\/\/uelzener.de\/magazin\/#\/schema\/logo\/image\/","url":"https:\/\/uelzener.de\/magazin\/app\/uploads\/2024\/11\/uelzener_allgemeine_versicherungsgesellschaft_a_g_logo.jpg","contentUrl":"https:\/\/uelzener.de\/magazin\/app\/uploads\/2024\/11\/uelzener_allgemeine_versicherungsgesellschaft_a_g_logo.jpg","width":200,"height":200,"caption":"Uelzener Versicherungen"},"image":{"@id":"https:\/\/uelzener.de\/magazin\/#\/schema\/logo\/image\/"},"sameAs":["https:\/\/www.facebook.com\/Uelzener","https:\/\/instagram.com\/uelzener","https:\/\/www.xing.com\/pages\/uelzenerallgemeineversicherungs-gesellschafta-g","https:\/\/www.youtube.com\/UelzenerVersicherungen"]}]}},"_links":{"self":[{"href":"https:\/\/uelzener.de\/magazin\/wp-json\/wp\/v2\/pages\/10082","targetHints":{"allow":["GET"]}}],"collection":[{"href":"https:\/\/uelzener.de\/magazin\/wp-json\/wp\/v2\/pages"}],"about":[{"href":"https:\/\/uelzener.de\/magazin\/wp-json\/wp\/v2\/types\/page"}],"author":[{"embeddable":true,"href":"https:\/\/uelzener.de\/magazin\/wp-json\/wp\/v2\/users\/1"}],"replies":[{"embeddable":true,"href":"https:\/\/uelzener.de\/magazin\/wp-json\/wp\/v2\/comments?post=10082"}],"version-history":[{"count":8,"href":"https:\/\/uelzener.de\/magazin\/wp-json\/wp\/v2\/pages\/10082\/revisions"}],"predecessor-version":[{"id":15358,"href":"https:\/\/uelzener.de\/magazin\/wp-json\/wp\/v2\/pages\/10082\/revisions\/15358"}],"up":[{"embeddable":true,"href":"https:\/\/uelzener.de\/magazin\/wp-json\/wp\/v2\/pages\/11679"}],"wp:featuredmedia":[{"embeddable":true,"href":"https:\/\/uelzener.de\/magazin\/wp-json\/wp\/v2\/media\/10672"}],"wp:attachment":[{"href":"https:\/\/uelzener.de\/magazin\/wp-json\/wp\/v2\/media?parent=10082"}],"curies":[{"name":"wp","href":"https:\/\/api.w.org\/{rel}","templated":true}]}}