{"id":10080,"date":"2019-08-14T00:00:00","date_gmt":"2019-08-13T22:00:00","guid":{"rendered":""},"modified":"2023-07-06T13:28:06","modified_gmt":"2023-07-06T11:28:06","slug":"spitz","status":"publish","type":"page","link":"https:\/\/uelzener.de\/magazin\/hund\/rasseportrait\/spitz\/","title":{"rendered":"Der Spitz: Dichtes Fell und gro\u00dfes Herz"},"content":{"rendered":"<p>Dichtes Fell und treues Herz: Der Spitz war Wachhund Nummer 1 und auf nahezu jedem Anwesen vertreten. Auch heute begleitet er seine Besitzer gern durch den Alltag und im Hundesport macht ihm kaum einer was vor.<\/p>\n<p>Der Spitz z\u00e4hlt zu den \u00e4ltesten deutschen Hunderassen und wurde in seiner Vergangenheit meist afls Haus- und Hofhund gehalten. Dementsprechend bringt der heutzutage <strong>treue <a href=\"https:\/\/uelzener.de\/magazin\/hund\/haeufige-fragen\/familienhunde\/\">Familienhund<\/a><\/strong> auch gute Aufpasser-Qualit\u00e4ten mit. Den Spitz gibt es in f\u00fcnf verschiedenen Gr\u00f6\u00dfen. Am beliebtesten bleiben die kleinen Spitze wie Klein- und Zwergspitz (Pomeranian) w\u00e4hrend die gr\u00f6\u00dferen Spitztypen nur selten gefragt sind.<\/p>\n<h2>Der Charakter<\/h2>\n<p>Der wuschelige Spitz zeichnet sich in allen Gr\u00f6\u00dfen mit einem \u00e4hnlichen Charakter aus. Da er fr\u00fcher als Wach- und Hofhund eingesetzt wurde, bringt er ein nat\u00fcrliches Misstrauen und gute \u00dcberwachungsf\u00e4higkeiten mit. Viele beschreiben den Spitz als bellfreudig, da er Ungew\u00f6hnliches seinem Besitzer durch Bellen meldet. Von Fremden ist der Spitz nicht bestechlich und zeigt gro\u00dfe Treue seiner Familie gegen\u00fcber.<\/p>\n<p>Der Spitz gilt au\u00dferdem als kinderfreundlich und zeigt sich in seinem famili\u00e4ren Umfeld als freundlicher und anh\u00e4nglicher Begleiter seiner Menschen. Er kann gelegentlich besitzergreifend sein \u2013 in der Hinsicht sollten ihm klare Grenzen gesetzt werden.<\/p>\n<p>Dieser aktiven Rasse kann man mit verschiedenen Unternehmungen und Hundesportarten eine Freude machen. Ihm reicht es aber auch aus, einfach mit seinen Menschen zusammenzuleben und begleitet sie \u00fcberall mit hin.<\/p>\n<p><img decoding=\"async\" src=\"\/magazin\/app\/uploads\/2021\/02\/110933f3-dfd8-4752-80bd-3e2d47266874.jpg\" \/><\/p>\n<h3>Den Spitz gibt es in verschiedenen Gr\u00f6\u00dfen, die sich anhand des Formats unterscheiden:<\/h3>\n<p>Zwergspitz (Pomeranian): 20 bis 22 cm, 3 kg<\/p>\n<p>Kleinspitz: 26 bis 29 cm, 5 kg<\/p>\n<p>Mittelspitz: 34 bis 38 cm, 10 kg<\/p>\n<p>Gro\u00dfspitz: 46 bis 50 cm, 20 kg<\/p>\n<p>Wolfsspitz: 49 bis 55 cm, 20 kg<\/p>\n<p>Der Kopf des Spitzes ist fuchs\u00e4hnlich mit spitz zulaufender Schnauze und Stehohren. Im Vergleich zu anderen Hunderassen ist der K\u00f6rperbau eher quadratisch und f\u00e4llt ebenfalls durch die auf dem R\u00fccken getragene Ringelrute auf.<\/p>\n<p>Die Fellfarbe des Spitzes f\u00e4llt unterschiedlich aus. M\u00f6gliche Farben sind schwarz, wei\u00df, grau, braun, orange oder Schecken mit wei\u00dfer Grundfarbe.<\/p>\n<p>Mit ihrem dichten Haarkleid sind Spitzes bestens f\u00fcr jedes Wetter ausger\u00fcstet und st\u00f6ren sich nicht an Regen, K\u00e4lte oder Schnee. Ihr langes Fell besteht aus dem mittellangen Deckhaar sowie der dichten Unterwolle.<\/p>\n<p>Obwohl der Spitz verh\u00e4ltnism\u00e4\u00dfig viel Fell besitzt, gestaltet sich die Fellpflege recht unproblematisch. Dadurch, dass das Fell als schmutzabweisend gilt und der Spitz sehr reinlich ist und sich selbst putzt, reicht es vollkommen aus, ihn einmal pro Woche gr\u00fcndlich durchzub\u00fcrsten. Damit l\u00f6st sich das lose Fell und die gute Bel\u00fcftung der Haut ist gew\u00e4hrleistet.<\/p>\n<h2><strong>Die Haltung<\/strong><\/h2>\n<p>Im Gro\u00dfen und Ganzen ist die Haltung eines Spitz unkompliziert. Diese fr\u00f6hlichen Hunde sind zufrieden, wenn sie bei ihrer Familie sein k\u00f6nnen. Daher eignet er sich auch gut als Begleit- und Familienhund. Dennoch ist er sehr gelehrig und freut sich, wenn er eine Aufgabe bekommt. So geht er zum Beispiel gerne mit seinen Menschen Joggen oder l\u00e4uft neben dem Pferd oder Fahrrad mit. M\u00f6chte man einen richtigen Hundesport im Verein ausprobieren, eignet sich f\u00fcr einen Spitz auch <a href=\"https:\/\/uelzener.de\/magazin\/hund\/erziehung-und-training\/agility\/\">Agility<\/a> sehr gut.<\/p>\n<p>Der Spitz bringt nur einen schwach ausgepr\u00e4gten Jagdinstinkt mit und versucht in der Regel nicht eigene Wege zu gehen, und bleibt abrufbar.<\/p>\n<p>Einzig die \u00fcberwiegende Wohnungshaltung k\u00f6nnte zu Problemen f\u00fchren, da der Spitz dazu neigt, Ungew\u00f6hnliches, wie zum Beispiel Ger\u00e4usche im Flur, durch Bellen mitzuteilen.<\/p>\n<h2><strong>Die Herkunft<\/strong><\/h2>\n<p>Der Spitz z\u00e4hlt zu den klassischen und \u00e4ltesten <a href=\"https:\/\/uelzener.de\/magazin\/hund\/rasseportrait\/\">Hunderassen<\/a> in Deutschland und Mitteleuropa, die fr\u00fcher auf nahezu jedem gr\u00f6\u00dferen Grundst\u00fcck lebten. Wie der Hundetyp des Spitzes urspr\u00fcnglich entstand, ist nicht \u00fcberliefert.<\/p>\n<p>Die Geschichte des Spitz reicht bis zu den R\u00f6mern zur\u00fcck. Auf Abbildungen aus dieser Zeit sind Hunde zu erkennen, die dem heutigen Spitz-Typ sehr \u00e4hnlich sehen.<\/p>\n<p>Fr\u00fcher wurden die gr\u00f6\u00dferen Spitze zum Bewachen von Lagern oder Transportkarren eingesetzt und die kleineren waren als Scho\u00dfhund in der Damenwelt sehr beliebt.<\/p>\n<p>In Deutschland begann man fr\u00fch mit der Zucht der Spitze. Der Verein f\u00fcr Deutsche Spitze im VDH wurde bereits 1899 gegr\u00fcndet.<\/p>\n<p>Im Laufe der Jahre ging die Beliebtheit dieser Rasse so weit zur\u00fcck, dass sie 2003 als gef\u00e4hrdete Haustierrasse deklariert wurde. Inzwischen kehren aber besonders die kleinen Zwerg- und Kleinspitze wieder zur\u00fcck.<\/p>\n","protected":false},"excerpt":{"rendered":"<p>Dichtes Fell und treues Herz: Der Spitz war Wachhund Nummer 1 und auf nahezu jedem Anwesen vertreten. Auch heute begleitet er seine Besitzer gern durch den Alltag und im Hundesport macht ihm kaum einer was vor. Der Spitz z\u00e4hlt zu den \u00e4ltesten deutschen Hunderassen und wurde in seiner Vergangenheit meist afls Haus- und Hofhund gehalten. [&hellip;]<\/p>\n","protected":false},"author":1,"featured_media":10670,"parent":2475,"menu_order":19,"comment_status":"closed","ping_status":"closed","template":"templates\/blog.php","meta":{"_acf_changed":false,"_crdt_document":"","footnotes":"","beyondwords_generate_audio":"","beyondwords_project_id":"","beyondwords_content_id":"","beyondwords_preview_token":"","beyondwords_player_style":"","beyondwords_language_id":"","beyondwords_title_voice_id":"","beyondwords_body_voice_id":"","beyondwords_summary_voice_id":"","beyondwords_error_message":"","beyondwords_disabled":"","beyondwords_delete_content":"","beyondwords_podcast_id":"","beyondwords_hash":"","publish_post_to_speechkit":"","speechkit_hash":"","speechkit_generate_audio":"","speechkit_project_id":"","speechkit_podcast_id":"","speechkit_error_message":"","speechkit_disabled":"","speechkit_access_key":"","speechkit_error":"","speechkit_info":"","speechkit_response":"","speechkit_retries":"","speechkit_status":"","speechkit_updated_at":"","_speechkit_link":"","_speechkit_text":""},"class_list":["post-10080","page","type-page","status-publish","has-post-thumbnail","hentry"],"acf":[],"yoast_head":"<!-- This site is optimized with the Yoast SEO Premium plugin  - https:\/\/yoast.com\/product\/yoast-seo-premium-wordpress\/ -->\n<title>Spitz im Rasseportrait \u2013 Herkunft, Charakter &amp; Haltung | Uelzener<\/title>\n<meta name=\"description\" content=\"Erfahre alles zur Hunderasse Spitz \u2713 Herkunft \u2713 Aussehen \u2713 Gr\u00f6\u00dfe \u2713 Charakter \u2713 Pflege \u2713 Haltung \u2713 uvm. \u25b6 Hier informieren!\" \/>\n<meta name=\"robots\" content=\"index, follow, max-snippet:-1, max-image-preview:large, max-video-preview:-1\" \/>\n<link rel=\"canonical\" href=\"https:\/\/uelzener.de\/magazin\/hund\/rasseportrait\/spitz\/\" \/>\n<meta property=\"og:locale\" content=\"de_DE\" \/>\n<meta property=\"og:type\" content=\"article\" \/>\n<meta property=\"og:title\" content=\"Der Spitz: Dichtes Fell und gro\u00dfes Herz\" \/>\n<meta property=\"og:description\" content=\"Erfahre alles zur Hunderasse Spitz \u2713 Herkunft \u2713 Aussehen \u2713 Gr\u00f6\u00dfe \u2713 Charakter \u2713 Pflege \u2713 Haltung \u2713 uvm. \u25b6 Hier informieren!\" \/>\n<meta property=\"og:url\" content=\"https:\/\/uelzener.de\/magazin\/hund\/rasseportrait\/spitz\/\" \/>\n<meta property=\"og:site_name\" content=\"Uelzener Tier-Magazin\" \/>\n<meta property=\"article:publisher\" content=\"https:\/\/www.facebook.com\/Uelzener\" \/>\n<meta property=\"article:modified_time\" content=\"2023-07-06T11:28:06+00:00\" \/>\n<meta property=\"og:image\" content=\"https:\/\/uelzener.de\/magazin\/app\/uploads\/2019\/08\/9f64ee81-621a-4ac2-bbd6-cf190ae8f0cd.jpg\" \/>\n\t<meta property=\"og:image:width\" content=\"650\" \/>\n\t<meta property=\"og:image:height\" content=\"433\" \/>\n\t<meta property=\"og:image:type\" content=\"image\/jpeg\" \/>\n<meta name=\"twitter:card\" content=\"summary_large_image\" \/>\n<meta name=\"twitter:label1\" content=\"Gesch\u00e4tzte Lesezeit\" \/>\n\t<meta name=\"twitter:data1\" content=\"4\u00a0Minuten\" \/>\n<script type=\"application\/ld+json\" class=\"yoast-schema-graph\">{\"@context\":\"https:\/\/schema.org\",\"@graph\":[{\"@type\":\"WebPage\",\"@id\":\"https:\/\/uelzener.de\/magazin\/hund\/rasseportrait\/spitz\/\",\"url\":\"https:\/\/uelzener.de\/magazin\/hund\/rasseportrait\/spitz\/\",\"name\":\"Spitz im Rasseportrait \u2013 Herkunft, Charakter & Haltung | Uelzener\",\"isPartOf\":{\"@id\":\"https:\/\/uelzener.de\/magazin\/#website\"},\"primaryImageOfPage\":{\"@id\":\"https:\/\/uelzener.de\/magazin\/hund\/rasseportrait\/spitz\/#primaryimage\"},\"image\":{\"@id\":\"https:\/\/uelzener.de\/magazin\/hund\/rasseportrait\/spitz\/#primaryimage\"},\"thumbnailUrl\":\"https:\/\/uelzener.de\/magazin\/app\/uploads\/2019\/08\/9f64ee81-621a-4ac2-bbd6-cf190ae8f0cd.jpg\",\"datePublished\":\"2019-08-13T22:00:00+00:00\",\"dateModified\":\"2023-07-06T11:28:06+00:00\",\"description\":\"Erfahre alles zur Hunderasse Spitz \u2713 Herkunft \u2713 Aussehen \u2713 Gr\u00f6\u00dfe \u2713 Charakter \u2713 Pflege \u2713 Haltung \u2713 uvm. \u25b6 Hier informieren!\",\"breadcrumb\":{\"@id\":\"https:\/\/uelzener.de\/magazin\/hund\/rasseportrait\/spitz\/#breadcrumb\"},\"inLanguage\":\"de\",\"potentialAction\":[{\"@type\":\"ReadAction\",\"target\":[\"https:\/\/uelzener.de\/magazin\/hund\/rasseportrait\/spitz\/\"]}]},{\"@type\":\"ImageObject\",\"inLanguage\":\"de\",\"@id\":\"https:\/\/uelzener.de\/magazin\/hund\/rasseportrait\/spitz\/#primaryimage\",\"url\":\"https:\/\/uelzener.de\/magazin\/app\/uploads\/2019\/08\/9f64ee81-621a-4ac2-bbd6-cf190ae8f0cd.jpg\",\"contentUrl\":\"https:\/\/uelzener.de\/magazin\/app\/uploads\/2019\/08\/9f64ee81-621a-4ac2-bbd6-cf190ae8f0cd.jpg\",\"width\":650,\"height\":433,\"caption\":\"Ein Spitzhund sitz auf einer Parkbank und schaut sehr aufmerksam.\"},{\"@type\":\"WebSite\",\"@id\":\"https:\/\/uelzener.de\/magazin\/#website\",\"url\":\"https:\/\/uelzener.de\/magazin\/\",\"name\":\"Uelzener Tiermagazin\",\"description\":\"Online Tierratgeber der Uelzener Versicherungen\",\"publisher\":{\"@id\":\"https:\/\/uelzener.de\/magazin\/#organization\"},\"potentialAction\":[{\"@type\":\"SearchAction\",\"target\":{\"@type\":\"EntryPoint\",\"urlTemplate\":\"https:\/\/uelzener.de\/magazin\/?s={search_term_string}\"},\"query-input\":{\"@type\":\"PropertyValueSpecification\",\"valueRequired\":true,\"valueName\":\"search_term_string\"}}],\"inLanguage\":\"de\"},{\"@type\":\"Organization\",\"@id\":\"https:\/\/uelzener.de\/magazin\/#organization\",\"name\":\"Uelzener Versicherungen\",\"url\":\"https:\/\/uelzener.de\/magazin\/\",\"logo\":{\"@type\":\"ImageObject\",\"inLanguage\":\"de\",\"@id\":\"https:\/\/uelzener.de\/magazin\/#\/schema\/logo\/image\/\",\"url\":\"https:\/\/uelzener.de\/magazin\/app\/uploads\/2024\/11\/uelzener_allgemeine_versicherungsgesellschaft_a_g_logo.jpg\",\"contentUrl\":\"https:\/\/uelzener.de\/magazin\/app\/uploads\/2024\/11\/uelzener_allgemeine_versicherungsgesellschaft_a_g_logo.jpg\",\"width\":200,\"height\":200,\"caption\":\"Uelzener Versicherungen\"},\"image\":{\"@id\":\"https:\/\/uelzener.de\/magazin\/#\/schema\/logo\/image\/\"},\"sameAs\":[\"https:\/\/www.facebook.com\/Uelzener\",\"https:\/\/instagram.com\/uelzener\",\"https:\/\/www.xing.com\/pages\/uelzenerallgemeineversicherungs-gesellschafta-g\",\"https:\/\/www.youtube.com\/UelzenerVersicherungen\"]}]}<\/script>\n<!-- \/ Yoast SEO Premium plugin. -->","yoast_head_json":{"title":"Spitz im Rasseportrait \u2013 Herkunft, Charakter & Haltung | Uelzener","description":"Erfahre alles zur Hunderasse Spitz \u2713 Herkunft \u2713 Aussehen \u2713 Gr\u00f6\u00dfe \u2713 Charakter \u2713 Pflege \u2713 Haltung \u2713 uvm. \u25b6 Hier informieren!","robots":{"index":"index","follow":"follow","max-snippet":"max-snippet:-1","max-image-preview":"max-image-preview:large","max-video-preview":"max-video-preview:-1"},"canonical":"https:\/\/uelzener.de\/magazin\/hund\/rasseportrait\/spitz\/","og_locale":"de_DE","og_type":"article","og_title":"Der Spitz: Dichtes Fell und gro\u00dfes Herz","og_description":"Erfahre alles zur Hunderasse Spitz \u2713 Herkunft \u2713 Aussehen \u2713 Gr\u00f6\u00dfe \u2713 Charakter \u2713 Pflege \u2713 Haltung \u2713 uvm. \u25b6 Hier informieren!","og_url":"https:\/\/uelzener.de\/magazin\/hund\/rasseportrait\/spitz\/","og_site_name":"Uelzener Tier-Magazin","article_publisher":"https:\/\/www.facebook.com\/Uelzener","article_modified_time":"2023-07-06T11:28:06+00:00","og_image":[{"width":650,"height":433,"url":"https:\/\/uelzener.de\/magazin\/app\/uploads\/2019\/08\/9f64ee81-621a-4ac2-bbd6-cf190ae8f0cd.jpg","type":"image\/jpeg"}],"twitter_card":"summary_large_image","twitter_misc":{"Gesch\u00e4tzte Lesezeit":"4\u00a0Minuten"},"schema":{"@context":"https:\/\/schema.org","@graph":[{"@type":"WebPage","@id":"https:\/\/uelzener.de\/magazin\/hund\/rasseportrait\/spitz\/","url":"https:\/\/uelzener.de\/magazin\/hund\/rasseportrait\/spitz\/","name":"Spitz im Rasseportrait \u2013 Herkunft, Charakter & Haltung | Uelzener","isPartOf":{"@id":"https:\/\/uelzener.de\/magazin\/#website"},"primaryImageOfPage":{"@id":"https:\/\/uelzener.de\/magazin\/hund\/rasseportrait\/spitz\/#primaryimage"},"image":{"@id":"https:\/\/uelzener.de\/magazin\/hund\/rasseportrait\/spitz\/#primaryimage"},"thumbnailUrl":"https:\/\/uelzener.de\/magazin\/app\/uploads\/2019\/08\/9f64ee81-621a-4ac2-bbd6-cf190ae8f0cd.jpg","datePublished":"2019-08-13T22:00:00+00:00","dateModified":"2023-07-06T11:28:06+00:00","description":"Erfahre alles zur Hunderasse Spitz \u2713 Herkunft \u2713 Aussehen \u2713 Gr\u00f6\u00dfe \u2713 Charakter \u2713 Pflege \u2713 Haltung \u2713 uvm. \u25b6 Hier informieren!","breadcrumb":{"@id":"https:\/\/uelzener.de\/magazin\/hund\/rasseportrait\/spitz\/#breadcrumb"},"inLanguage":"de","potentialAction":[{"@type":"ReadAction","target":["https:\/\/uelzener.de\/magazin\/hund\/rasseportrait\/spitz\/"]}]},{"@type":"ImageObject","inLanguage":"de","@id":"https:\/\/uelzener.de\/magazin\/hund\/rasseportrait\/spitz\/#primaryimage","url":"https:\/\/uelzener.de\/magazin\/app\/uploads\/2019\/08\/9f64ee81-621a-4ac2-bbd6-cf190ae8f0cd.jpg","contentUrl":"https:\/\/uelzener.de\/magazin\/app\/uploads\/2019\/08\/9f64ee81-621a-4ac2-bbd6-cf190ae8f0cd.jpg","width":650,"height":433,"caption":"Ein Spitzhund sitz auf einer Parkbank und schaut sehr aufmerksam."},{"@type":"WebSite","@id":"https:\/\/uelzener.de\/magazin\/#website","url":"https:\/\/uelzener.de\/magazin\/","name":"Uelzener Tiermagazin","description":"Online Tierratgeber der Uelzener Versicherungen","publisher":{"@id":"https:\/\/uelzener.de\/magazin\/#organization"},"potentialAction":[{"@type":"SearchAction","target":{"@type":"EntryPoint","urlTemplate":"https:\/\/uelzener.de\/magazin\/?s={search_term_string}"},"query-input":{"@type":"PropertyValueSpecification","valueRequired":true,"valueName":"search_term_string"}}],"inLanguage":"de"},{"@type":"Organization","@id":"https:\/\/uelzener.de\/magazin\/#organization","name":"Uelzener Versicherungen","url":"https:\/\/uelzener.de\/magazin\/","logo":{"@type":"ImageObject","inLanguage":"de","@id":"https:\/\/uelzener.de\/magazin\/#\/schema\/logo\/image\/","url":"https:\/\/uelzener.de\/magazin\/app\/uploads\/2024\/11\/uelzener_allgemeine_versicherungsgesellschaft_a_g_logo.jpg","contentUrl":"https:\/\/uelzener.de\/magazin\/app\/uploads\/2024\/11\/uelzener_allgemeine_versicherungsgesellschaft_a_g_logo.jpg","width":200,"height":200,"caption":"Uelzener Versicherungen"},"image":{"@id":"https:\/\/uelzener.de\/magazin\/#\/schema\/logo\/image\/"},"sameAs":["https:\/\/www.facebook.com\/Uelzener","https:\/\/instagram.com\/uelzener","https:\/\/www.xing.com\/pages\/uelzenerallgemeineversicherungs-gesellschafta-g","https:\/\/www.youtube.com\/UelzenerVersicherungen"]}]}},"_links":{"self":[{"href":"https:\/\/uelzener.de\/magazin\/wp-json\/wp\/v2\/pages\/10080","targetHints":{"allow":["GET"]}}],"collection":[{"href":"https:\/\/uelzener.de\/magazin\/wp-json\/wp\/v2\/pages"}],"about":[{"href":"https:\/\/uelzener.de\/magazin\/wp-json\/wp\/v2\/types\/page"}],"author":[{"embeddable":true,"href":"https:\/\/uelzener.de\/magazin\/wp-json\/wp\/v2\/users\/1"}],"replies":[{"embeddable":true,"href":"https:\/\/uelzener.de\/magazin\/wp-json\/wp\/v2\/comments?post=10080"}],"version-history":[{"count":12,"href":"https:\/\/uelzener.de\/magazin\/wp-json\/wp\/v2\/pages\/10080\/revisions"}],"predecessor-version":[{"id":15839,"href":"https:\/\/uelzener.de\/magazin\/wp-json\/wp\/v2\/pages\/10080\/revisions\/15839"}],"up":[{"embeddable":true,"href":"https:\/\/uelzener.de\/magazin\/wp-json\/wp\/v2\/pages\/2475"}],"wp:featuredmedia":[{"embeddable":true,"href":"https:\/\/uelzener.de\/magazin\/wp-json\/wp\/v2\/media\/10670"}],"wp:attachment":[{"href":"https:\/\/uelzener.de\/magazin\/wp-json\/wp\/v2\/media?parent=10080"}],"curies":[{"name":"wp","href":"https:\/\/api.w.org\/{rel}","templated":true}]}}