{"id":10057,"date":"2025-12-29T12:00:00","date_gmt":"2025-12-29T11:00:00","guid":{"rendered":""},"modified":"2026-02-03T12:50:25","modified_gmt":"2026-02-03T11:50:25","slug":"hundeschuhe-winter","status":"publish","type":"page","link":"https:\/\/uelzener.de\/magazin\/hund\/haltung\/hundeschuhe-winter\/","title":{"rendered":"Hundeschuhe im Winter: Wann sie sinnvoll sind und worauf du achten musst"},"content":{"rendered":"<p>Wenn der Winter Einzug h\u00e4lt und es zu schneien beginnt, ist bei vielen Hunden die Freude gro\u00df. \u00dcberm\u00fctig tollen sie durch die glitzernde Landschaft, jagen den wirbelnden Flocken hinterher und w\u00e4lzen sich vergn\u00fcgt in der wei\u00dfen Pracht. Doch so sch\u00f6n die kalte Jahreszeit auch ist, so sehr kann die Witterung den Pfoten unserer Vierbeiner zu schaffen machen. Eis, Schnee, Streusalz und Splitt \u2013 all das kann den Hundepfoten stark zusetzen. Eine M\u00f6glichkeit, dem vorzubeugen, sind Hundeschuhe. Doch wann sind sie wirklich sinnvoll und worauf ist bei der Auswahl zu achten? Das und mehr verraten wir dir in unserem Artikel.<\/p>\n<h2>Warum sind Hundeschuhe im Winter sinnvoll?<\/h2>\n<p>Hundepfoten sind robuster, als man auf den ersten Blick denken mag. Die weichen Ballen sind zum Schutz vor Verletzungen mit einer dicken Hornhaut \u00fcberzogen. Darunter liegen Fettpolster, die St\u00f6\u00dfe abd\u00e4mpfen und eine Art Isolierschicht bilden. K\u00e4lte und N\u00e4sse k\u00f6nnen Hundepfoten daher nicht so leicht etwas anhaben. Voraussetzung ist allerdings, dass der Hund sich nicht zu lange im Freien aufh\u00e4lt und die Pfoten ausreichend Zeit haben, zu regenerieren. Ist das nicht der Fall, kann es problematisch werden.<\/p>\n<p>Gerade im Winter gibt es einige Faktoren, die den Pfoten stark zusetzen. Dazu z\u00e4hlen:<\/p>\n<ul>\n<li aria-level=\"1\"><b>Feuchter Schnee<\/b>: Bei feuchtem Schnee besteht das Risiko des sogenannten \u201eAufstollens\u201c. Dabei sammeln sich w\u00e4hrend des Laufens Schneekristalle in den Zehenzwischenr\u00e4umen der Pfoten an, was f\u00fcr viele Hunde sehr unangenehm und schmerzhaft ist. Sie heben dann die betroffene Pfote hoch und beginnen zu humpeln. In dem Fall hilft nur: Anhalten bzw. nach Hause gehen und die Klumpen entfernen. Das geht am besten mit lauwarmem Wasser. Man kann aber auch versuchen, die Pfote zwischen den H\u00e4nden zu w\u00e4rmen, damit der Schnee schmilzt.<\/li>\n<li aria-level=\"1\"><b>Gefrorener Schnee und Eis<\/b>: Gefrorener Schnee und Eiskrusten haben mitunter scharfe Grate und Kanten. Tritt der Hund ung\u00fcnstig darauf, beispielsweise beim Toben oder Spielen, kann das zu Sch\u00fcrf- oder Schnittwunden f\u00fchren. Verletzungen an den Pfoten bluten meist sehr stark und m\u00fcssen deswegen rasch versorgt werden, gegebenenfalls mit einem Druckverband.<\/li>\n<li aria-level=\"1\"><b>Streusalz<\/b>: Streusalz reizt die Haut an den Pfoten und trocknet sie aus, wodurch sie mit der Zeit spr\u00f6de und rissig wird. Keime aus der Umgebung k\u00f6nnen infolgedessen leicht eindringen und Entz\u00fcndungen verursachen. Gelangt Streusalz in eine Wunde, erzeugt das nicht nur ein unangenehmes Brennen, sondern verz\u00f6gert auch den Heilungsprozess.<\/li>\n<li aria-level=\"1\"><b>Splitt<\/b>: Splitt gilt zwar als umweltfreundlicheres Streumittel als Salz, weil er Boden und Grundwasser nicht belastet und nach dem Zusammenfegen wiederverwendet werden kann. F\u00fcr Hunde bringt er jedoch Verletzungsgefahr mit sich. Da Splitt aus zerkleinertem Gestein besteht, ist er oft sehr scharfkantig und kann zu Schnitt- oder Sch\u00fcrfwunden an den Pfoten f\u00fchren.<\/li>\n<\/ul>\n<p>Besonders strapazi\u00f6s f\u00fcr die Hundepfoten ist eine Kombination aus Splitt und Streusalz. Der Splitt wirkt wie Schleifpapier, raut die Haut auf und verursacht kleine Schnitte, die durch den Kontakt mit Streusalz weiter gereizt werden.<\/p>\n<h2>Wann braucht mein Hund Hundeschuhe?<\/h2>\n<p>Ob und wann ein Hund Hundeschuhe braucht, h\u00e4ngt ma\u00dfgeblich von den Umgebungs- und Witterungsbedingungen sowie der gesundheitlichen Konstitution ab. Liegt drau\u00dfen viel Schnee oder ist man in Gegenden unterwegs, in denen viel gestreut wird, ist es durchaus sinnvoll, dem Hund Schuhe anzuziehen, um die Pfoten vor Verletzungen zu sch\u00fctzen. Das gilt erst recht, wenn man lange Wanderungen oder anspruchsvolle Outdoor-Aktivit\u00e4ten mit seinem Vierbeiner plant. So sind Hundeschuhe im Zughundesport etwa mittlerweile Standard.<\/p>\n<p>Hunde mit rissigen oder strapazierten Pfoten sollten ebenfalls Hundeschuhe tragen \u2013 wenigstens so lange, bis alles wieder verheilt ist. Auch \u00e4ltere Hunde, Tiere mit Gelenkproblemen oder schlechter Bemuskelung, die schnell wegrutschen und daher auf gestreuten Fl\u00e4chen laufen m\u00fcssen, sollten mit Hundeschuhen ausgestattet werden. Wichtig ist hier, dass die Sohle ausreichend Grip auf dem Untergrund bietet. Es gibt auch dedizierte orthop\u00e4dische Hundeschuhe. Sie dienen dazu, den Hundefu\u00df w\u00e4hrend des Gehens zu stabilisieren und die Gelenke zu entlasten.<\/p>\n<p>Grunds\u00e4tzlich sollten Hundeschuhe nur dann getragen werden, wenn es wirklich notwendig ist. Viele Hunde m\u00f6gen das Laufgef\u00fchl selbst nach langer Zeit der Eingew\u00f6hnung nicht. F\u00fcr die Tiere ist es schlicht unnat\u00fcrlich, in Schuhen zu gehen. Deswegen bleibt immer eine gewisse Irritation oder Unbehagen bestehen. Hundeschuhe sind daher nicht f\u00fcr den dauerhaften Gebrauch vorgesehen und erst recht nicht als Modeaccessoires zu verstehen, sondern als Funktionskleidung, die einen Zweck erf\u00fcllt.<\/p>\n<h2>Das zeichnet gute Hundeschuhe f\u00fcr den Winter aus<\/h2>\n<p>Hundeschuhe gibt es in unterschiedlichen Ausf\u00fchrungen, so dass sich f\u00fcr jedes Bed\u00fcrfnis eine passende Variante findet. Ausschlaggebend ist die Funktionalit\u00e4t. Gute Hundeschuhe f\u00fcr den Winter sind durch folgende Eigenschaften gekennzeichnet:<\/p>\n<ul>\n<li aria-level=\"1\"><b>Schmutzabweisend<\/b>: Ein schmutzabweisendes Material verhindert, dass sich Matsch und Dreck festsetzen, und erleichtert die Reinigung.<\/li>\n<li aria-level=\"1\"><b>Wasserdicht<\/b>: Nasse Pfoten k\u00fchlen schneller aus, deswegen m\u00fcssen Hundeschuhe f\u00fcr den Winter wasserundurchl\u00e4ssig sein. Geeignete Materialien hierf\u00fcr sind beispielsweise Neopren und Kautschuk.<\/li>\n<li aria-level=\"1\"><b>Isoliert<\/b>: Viele Hundeschuhe f\u00fcr den Winter sind au\u00dfen isoliert und innen gef\u00fcttert. So bleiben die Pfoten sch\u00f6n warm, wenn es drau\u00dfen frostig ist.<\/li>\n<li aria-level=\"1\"><b>Atmungsaktiv<\/b>: Atmungsaktivit\u00e4t ist wichtig, damit sich keine Feuchtigkeit im Schuh staut und die Pfoten nicht \u00fcberhitzen.<\/li>\n<li aria-level=\"1\"><b>Rutschfest<\/b>: Eine rutschfeste Sohle sorgt f\u00fcr sicheren Halt auf glatten, vereisten Wegen.<\/li>\n<\/ul>\n<p>Tipp: Sollte in den Hundeschuhen trotz korrekter Gr\u00f6\u00dfe noch etwas zu viel Platz sein, k\u00f6nnen Hundesocken Abhilfe schaffen. Sie verbessern den Halt und optimieren gleichzeitig das Schuhklima. Die meisten Hundesocken bestehen aus leichter Baumwolle, die Feuchtigkeit reguliert und zus\u00e4tzlich w\u00e4rmt.<\/p>\n<h2>Worauf kommt es bei der Auswahl von Hundeschuhen f\u00fcr den Winter an?<\/h2>\n<p>Neben einem geeigneten Material kommt es bei der Auswahl von Hundeschuhen vor allem auf die korrekte Passform und den Tragekomfort an. Oft haben die Vorderpfoten eine andere Gr\u00f6\u00dfe als die Hinterpfoten. Aus diesem Grund werden Hundeschuhe meist in 2er-Sets anstelle von 4er-Sets verkauft.<\/p>\n<p>Grunds\u00e4tzlich sollten die Schuhe eng genug sitzen, um nicht zu verrutschen, aber auch nicht einschn\u00fcren oder scheuern. Beim Laufen biegt sich die Hundepfote in einem Winkel von 45 \u00b0. Der Schuh muss diese Bewegung mitmachen, ohne den Hund in irgendeiner Weise einzuschr\u00e4nken. Hunde mit breiteren Pfoten oder langen Zehen ben\u00f6tigen etwas mehr Platz im Schuh. Bei schmalen Pfoten oder kurzen Zehen d\u00fcrfen die Schuhe kompakter ausfallen.<\/p>\n<p>In jedem Fall sollten die Pfoten des Hundes vorab exakt ausgemessen werden. Die meisten Hersteller bieten detaillierte Anleitungen, wie man dabei am besten vorgeht. Anschlie\u00dfend kann man anhand einer Ma\u00dftabelle die passende Schuhgr\u00f6\u00dfe ermitteln. Es ist sinnvoll, sich an die spezifischen Herstellerangaben zu halten, da die Gr\u00f6\u00dfen nicht einheitlich kategorisiert sind.<\/p>\n<p>Hinsichtlich des Tragekomforts spielen auch das Gewicht und die Flexibilit\u00e4t des Materials eine Rolle. Leichte, biegsame Modelle werden von Hunden meist besser akzeptiert als schwere und starre. Was die Alltagstauglichkeit betrifft, erweisen sich Schuhe mit Klettverschluss als sehr praktisch, da sie sich schnell \u00f6ffnen und schlie\u00dfen lassen und es erm\u00f6glichen, den Schuh noch etwas mehr an den Fu\u00df anzupassen. Rei\u00dfverschl\u00fcsse sind eine gute Alternative.<\/p>\n<h2>Wie gew\u00f6hne ich meinen Hund an Hundeschuhe?<\/h2>\n<p>Einen Hund an Hundeschuhe zu gew\u00f6hnen, braucht Zeit und Geduld \u2013 und gelingt nicht immer. Manche Hunde weigern sich beharrlich oder f\u00fchlen sich selbst nach langer \u00dcbungsphase unwohl damit. In solchen F\u00e4llen ist abzuw\u00e4gen, ob man dem Hund den Stress wirklich antun m\u00f6chte. Schlie\u00dflich sollen Hundeschuhe eine Unterst\u00fctzung sein, keine Belastung.<\/p>\n<p>Am besten beginnt man das Training mit kurzen Einheiten in der Wohnung oder im Haus. Zun\u00e4chst gew\u00f6hnt man den Hund an das An- und Ausziehen der Schuhe und belohnt ihn mit einem Leckerli. Wenn das gut klappt, kann man dazu \u00fcbergehen, den Hund die Schuhe immer mal wieder f\u00fcr ein paar Minuten tragen zu lassen. Das Laufen kann am Anfang unbeholfen aussehen, doch je \u00f6fter der Hund \u00fcbt, desto besser kommt er mit den Schuhen zurecht. Am besten gibt man seinem Vierbeiner begleitend ein paar Kommandos wie \u201eSteh\u201c, \u201eSitz\u201c, \u201eBleib\u201c oder \u201eFu\u00df\u201c, damit er unterschiedliche Positionen einnimmt und sich an das Tragegef\u00fchl gew\u00f6hnt. Wichtig ist, sich die Pfoten nach jedem Training genau anzuschauen. Wenn sich Druck- oder Scheuerstellen abzeichnen, sollte die Passform noch einmal \u00fcberpr\u00fcft werden.<\/p>\n<h2>Fazit<\/h2>\n<p>Hundeschuhe k\u00f6nnen im Winter ein sinnvoller Schutz f\u00fcr die Pfoten unserer Vierbeiner sein. Ob ein Hund sie wirklich braucht, h\u00e4ngt von seinem gesundheitlichen Zustand und den Umgebungs- und Witterungsbedingungen ab. Wichtig ist, dass die Schuhe richtig passen und der Hund ausreichend Zeit hat, sich daran zu gew\u00f6hnen. Hat er die Hundeschuhe akzeptiert, steht ausgiebigen Winterspazierg\u00e4ngen nichts im Weg.<\/p>\n\n<div class=\"related_articles boxed\">\n    <h2>Mehr zum Thema<\/h2>\n    \n    <div class=\"wrapper\"><div class=\"title align-center\"><h3><a href=\"https:\/\/uelzener.de\/magazin\/hund\/haltung\/hundepfote\/\">Hundepfote: Ein Wunderwerk<\/a><\/h3><\/div><div class=\"img align-center\"><img decoding=\"async\" width=\"315\" height=\"180\" src=\"https:\/\/uelzener.de\/magazin\/app\/uploads\/2021\/09\/1024x450_Nahaufnahme-Hund-erhobene-Pfote-315x180.jpg\" class=\"attachment-315x180 size-315x180 wp-post-image\" alt=\"Hund hebt die Pfote auf dem Berg bei strahlendem Sonnenschein.\" \/><\/div><\/div><div class=\"wrapper\"><div class=\"title align-center\"><h3><a href=\"https:\/\/uelzener.de\/magazin\/hund\/tiergesundheit\/mit-hund-im-schnee\/\">Hund im Schnee: Den Winter gefahrlos genie\u00dfen<\/a><\/h3><\/div><div class=\"img align-center\"><img decoding=\"async\" width=\"315\" height=\"180\" src=\"https:\/\/uelzener.de\/magazin\/app\/uploads\/2015\/11\/249775dd-c36b-4331-9daa-9aa920420be2-315x180.jpg\" class=\"attachment-315x180 size-315x180 wp-post-image\" alt=\"Ein kleiner wei\u00dfer Hund wirbelt durch den Schnee. Er spielt ausgelassen.\" srcset=\"https:\/\/uelzener.de\/magazin\/app\/uploads\/2015\/11\/249775dd-c36b-4331-9daa-9aa920420be2-315x180.jpg 315w, https:\/\/uelzener.de\/magazin\/app\/uploads\/2015\/11\/249775dd-c36b-4331-9daa-9aa920420be2-650x369.jpg 650w\" sizes=\"(max-width: 315px) 100vw, 315px\" \/><\/div><\/div><div class=\"wrapper\"><div class=\"title align-center\"><h3><a href=\"https:\/\/uelzener.de\/magazin\/hund\/tiergesundheit\/pfotenpflege-hund\/\">5 Tipps zur richtigen Pfotenpflege beim Hund im Winter<\/a><\/h3><\/div><div class=\"img align-center\"><img decoding=\"async\" width=\"315\" height=\"180\" src=\"https:\/\/uelzener.de\/magazin\/app\/uploads\/2021\/10\/Pfotenpflege-beim-Hund-315x180.jpg\" class=\"attachment-315x180 size-315x180 wp-post-image\" alt=\"Hund reicht Mensch seine Pfote im Schnee, Pfotenpflege ist ein gro\u00dfes Thema.\" \/><\/div><\/div><\/div>\n\n<h2>FAQ: H\u00e4ufig gestellte Fragen zum Thema Hundeschuhe im Winter<\/h2>\n<p>Woran erkenne ich, dass mein Hund Probleme mit den Pfoten hat?<\/p>\n<p>Probleme mit den Pfoten k\u00f6nnen sich auf unterschiedliche Weise bemerkbar machen. Zu den sichtbaren Anzeichen geh\u00f6ren R\u00f6tungen, Schwellungen, Risse, Blasen und n\u00e4ssende Stellen. Auch das Verhalten des Hundes kann auf Probleme mit den Pfoten hindeuten, zum Beispiel wenn er<\/p>\n<ul>\n<li aria-level=\"1\">sich vermehrt an einer Pfote leckt oder knabbert<\/li>\n<li aria-level=\"1\">die Pfote hochh\u00e4lt<\/li>\n<li aria-level=\"1\">unrund l\u00e4uft oder lahmt<\/li>\n<li aria-level=\"1\">ber\u00fchrungsempfindlich an ein einer Pfote reagiert<\/li>\n<\/ul>\n<p>H\u00e4lt der Zustand an, ist ein Tierarztbesuch ratsam. Eine Hundekrankenversicherung leistet in dem Fall gute Dienste. Sie \u00fcbernimmt die Kosten f\u00fcr Diagnose- und Behandlungsma\u00dfnahmen und bietet finanziellen Schutz, wenn das Tier medizinische Hilfe braucht.<\/p>\n\n<div class=\"banner\">\n    <a href=\"https:\/\/uelzener.de\/hund\/hunde-krankenversicherung\/?agt=0000104925&sem=true&utm_medium=magazin&utm_source=wordpress&utm_campaign=hund_kv&utm_content=banner\">\n        <img decoding=\"async\" width=\"300\" height=\"212\" src=\"https:\/\/uelzener.de\/magazin\/app\/uploads\/2025\/01\/Hunde-Kranken-Versicherung.jpg\" class=\"attachment-medium size-medium\" alt=\"Banner Hunde-Kranken-Versicherung\" \/>    <\/a>\n<\/div>\n\n<h3>Wie lange darf mein Hund Hundeschuhe tragen?<\/h3>\n<p>Hundeschuhe sollten grunds\u00e4tzlich nicht permanent, sondern nur so lange wie n\u00f6tig getragen werden, auch wenn sie noch so gut sitzen. Zum einen muss nach dem Spazierengehen Luft an die Pfoten, damit sie sich regenerieren k\u00f6nnen, zum anderen entspricht das Tragen von Schuhen nicht der Natur eines Hundes und sollte deshalb eher Ausnahme als Regel sein.<\/p>\n<h3>K\u00f6nnen Hundeschuhe auch im Sommer getragen werden?<\/h3>\n<p>Hundeschuhe f\u00fcr den Winter sind h\u00e4ufig warm gef\u00fcttert und daher nicht f\u00fcr den Sommer geeignet. Es gibt aber Allwetterschuhe, die genauso gut im Sommer getragen werden k\u00f6nnen, beispielsweise auf hei\u00dfem Asphalt oder hei\u00dfem Sand. Daneben sind dedizierte Sommerschuhe im Handel erh\u00e4ltlich, die aus extra leichten, luftdurchl\u00e4ssigen Materialien gefertigt sind.<\/p>\n","protected":false},"excerpt":{"rendered":"<p>Wenn der Winter Einzug h\u00e4lt und es zu schneien beginnt, ist bei vielen Hunden die Freude gro\u00df. \u00dcberm\u00fctig tollen sie durch die glitzernde Landschaft, jagen den wirbelnden Flocken hinterher und w\u00e4lzen sich vergn\u00fcgt in der wei\u00dfen Pracht. Doch so sch\u00f6n die kalte Jahreszeit auch ist, so sehr kann die Witterung den Pfoten unserer Vierbeiner zu [&hellip;]<\/p>\n","protected":false},"author":1,"featured_media":19620,"parent":11650,"menu_order":9,"comment_status":"open","ping_status":"open","template":"templates\/blog.php","meta":{"_acf_changed":false,"_crdt_document":"","footnotes":"","beyondwords_generate_audio":"","beyondwords_project_id":"","beyondwords_content_id":"","beyondwords_preview_token":"","beyondwords_player_style":"","beyondwords_language_id":"","beyondwords_title_voice_id":"","beyondwords_body_voice_id":"","beyondwords_summary_voice_id":"","beyondwords_error_message":"","beyondwords_disabled":"","beyondwords_delete_content":"","beyondwords_podcast_id":"","beyondwords_hash":"","publish_post_to_speechkit":"","speechkit_hash":"","speechkit_generate_audio":"","speechkit_project_id":"","speechkit_podcast_id":"","speechkit_error_message":"","speechkit_disabled":"","speechkit_access_key":"","speechkit_error":"","speechkit_info":"","speechkit_response":"","speechkit_retries":"","speechkit_status":"","speechkit_updated_at":"","_speechkit_link":"","_speechkit_text":""},"class_list":["post-10057","page","type-page","status-publish","has-post-thumbnail","hentry"],"acf":[],"yoast_head":"<!-- This site is optimized with the Yoast SEO Premium plugin  - https:\/\/yoast.com\/product\/yoast-seo-premium-wordpress\/ -->\n<title>Hundeschuhe im Winter \u2013 wann der Pfotenschutz sinnvoll ist | Uelzener<\/title>\n<meta name=\"description\" content=\"Erfahre \u2713 wann Hundeschuhe im Winter sinnvoll sind und \u2713 worauf Du bei der Auswahl achten solltest \u25b6 Hier informieren!\" \/>\n<meta name=\"robots\" content=\"index, follow, max-snippet:-1, max-image-preview:large, max-video-preview:-1\" \/>\n<link rel=\"canonical\" href=\"https:\/\/uelzener.de\/magazin\/hund\/haltung\/hundeschuhe-winter\/\" \/>\n<meta property=\"og:locale\" content=\"de_DE\" \/>\n<meta property=\"og:type\" content=\"article\" \/>\n<meta property=\"og:title\" content=\"Hundeschuhe im Winter: Wann sie sinnvoll sind und worauf du achten musst\" \/>\n<meta property=\"og:description\" content=\"Erfahre \u2713 wann Hundeschuhe im Winter sinnvoll sind und \u2713 worauf Du bei der Auswahl achten solltest \u25b6 Hier informieren!\" \/>\n<meta property=\"og:url\" content=\"https:\/\/uelzener.de\/magazin\/hund\/haltung\/hundeschuhe-winter\/\" \/>\n<meta property=\"og:site_name\" content=\"Uelzener Tier-Magazin\" \/>\n<meta property=\"article:publisher\" content=\"https:\/\/www.facebook.com\/Uelzener\" \/>\n<meta property=\"article:modified_time\" content=\"2026-02-03T11:50:25+00:00\" \/>\n<meta property=\"og:image\" content=\"https:\/\/uelzener.de\/magazin\/app\/uploads\/2025\/12\/Magazin_Hundeschuhe.jpg\" \/>\n\t<meta property=\"og:image:width\" content=\"2560\" \/>\n\t<meta property=\"og:image:height\" content=\"1707\" \/>\n\t<meta property=\"og:image:type\" content=\"image\/jpeg\" \/>\n<meta name=\"twitter:card\" content=\"summary_large_image\" \/>\n<meta name=\"twitter:label1\" content=\"Gesch\u00e4tzte Lesezeit\" \/>\n\t<meta name=\"twitter:data1\" content=\"9\u00a0Minuten\" \/>\n<script type=\"application\/ld+json\" class=\"yoast-schema-graph\">{\"@context\":\"https:\/\/schema.org\",\"@graph\":[{\"@type\":\"WebPage\",\"@id\":\"https:\/\/uelzener.de\/magazin\/hund\/haltung\/hundeschuhe-winter\/\",\"url\":\"https:\/\/uelzener.de\/magazin\/hund\/haltung\/hundeschuhe-winter\/\",\"name\":\"Hundeschuhe im Winter \u2013 wann der Pfotenschutz sinnvoll ist | Uelzener\",\"isPartOf\":{\"@id\":\"https:\/\/uelzener.de\/magazin\/#website\"},\"primaryImageOfPage\":{\"@id\":\"https:\/\/uelzener.de\/magazin\/hund\/haltung\/hundeschuhe-winter\/#primaryimage\"},\"image\":{\"@id\":\"https:\/\/uelzener.de\/magazin\/hund\/haltung\/hundeschuhe-winter\/#primaryimage\"},\"thumbnailUrl\":\"https:\/\/uelzener.de\/magazin\/app\/uploads\/2025\/12\/Magazin_Hundeschuhe.jpg\",\"datePublished\":\"2025-12-29T11:00:00+00:00\",\"dateModified\":\"2026-02-03T11:50:25+00:00\",\"description\":\"Erfahre \u2713 wann Hundeschuhe im Winter sinnvoll sind und \u2713 worauf Du bei der Auswahl achten solltest \u25b6 Hier informieren!\",\"breadcrumb\":{\"@id\":\"https:\/\/uelzener.de\/magazin\/hund\/haltung\/hundeschuhe-winter\/#breadcrumb\"},\"inLanguage\":\"de\",\"potentialAction\":[{\"@type\":\"ReadAction\",\"target\":[\"https:\/\/uelzener.de\/magazin\/hund\/haltung\/hundeschuhe-winter\/\"]}]},{\"@type\":\"ImageObject\",\"inLanguage\":\"de\",\"@id\":\"https:\/\/uelzener.de\/magazin\/hund\/haltung\/hundeschuhe-winter\/#primaryimage\",\"url\":\"https:\/\/uelzener.de\/magazin\/app\/uploads\/2025\/12\/Magazin_Hundeschuhe.jpg\",\"contentUrl\":\"https:\/\/uelzener.de\/magazin\/app\/uploads\/2025\/12\/Magazin_Hundeschuhe.jpg\",\"width\":2560,\"height\":1707,\"caption\":\"Hund mit lockigem Fell l\u00e4uft bei Sonnenuntergang durch den Schnee und tr\u00e4gt Hundeschuhe zum Schutz der Pfoten\"},{\"@type\":\"WebSite\",\"@id\":\"https:\/\/uelzener.de\/magazin\/#website\",\"url\":\"https:\/\/uelzener.de\/magazin\/\",\"name\":\"Uelzener Tiermagazin\",\"description\":\"Online Tierratgeber der Uelzener Versicherungen\",\"publisher\":{\"@id\":\"https:\/\/uelzener.de\/magazin\/#organization\"},\"potentialAction\":[{\"@type\":\"SearchAction\",\"target\":{\"@type\":\"EntryPoint\",\"urlTemplate\":\"https:\/\/uelzener.de\/magazin\/?s={search_term_string}\"},\"query-input\":{\"@type\":\"PropertyValueSpecification\",\"valueRequired\":true,\"valueName\":\"search_term_string\"}}],\"inLanguage\":\"de\"},{\"@type\":\"Organization\",\"@id\":\"https:\/\/uelzener.de\/magazin\/#organization\",\"name\":\"Uelzener Versicherungen\",\"url\":\"https:\/\/uelzener.de\/magazin\/\",\"logo\":{\"@type\":\"ImageObject\",\"inLanguage\":\"de\",\"@id\":\"https:\/\/uelzener.de\/magazin\/#\/schema\/logo\/image\/\",\"url\":\"https:\/\/uelzener.de\/magazin\/app\/uploads\/2024\/11\/uelzener_allgemeine_versicherungsgesellschaft_a_g_logo.jpg\",\"contentUrl\":\"https:\/\/uelzener.de\/magazin\/app\/uploads\/2024\/11\/uelzener_allgemeine_versicherungsgesellschaft_a_g_logo.jpg\",\"width\":200,\"height\":200,\"caption\":\"Uelzener Versicherungen\"},\"image\":{\"@id\":\"https:\/\/uelzener.de\/magazin\/#\/schema\/logo\/image\/\"},\"sameAs\":[\"https:\/\/www.facebook.com\/Uelzener\",\"https:\/\/instagram.com\/uelzener\",\"https:\/\/www.xing.com\/pages\/uelzenerallgemeineversicherungs-gesellschafta-g\",\"https:\/\/www.youtube.com\/UelzenerVersicherungen\"]}]}<\/script>\n<!-- \/ Yoast SEO Premium plugin. -->","yoast_head_json":{"title":"Hundeschuhe im Winter \u2013 wann der Pfotenschutz sinnvoll ist | Uelzener","description":"Erfahre \u2713 wann Hundeschuhe im Winter sinnvoll sind und \u2713 worauf Du bei der Auswahl achten solltest \u25b6 Hier informieren!","robots":{"index":"index","follow":"follow","max-snippet":"max-snippet:-1","max-image-preview":"max-image-preview:large","max-video-preview":"max-video-preview:-1"},"canonical":"https:\/\/uelzener.de\/magazin\/hund\/haltung\/hundeschuhe-winter\/","og_locale":"de_DE","og_type":"article","og_title":"Hundeschuhe im Winter: Wann sie sinnvoll sind und worauf du achten musst","og_description":"Erfahre \u2713 wann Hundeschuhe im Winter sinnvoll sind und \u2713 worauf Du bei der Auswahl achten solltest \u25b6 Hier informieren!","og_url":"https:\/\/uelzener.de\/magazin\/hund\/haltung\/hundeschuhe-winter\/","og_site_name":"Uelzener Tier-Magazin","article_publisher":"https:\/\/www.facebook.com\/Uelzener","article_modified_time":"2026-02-03T11:50:25+00:00","og_image":[{"width":2560,"height":1707,"url":"https:\/\/uelzener.de\/magazin\/app\/uploads\/2025\/12\/Magazin_Hundeschuhe.jpg","type":"image\/jpeg"}],"twitter_card":"summary_large_image","twitter_misc":{"Gesch\u00e4tzte Lesezeit":"9\u00a0Minuten"},"schema":{"@context":"https:\/\/schema.org","@graph":[{"@type":"WebPage","@id":"https:\/\/uelzener.de\/magazin\/hund\/haltung\/hundeschuhe-winter\/","url":"https:\/\/uelzener.de\/magazin\/hund\/haltung\/hundeschuhe-winter\/","name":"Hundeschuhe im Winter \u2013 wann der Pfotenschutz sinnvoll ist | Uelzener","isPartOf":{"@id":"https:\/\/uelzener.de\/magazin\/#website"},"primaryImageOfPage":{"@id":"https:\/\/uelzener.de\/magazin\/hund\/haltung\/hundeschuhe-winter\/#primaryimage"},"image":{"@id":"https:\/\/uelzener.de\/magazin\/hund\/haltung\/hundeschuhe-winter\/#primaryimage"},"thumbnailUrl":"https:\/\/uelzener.de\/magazin\/app\/uploads\/2025\/12\/Magazin_Hundeschuhe.jpg","datePublished":"2025-12-29T11:00:00+00:00","dateModified":"2026-02-03T11:50:25+00:00","description":"Erfahre \u2713 wann Hundeschuhe im Winter sinnvoll sind und \u2713 worauf Du bei der Auswahl achten solltest \u25b6 Hier informieren!","breadcrumb":{"@id":"https:\/\/uelzener.de\/magazin\/hund\/haltung\/hundeschuhe-winter\/#breadcrumb"},"inLanguage":"de","potentialAction":[{"@type":"ReadAction","target":["https:\/\/uelzener.de\/magazin\/hund\/haltung\/hundeschuhe-winter\/"]}]},{"@type":"ImageObject","inLanguage":"de","@id":"https:\/\/uelzener.de\/magazin\/hund\/haltung\/hundeschuhe-winter\/#primaryimage","url":"https:\/\/uelzener.de\/magazin\/app\/uploads\/2025\/12\/Magazin_Hundeschuhe.jpg","contentUrl":"https:\/\/uelzener.de\/magazin\/app\/uploads\/2025\/12\/Magazin_Hundeschuhe.jpg","width":2560,"height":1707,"caption":"Hund mit lockigem Fell l\u00e4uft bei Sonnenuntergang durch den Schnee und tr\u00e4gt Hundeschuhe zum Schutz der Pfoten"},{"@type":"WebSite","@id":"https:\/\/uelzener.de\/magazin\/#website","url":"https:\/\/uelzener.de\/magazin\/","name":"Uelzener Tiermagazin","description":"Online Tierratgeber der Uelzener Versicherungen","publisher":{"@id":"https:\/\/uelzener.de\/magazin\/#organization"},"potentialAction":[{"@type":"SearchAction","target":{"@type":"EntryPoint","urlTemplate":"https:\/\/uelzener.de\/magazin\/?s={search_term_string}"},"query-input":{"@type":"PropertyValueSpecification","valueRequired":true,"valueName":"search_term_string"}}],"inLanguage":"de"},{"@type":"Organization","@id":"https:\/\/uelzener.de\/magazin\/#organization","name":"Uelzener Versicherungen","url":"https:\/\/uelzener.de\/magazin\/","logo":{"@type":"ImageObject","inLanguage":"de","@id":"https:\/\/uelzener.de\/magazin\/#\/schema\/logo\/image\/","url":"https:\/\/uelzener.de\/magazin\/app\/uploads\/2024\/11\/uelzener_allgemeine_versicherungsgesellschaft_a_g_logo.jpg","contentUrl":"https:\/\/uelzener.de\/magazin\/app\/uploads\/2024\/11\/uelzener_allgemeine_versicherungsgesellschaft_a_g_logo.jpg","width":200,"height":200,"caption":"Uelzener Versicherungen"},"image":{"@id":"https:\/\/uelzener.de\/magazin\/#\/schema\/logo\/image\/"},"sameAs":["https:\/\/www.facebook.com\/Uelzener","https:\/\/instagram.com\/uelzener","https:\/\/www.xing.com\/pages\/uelzenerallgemeineversicherungs-gesellschafta-g","https:\/\/www.youtube.com\/UelzenerVersicherungen"]}]}},"_links":{"self":[{"href":"https:\/\/uelzener.de\/magazin\/wp-json\/wp\/v2\/pages\/10057","targetHints":{"allow":["GET"]}}],"collection":[{"href":"https:\/\/uelzener.de\/magazin\/wp-json\/wp\/v2\/pages"}],"about":[{"href":"https:\/\/uelzener.de\/magazin\/wp-json\/wp\/v2\/types\/page"}],"author":[{"embeddable":true,"href":"https:\/\/uelzener.de\/magazin\/wp-json\/wp\/v2\/users\/1"}],"replies":[{"embeddable":true,"href":"https:\/\/uelzener.de\/magazin\/wp-json\/wp\/v2\/comments?post=10057"}],"version-history":[{"count":16,"href":"https:\/\/uelzener.de\/magazin\/wp-json\/wp\/v2\/pages\/10057\/revisions"}],"predecessor-version":[{"id":19727,"href":"https:\/\/uelzener.de\/magazin\/wp-json\/wp\/v2\/pages\/10057\/revisions\/19727"}],"up":[{"embeddable":true,"href":"https:\/\/uelzener.de\/magazin\/wp-json\/wp\/v2\/pages\/11650"}],"wp:featuredmedia":[{"embeddable":true,"href":"https:\/\/uelzener.de\/magazin\/wp-json\/wp\/v2\/media\/19620"}],"wp:attachment":[{"href":"https:\/\/uelzener.de\/magazin\/wp-json\/wp\/v2\/media?parent=10057"}],"curies":[{"name":"wp","href":"https:\/\/api.w.org\/{rel}","templated":true}]}}