{"id":10034,"date":"2015-05-12T00:00:00","date_gmt":"2015-05-11T22:00:00","guid":{"rendered":""},"modified":"2023-10-25T11:22:05","modified_gmt":"2023-10-25T09:22:05","slug":"hundefreundlicher-garten","status":"publish","type":"page","link":"https:\/\/uelzener.de\/magazin\/hund\/haltung\/hundefreundlicher-garten\/","title":{"rendered":"Hundefreundlicher Garten: Tipps zur Gestaltung"},"content":{"rendered":"<p>Im Sommer spielt sich das Leben im Garten ab: Lesen, grillen, feiern, Beete anlegen, Obst und Gem\u00fcse ernten. Hund ist immer dabei und m\u00f6chte nat\u00fcrlich gerne mitmischen. Daher sollten bei der Gartenplanung die Bed\u00fcrfnisse des Hundes mit eingeplant werden. Das hilft, kleine und gr\u00f6\u00dfere Probleme von vorneherein auszuschalten.<\/p>\n<h2>Auswahl von Gartenpflanzen f\u00fcr Hunde<\/h2>\n<p>Ein wichtiger Punkt ist die Auswahl der Pflanzen. Es kommen nur ungiftige und solche ohne Dornen infrage. Denn besonders junge Hunde knabbern gerne alles an. Daher sollten giftige Geh\u00f6lze wie Eibe, Oleander, Buchsbaum oder Thuja au\u00dfer Reichweite sein.<\/p>\n<p>Auch Pflanzen, die ihre giftigen Fr\u00fcchte im Garten verteilen, wie Kirschlorbeer oder Stechpalme, sind ungeeignet.<\/p>\n<p>Manche Hunde knabbern auch gerne Bl\u00fcten. Daher sollten auff\u00e4llig bl\u00fchende Pflanzen wie Eisenhut, Narzissen, Rittersporn, Rhododendron, Herbstzeitlose, Christrose und Fingerhut nicht in Hunden\u00e4he gepflanzt werden.<\/p>\n<p>Dorniges wie Rosen, Wei\u00dfdorn oder Berberitzen sollten so gesetzt werden, dass der Hund nicht Gefahr l\u00e4uft, sich einen Dorn in die Pfote zu treten oder sich Augen oder Schnauze zu verletzen.<\/p>\n<p>Generell kann es nat\u00fcrlich auch bei bewusster Gestaltung des Gartens immer zu Verletzungen des Hundes kommen. Um darauf vorbereitet zu sein, sollte immer eine <strong>Hunde-Krankenversicherung<\/strong> abgeschlossen werden.<\/p>\n\n<div class=\"banner\">\n    <a href=\"https:\/\/uelzener.de\/hund\/hunde-krankenversicherung\/?agt=0000104925&sem=true&utm_medium=magazin&utm_source=wordpress&utm_campaign=hund_kv&utm_content=banner\">\n        <img decoding=\"async\" width=\"300\" height=\"212\" src=\"https:\/\/uelzener.de\/magazin\/app\/uploads\/2025\/01\/Hunde-Kranken-Versicherung.jpg\" class=\"attachment-medium size-medium\" alt=\"Banner Hunde-Kranken-Versicherung\" \/>    <\/a>\n<\/div>\n\n<h2>Garten hundgerecht einrichten<\/h2>\n<p>Auch Hunde suchen sich im Garten einen Lieblingsplatz, wo sie im Schatten liegen und das Geschehen beobachten k\u00f6nnen. Eine Holzplattform mit Kissen oder eine Hundeh\u00fctte an dieser Stelle sind ideal.<\/p>\n<p>Frisches Wasser sollte immer verf\u00fcgbar sein.<\/p>\n<p>Wer einen Teich oder Pool hat, wird seinen Hund nur schwer davon fern halten k\u00f6nnen. Hier m\u00fcssen M\u00f6glichkeiten f\u00fcr den Hund vorhanden sein, selbst\u00e4ndig wieder aus dem Wasser herauszukommen. Auch sollte man den Pool oder Teich st\u00e4ndig im Blick haben oder ihn notfalls absperren.<\/p>\n<p>Das Sch\u00f6nste f\u00fcr Hunde ist eine gro\u00dfe Rasenfl\u00e4che, wo sie gefahrlos herumtollen k\u00f6nnen. Gartenger\u00e4te wie Harken, Scheren oder Elektrokabel (lassen sich toll anknabbern) sollten nicht offen herumliegen, sondern immer sicher verstaut werden.<\/p>\n<p>Ein echter Konfliktpunkt ist das Buddeln. In der Regel wird gerne da gebuddelt, wo die Erde sch\u00f6n locker ist, also in den Beeten. Bei genug Platz kann man eine extra \u201eBuddelecke\u201c anlegen, um \u00c4rger zu vermeiden.<\/p>\n<p>Eine weitere Ecke kann mit Sand als \u201eToilette\u201c eingerichtet werden. Der Hund sollte von Anfang an lernen, im Garten nur dort sein Gesch\u00e4ft zu verrichten. Schaufel, Eimer und Hundet\u00fcten in Griffweite helfen, die Toilette sauber zu halten.<\/p>\n<p>Es versteht sich von selbst, dass ein Garten mit Hund einen stabilen Zaun braucht, der bis auf den Boden reicht und h\u00f6her ist als der Hund selbst. Auch sollte er keine gro\u00dfen L\u00fccken aufweisen, damit der Hund seinen Kopf nicht hindurchstecken kann. Manche Hunde buddeln sich auch gerne unter dem Zaun durch. Bei solchen \u201eBauarbeitern\u201c wie zum Beispiel den Teckeln sollte eine Sperre mindestens einen halben Meter in die Erde eingegraben werden.<\/p>\n<p>Trotz allem sollten Hunde niemals allein im Garten sein. Auch einen Spaziergang kann der Garten nicht ersetzen. Er ist eher ein gro\u00dfer Spielplatz, wo der Hund sich austoben kann. Das sollte bei aller Planung nicht vergessen werden.<\/p>\n<p>Nat\u00fcrlich lauern im Garten auch immer Gefahren, die sich nicht vermeiden lassen. Gerade im Sommer, wo sich der Hund den Garten mit vielen anderen Tieren und Insekten teilen muss, kann es beispielsweise zu <a href=\"https:\/\/uelzener.de\/magazin\/hund\/tiergesundheit\/insektenstich-hund-wespenstich-bienenstich\/\">Insektenstichen beim Hund<\/a> kommen.<\/p>\n","protected":false},"excerpt":{"rendered":"<p>Im Sommer spielt sich das Leben im Garten ab: Lesen, grillen, feiern, Beete anlegen, Obst und Gem\u00fcse ernten. Hund ist immer dabei und m\u00f6chte nat\u00fcrlich gerne mitmischen. Daher sollten bei der Gartenplanung die Bed\u00fcrfnisse des Hundes mit eingeplant werden. Das hilft, kleine und gr\u00f6\u00dfere Probleme von vorneherein auszuschalten. Auswahl von Gartenpflanzen f\u00fcr Hunde Ein wichtiger [&hellip;]<\/p>\n","protected":false},"author":1,"featured_media":10624,"parent":11650,"menu_order":2,"comment_status":"closed","ping_status":"closed","template":"templates\/blog.php","meta":{"_acf_changed":false,"_crdt_document":"","footnotes":"","beyondwords_generate_audio":"0","beyondwords_project_id":"","beyondwords_content_id":"","beyondwords_preview_token":"","beyondwords_player_style":"","beyondwords_language_id":"","beyondwords_title_voice_id":"","beyondwords_body_voice_id":"","beyondwords_summary_voice_id":"","beyondwords_error_message":"","beyondwords_disabled":"","beyondwords_delete_content":"","beyondwords_podcast_id":"","beyondwords_hash":"","publish_post_to_speechkit":"","speechkit_hash":"","speechkit_generate_audio":"","speechkit_project_id":"","speechkit_podcast_id":"","speechkit_error_message":"","speechkit_disabled":"","speechkit_access_key":"","speechkit_error":"","speechkit_info":"","speechkit_response":"","speechkit_retries":"","speechkit_status":"","speechkit_updated_at":"","_speechkit_link":"","_speechkit_text":""},"class_list":["post-10034","page","type-page","status-publish","has-post-thumbnail","hentry"],"acf":[],"yoast_head":"<!-- This site is optimized with the Yoast SEO Premium plugin  - https:\/\/yoast.com\/product\/yoast-seo-premium-wordpress\/ -->\n<title>Hundefreundlicher Garten \u2013 Tipps zur Gestaltung | Uelzener<\/title>\n<meta name=\"description\" content=\"So kannst Du Deinen Garten hundefreundlich &amp; hundesicher gestalten \u2713 Pflanzen \u2713 Lieblingsplatz \u2713 Zaun \u25b6 Hier informieren!\" \/>\n<meta name=\"robots\" content=\"index, follow, max-snippet:-1, max-image-preview:large, max-video-preview:-1\" \/>\n<link rel=\"canonical\" href=\"https:\/\/uelzener.de\/magazin\/hund\/haltung\/hundefreundlicher-garten\/\" \/>\n<meta property=\"og:locale\" content=\"de_DE\" \/>\n<meta property=\"og:type\" content=\"article\" \/>\n<meta property=\"og:title\" content=\"Hundefreundlicher Garten: Tipps zur Gestaltung\" \/>\n<meta property=\"og:description\" content=\"So kannst Du Deinen Garten hundefreundlich &amp; hundesicher gestalten \u2713 Pflanzen \u2713 Lieblingsplatz \u2713 Zaun \u25b6 Hier informieren!\" \/>\n<meta property=\"og:url\" content=\"https:\/\/uelzener.de\/magazin\/hund\/haltung\/hundefreundlicher-garten\/\" \/>\n<meta property=\"og:site_name\" content=\"Uelzener Tier-Magazin\" \/>\n<meta property=\"article:publisher\" content=\"https:\/\/www.facebook.com\/Uelzener\" \/>\n<meta property=\"article:modified_time\" content=\"2023-10-25T09:22:05+00:00\" \/>\n<meta property=\"og:image\" content=\"https:\/\/uelzener.de\/magazin\/app\/uploads\/2015\/05\/be7b8a18-35d1-4d8e-b827-eb14576926ce.jpg\" \/>\n\t<meta property=\"og:image:width\" content=\"650\" \/>\n\t<meta property=\"og:image:height\" content=\"432\" \/>\n\t<meta property=\"og:image:type\" content=\"image\/jpeg\" \/>\n<meta name=\"twitter:card\" content=\"summary_large_image\" \/>\n<meta name=\"twitter:label1\" content=\"Gesch\u00e4tzte Lesezeit\" \/>\n\t<meta name=\"twitter:data1\" content=\"3\u00a0Minuten\" \/>\n<script type=\"application\/ld+json\" class=\"yoast-schema-graph\">{\"@context\":\"https:\/\/schema.org\",\"@graph\":[{\"@type\":\"WebPage\",\"@id\":\"https:\/\/uelzener.de\/magazin\/hund\/haltung\/hundefreundlicher-garten\/\",\"url\":\"https:\/\/uelzener.de\/magazin\/hund\/haltung\/hundefreundlicher-garten\/\",\"name\":\"Hundefreundlicher Garten \u2013 Tipps zur Gestaltung | Uelzener\",\"isPartOf\":{\"@id\":\"https:\/\/uelzener.de\/magazin\/#website\"},\"primaryImageOfPage\":{\"@id\":\"https:\/\/uelzener.de\/magazin\/hund\/haltung\/hundefreundlicher-garten\/#primaryimage\"},\"image\":{\"@id\":\"https:\/\/uelzener.de\/magazin\/hund\/haltung\/hundefreundlicher-garten\/#primaryimage\"},\"thumbnailUrl\":\"https:\/\/uelzener.de\/magazin\/app\/uploads\/2015\/05\/be7b8a18-35d1-4d8e-b827-eb14576926ce.jpg\",\"datePublished\":\"2015-05-11T22:00:00+00:00\",\"dateModified\":\"2023-10-25T09:22:05+00:00\",\"description\":\"So kannst Du Deinen Garten hundefreundlich & hundesicher gestalten \u2713 Pflanzen \u2713 Lieblingsplatz \u2713 Zaun \u25b6 Hier informieren!\",\"breadcrumb\":{\"@id\":\"https:\/\/uelzener.de\/magazin\/hund\/haltung\/hundefreundlicher-garten\/#breadcrumb\"},\"inLanguage\":\"de\",\"potentialAction\":[{\"@type\":\"ReadAction\",\"target\":[\"https:\/\/uelzener.de\/magazin\/hund\/haltung\/hundefreundlicher-garten\/\"]}]},{\"@type\":\"ImageObject\",\"inLanguage\":\"de\",\"@id\":\"https:\/\/uelzener.de\/magazin\/hund\/haltung\/hundefreundlicher-garten\/#primaryimage\",\"url\":\"https:\/\/uelzener.de\/magazin\/app\/uploads\/2015\/05\/be7b8a18-35d1-4d8e-b827-eb14576926ce.jpg\",\"contentUrl\":\"https:\/\/uelzener.de\/magazin\/app\/uploads\/2015\/05\/be7b8a18-35d1-4d8e-b827-eb14576926ce.jpg\",\"width\":650,\"height\":432,\"caption\":\"Ein gl\u00fccklicher Sch\u00e4ferhund liegt im sonnigem Garten und streckt seine Zunge raus.\"},{\"@type\":\"WebSite\",\"@id\":\"https:\/\/uelzener.de\/magazin\/#website\",\"url\":\"https:\/\/uelzener.de\/magazin\/\",\"name\":\"Uelzener Tiermagazin\",\"description\":\"Online Tierratgeber der Uelzener Versicherungen\",\"publisher\":{\"@id\":\"https:\/\/uelzener.de\/magazin\/#organization\"},\"potentialAction\":[{\"@type\":\"SearchAction\",\"target\":{\"@type\":\"EntryPoint\",\"urlTemplate\":\"https:\/\/uelzener.de\/magazin\/?s={search_term_string}\"},\"query-input\":{\"@type\":\"PropertyValueSpecification\",\"valueRequired\":true,\"valueName\":\"search_term_string\"}}],\"inLanguage\":\"de\"},{\"@type\":\"Organization\",\"@id\":\"https:\/\/uelzener.de\/magazin\/#organization\",\"name\":\"Uelzener Versicherungen\",\"url\":\"https:\/\/uelzener.de\/magazin\/\",\"logo\":{\"@type\":\"ImageObject\",\"inLanguage\":\"de\",\"@id\":\"https:\/\/uelzener.de\/magazin\/#\/schema\/logo\/image\/\",\"url\":\"https:\/\/uelzener.de\/magazin\/app\/uploads\/2024\/11\/uelzener_allgemeine_versicherungsgesellschaft_a_g_logo.jpg\",\"contentUrl\":\"https:\/\/uelzener.de\/magazin\/app\/uploads\/2024\/11\/uelzener_allgemeine_versicherungsgesellschaft_a_g_logo.jpg\",\"width\":200,\"height\":200,\"caption\":\"Uelzener Versicherungen\"},\"image\":{\"@id\":\"https:\/\/uelzener.de\/magazin\/#\/schema\/logo\/image\/\"},\"sameAs\":[\"https:\/\/www.facebook.com\/Uelzener\",\"https:\/\/instagram.com\/uelzener\",\"https:\/\/www.xing.com\/pages\/uelzenerallgemeineversicherungs-gesellschafta-g\",\"https:\/\/www.youtube.com\/UelzenerVersicherungen\"]}]}<\/script>\n<!-- \/ Yoast SEO Premium plugin. -->","yoast_head_json":{"title":"Hundefreundlicher Garten \u2013 Tipps zur Gestaltung | Uelzener","description":"So kannst Du Deinen Garten hundefreundlich & hundesicher gestalten \u2713 Pflanzen \u2713 Lieblingsplatz \u2713 Zaun \u25b6 Hier informieren!","robots":{"index":"index","follow":"follow","max-snippet":"max-snippet:-1","max-image-preview":"max-image-preview:large","max-video-preview":"max-video-preview:-1"},"canonical":"https:\/\/uelzener.de\/magazin\/hund\/haltung\/hundefreundlicher-garten\/","og_locale":"de_DE","og_type":"article","og_title":"Hundefreundlicher Garten: Tipps zur Gestaltung","og_description":"So kannst Du Deinen Garten hundefreundlich & hundesicher gestalten \u2713 Pflanzen \u2713 Lieblingsplatz \u2713 Zaun \u25b6 Hier informieren!","og_url":"https:\/\/uelzener.de\/magazin\/hund\/haltung\/hundefreundlicher-garten\/","og_site_name":"Uelzener Tier-Magazin","article_publisher":"https:\/\/www.facebook.com\/Uelzener","article_modified_time":"2023-10-25T09:22:05+00:00","og_image":[{"width":650,"height":432,"url":"https:\/\/uelzener.de\/magazin\/app\/uploads\/2015\/05\/be7b8a18-35d1-4d8e-b827-eb14576926ce.jpg","type":"image\/jpeg"}],"twitter_card":"summary_large_image","twitter_misc":{"Gesch\u00e4tzte Lesezeit":"3\u00a0Minuten"},"schema":{"@context":"https:\/\/schema.org","@graph":[{"@type":"WebPage","@id":"https:\/\/uelzener.de\/magazin\/hund\/haltung\/hundefreundlicher-garten\/","url":"https:\/\/uelzener.de\/magazin\/hund\/haltung\/hundefreundlicher-garten\/","name":"Hundefreundlicher Garten \u2013 Tipps zur Gestaltung | Uelzener","isPartOf":{"@id":"https:\/\/uelzener.de\/magazin\/#website"},"primaryImageOfPage":{"@id":"https:\/\/uelzener.de\/magazin\/hund\/haltung\/hundefreundlicher-garten\/#primaryimage"},"image":{"@id":"https:\/\/uelzener.de\/magazin\/hund\/haltung\/hundefreundlicher-garten\/#primaryimage"},"thumbnailUrl":"https:\/\/uelzener.de\/magazin\/app\/uploads\/2015\/05\/be7b8a18-35d1-4d8e-b827-eb14576926ce.jpg","datePublished":"2015-05-11T22:00:00+00:00","dateModified":"2023-10-25T09:22:05+00:00","description":"So kannst Du Deinen Garten hundefreundlich & hundesicher gestalten \u2713 Pflanzen \u2713 Lieblingsplatz \u2713 Zaun \u25b6 Hier informieren!","breadcrumb":{"@id":"https:\/\/uelzener.de\/magazin\/hund\/haltung\/hundefreundlicher-garten\/#breadcrumb"},"inLanguage":"de","potentialAction":[{"@type":"ReadAction","target":["https:\/\/uelzener.de\/magazin\/hund\/haltung\/hundefreundlicher-garten\/"]}]},{"@type":"ImageObject","inLanguage":"de","@id":"https:\/\/uelzener.de\/magazin\/hund\/haltung\/hundefreundlicher-garten\/#primaryimage","url":"https:\/\/uelzener.de\/magazin\/app\/uploads\/2015\/05\/be7b8a18-35d1-4d8e-b827-eb14576926ce.jpg","contentUrl":"https:\/\/uelzener.de\/magazin\/app\/uploads\/2015\/05\/be7b8a18-35d1-4d8e-b827-eb14576926ce.jpg","width":650,"height":432,"caption":"Ein gl\u00fccklicher Sch\u00e4ferhund liegt im sonnigem Garten und streckt seine Zunge raus."},{"@type":"WebSite","@id":"https:\/\/uelzener.de\/magazin\/#website","url":"https:\/\/uelzener.de\/magazin\/","name":"Uelzener Tiermagazin","description":"Online Tierratgeber der Uelzener Versicherungen","publisher":{"@id":"https:\/\/uelzener.de\/magazin\/#organization"},"potentialAction":[{"@type":"SearchAction","target":{"@type":"EntryPoint","urlTemplate":"https:\/\/uelzener.de\/magazin\/?s={search_term_string}"},"query-input":{"@type":"PropertyValueSpecification","valueRequired":true,"valueName":"search_term_string"}}],"inLanguage":"de"},{"@type":"Organization","@id":"https:\/\/uelzener.de\/magazin\/#organization","name":"Uelzener Versicherungen","url":"https:\/\/uelzener.de\/magazin\/","logo":{"@type":"ImageObject","inLanguage":"de","@id":"https:\/\/uelzener.de\/magazin\/#\/schema\/logo\/image\/","url":"https:\/\/uelzener.de\/magazin\/app\/uploads\/2024\/11\/uelzener_allgemeine_versicherungsgesellschaft_a_g_logo.jpg","contentUrl":"https:\/\/uelzener.de\/magazin\/app\/uploads\/2024\/11\/uelzener_allgemeine_versicherungsgesellschaft_a_g_logo.jpg","width":200,"height":200,"caption":"Uelzener Versicherungen"},"image":{"@id":"https:\/\/uelzener.de\/magazin\/#\/schema\/logo\/image\/"},"sameAs":["https:\/\/www.facebook.com\/Uelzener","https:\/\/instagram.com\/uelzener","https:\/\/www.xing.com\/pages\/uelzenerallgemeineversicherungs-gesellschafta-g","https:\/\/www.youtube.com\/UelzenerVersicherungen"]}]}},"_links":{"self":[{"href":"https:\/\/uelzener.de\/magazin\/wp-json\/wp\/v2\/pages\/10034","targetHints":{"allow":["GET"]}}],"collection":[{"href":"https:\/\/uelzener.de\/magazin\/wp-json\/wp\/v2\/pages"}],"about":[{"href":"https:\/\/uelzener.de\/magazin\/wp-json\/wp\/v2\/types\/page"}],"author":[{"embeddable":true,"href":"https:\/\/uelzener.de\/magazin\/wp-json\/wp\/v2\/users\/1"}],"replies":[{"embeddable":true,"href":"https:\/\/uelzener.de\/magazin\/wp-json\/wp\/v2\/comments?post=10034"}],"version-history":[{"count":9,"href":"https:\/\/uelzener.de\/magazin\/wp-json\/wp\/v2\/pages\/10034\/revisions"}],"predecessor-version":[{"id":16488,"href":"https:\/\/uelzener.de\/magazin\/wp-json\/wp\/v2\/pages\/10034\/revisions\/16488"}],"up":[{"embeddable":true,"href":"https:\/\/uelzener.de\/magazin\/wp-json\/wp\/v2\/pages\/11650"}],"wp:featuredmedia":[{"embeddable":true,"href":"https:\/\/uelzener.de\/magazin\/wp-json\/wp\/v2\/media\/10624"}],"wp:attachment":[{"href":"https:\/\/uelzener.de\/magazin\/wp-json\/wp\/v2\/media?parent=10034"}],"curies":[{"name":"wp","href":"https:\/\/api.w.org\/{rel}","templated":true}]}}