{"id":10033,"date":"2015-09-03T00:00:00","date_gmt":"2015-09-03T00:00:00","guid":{"rendered":""},"modified":"2023-04-19T16:51:12","modified_gmt":"2023-04-19T14:51:12","slug":"beagle","status":"publish","type":"page","link":"https:\/\/uelzener.de\/magazin\/hund\/rasseportrait\/beagle\/","title":{"rendered":"Beagle: gutm\u00fctige Sp\u00fcrnasen"},"content":{"rendered":"<p>Beagles sind unverkennbar: Meist dreifarbig im Fell, klein, mit wei\u00dfer Schwanzspitze und Schlappohren. Der bekannteste Beagle ist wohl Snoopy, der Hund von Charlie Brown aus der Comicserie &#8222;Peanuts&#8220;, der gelegentlich auf seiner Hundeh\u00fctte tanzt. Und genau wie im Comic sind Beagles intelligente und fr\u00f6hliche Hunde mit einer eigenen Meinung.<\/p>\n<p>Entstanden ist diese Hunderasse, nachdem normannische Ritter ihre Jagdhunde, die &#8222;Northern Hounds&#8220;, 1066 mit nach England brachten. Sp\u00e4ter brachten die Engl\u00e4nder weitere Hunde aus Frankreich mit, die \u201cSouthern Hounds&#8220;. W\u00e4hrend die Northern Hounds schlanke und schnelle Jagdhunde waren, zeichneten sich die schwereren Southern Hounds eher als gute F\u00e4hrtensucher aus. Daraus z\u00fcchtete man im 15. Jahrhundert einen Hund, der die positiven Eigenschaften beider Rassen miteinander verband &#8211; den Beagle.<\/p>\n<p>Neben Ausdauer, Schnelligkeit, Mut und gutem Sp\u00fcrsinn achtete man besonders auf die &#8222;Meutenvertr\u00e4glichkeit&#8220;, also die Eigenschaft, mit vielen anderen Hunden gemeinsam zu jagen. Viele beagle-typische Eigenschaften gehen darauf zur\u00fcck, zum Beispiel seine Friedfertigkeit. Beagles sind darauf gez\u00fcchtet, mit anderen Hunden im Team zu jagen. Daher ist Aggression ihnen fremd. Sie brauchen allerdings eine klare Hierarchie, auch bei ihren Menschen. Sonst \u00fcbernimmt der Beagle selbst die Leitung. Klare Ansagen und Konsequenz sind bei der Erziehung daher wichtig, auch wenn der kleine Schelm gerne mal versucht, sein Herrchen um den Finger zu wickeln.<\/p>\n<p>Das Jagen im Team erfordert viel Intelligenz, da die Hunde im Feld selber entscheiden m\u00fcssen. Diese Eigenschaft und der starke Wille, sein Ziel zu erreichen, k\u00f6nnen daher schon mal etwas anstrengend werden. Auch wenn es ums Essen geht, kennt der Beagle keine Verwandten: Er stopft in sich hinein, was er kriegen kann, wahlweise auch mit Verpackung oder anderen unpassenden Dingen. Denn ein Kollege aus seiner (imagin\u00e4ren) Meute k\u00f6nnte ihm ja zuvor kommen. Daher bringt der ansonsten robuste Hund auch einen gewissen Hang zum \u00dcbergewicht mit.<\/p>\n<p>Als typischer Meutehund braucht ein Beagle nat\u00fcrlich viel Bewegung. Daher sollte auch sein Besitzer sehr bewegungsfreudig sein und sich viel Zeit f\u00fcr gemeinsame Touren nehmen. Auch als <a href=\"https:\/\/uelzener.de\/magazin\/hund\/haeufige-fragen\/familienhunde\/\"><strong>Familienhund<\/strong> <\/a>ist der Beagle gut geeignet. . Beagles sind durch ihre angeborene Freundlichkeit sehr kinderlieb und zu jedem Schabernack bereit. Noch mehr freut sich ein Beagle, wenn er einen Artgenossen hat, mit dem er gemeinsam die Umgebung erkunden kann. Denn erst in Gesellschaft f\u00fchlt er sich so richtig wohl. Er eignet sich allerdings nicht als Wachhund, dazu ist er gl\u00fccklicherweise zu nett.<\/p>\n<p>Nat\u00fcrlich hat der Beagle einen ausgepr\u00e4gten Jagdtrieb, der ihn gelegentlich seine gute Erziehung vergessen l\u00e4sst. Wer sich also f\u00fcr einen Beagle entscheidet und noch nicht viel Erfahrung mit Hunden hat, sollte f\u00fcr die Erziehung den Besuch einer guten <a href=\"https:\/\/uelzener.de\/magazin\/hund\/erziehung-und-training\/hundeschule-ja-oder-nein\/\"><strong>Hundeschule<\/strong> <\/a>in Betracht ziehen. Dann hat er einen fr\u00f6hlichen kleinen Hund im Haus, der jeden Spa\u00df begeistert mitmacht.<\/p>\n","protected":false},"excerpt":{"rendered":"<p>Beagles sind unverkennbar: Meist dreifarbig im Fell, klein, mit wei\u00dfer Schwanzspitze und Schlappohren. Der bekannteste Beagle ist wohl Snoopy, der Hund von Charlie Brown aus der Comicserie &#8222;Peanuts&#8220;, der gelegentlich auf seiner Hundeh\u00fctte tanzt. Und genau wie im Comic sind Beagles intelligente und fr\u00f6hliche Hunde mit einer eigenen Meinung. Entstanden ist diese Hunderasse, nachdem normannische [&hellip;]<\/p>\n","protected":false},"author":1,"featured_media":10623,"parent":2475,"menu_order":2,"comment_status":"open","ping_status":"open","template":"templates\/blog.php","meta":{"_acf_changed":false,"_crdt_document":"","footnotes":"","beyondwords_generate_audio":"","beyondwords_project_id":"","beyondwords_content_id":"","beyondwords_preview_token":"","beyondwords_player_style":"","beyondwords_language_id":"","beyondwords_title_voice_id":"","beyondwords_body_voice_id":"","beyondwords_summary_voice_id":"","beyondwords_error_message":"","beyondwords_disabled":"","beyondwords_delete_content":"","beyondwords_podcast_id":"","beyondwords_hash":"","publish_post_to_speechkit":"","speechkit_hash":"","speechkit_generate_audio":"","speechkit_project_id":"","speechkit_podcast_id":"","speechkit_error_message":"","speechkit_disabled":"","speechkit_access_key":"","speechkit_error":"","speechkit_info":"","speechkit_response":"","speechkit_retries":"","speechkit_status":"","speechkit_updated_at":"","_speechkit_link":"","_speechkit_text":""},"class_list":["post-10033","page","type-page","status-publish","has-post-thumbnail","hentry"],"acf":[],"yoast_head":"<!-- This site is optimized with the Yoast SEO Premium plugin  - https:\/\/yoast.com\/product\/yoast-seo-premium-wordpress\/ -->\n<title>Beagle im Rasseportrait \u2013 Charakter, Haltung &amp; Erziehung | Uelzener<\/title>\n<meta name=\"description\" content=\"Erfahre alles zur Hunderasse Beagle \u2713 Herkunft \u2713 Charakter \u2713 Haltung \u2713 Einsatzbereiche \u2713 Erziehung \u25b6 Hier informieren!\" \/>\n<meta name=\"robots\" content=\"index, follow, max-snippet:-1, max-image-preview:large, max-video-preview:-1\" \/>\n<link rel=\"canonical\" href=\"https:\/\/uelzener.de\/magazin\/hund\/rasseportrait\/beagle\/\" \/>\n<meta property=\"og:locale\" content=\"de_DE\" \/>\n<meta property=\"og:type\" content=\"article\" \/>\n<meta property=\"og:title\" content=\"Beagle: gutm\u00fctige Sp\u00fcrnasen\" \/>\n<meta property=\"og:description\" content=\"Erfahre alles zur Hunderasse Beagle \u2713 Herkunft \u2713 Charakter \u2713 Haltung \u2713 Einsatzbereiche \u2713 Erziehung \u25b6 Hier informieren!\" \/>\n<meta property=\"og:url\" content=\"https:\/\/uelzener.de\/magazin\/hund\/rasseportrait\/beagle\/\" \/>\n<meta property=\"og:site_name\" content=\"Uelzener Tier-Magazin\" \/>\n<meta property=\"article:publisher\" content=\"https:\/\/www.facebook.com\/Uelzener\" \/>\n<meta property=\"article:modified_time\" content=\"2023-04-19T14:51:12+00:00\" \/>\n<meta property=\"og:image\" content=\"https:\/\/uelzener.de\/magazin\/app\/uploads\/2015\/09\/8fc07b5f-f4f5-4e64-8821-35abc12d5760.jpg\" \/>\n\t<meta property=\"og:image:width\" content=\"650\" \/>\n\t<meta property=\"og:image:height\" content=\"432\" \/>\n\t<meta property=\"og:image:type\" content=\"image\/jpeg\" \/>\n<meta name=\"twitter:card\" content=\"summary_large_image\" \/>\n<meta name=\"twitter:label1\" content=\"Gesch\u00e4tzte Lesezeit\" \/>\n\t<meta name=\"twitter:data1\" content=\"2\u00a0Minuten\" \/>\n<script type=\"application\/ld+json\" class=\"yoast-schema-graph\">{\"@context\":\"https:\/\/schema.org\",\"@graph\":[{\"@type\":\"WebPage\",\"@id\":\"https:\/\/uelzener.de\/magazin\/hund\/rasseportrait\/beagle\/\",\"url\":\"https:\/\/uelzener.de\/magazin\/hund\/rasseportrait\/beagle\/\",\"name\":\"Beagle im Rasseportrait \u2013 Charakter, Haltung & Erziehung | Uelzener\",\"isPartOf\":{\"@id\":\"https:\/\/uelzener.de\/magazin\/#website\"},\"primaryImageOfPage\":{\"@id\":\"https:\/\/uelzener.de\/magazin\/hund\/rasseportrait\/beagle\/#primaryimage\"},\"image\":{\"@id\":\"https:\/\/uelzener.de\/magazin\/hund\/rasseportrait\/beagle\/#primaryimage\"},\"thumbnailUrl\":\"https:\/\/uelzener.de\/magazin\/app\/uploads\/2015\/09\/8fc07b5f-f4f5-4e64-8821-35abc12d5760.jpg\",\"datePublished\":\"2015-09-03T00:00:00+00:00\",\"dateModified\":\"2023-04-19T14:51:12+00:00\",\"description\":\"Erfahre alles zur Hunderasse Beagle \u2713 Herkunft \u2713 Charakter \u2713 Haltung \u2713 Einsatzbereiche \u2713 Erziehung \u25b6 Hier informieren!\",\"breadcrumb\":{\"@id\":\"https:\/\/uelzener.de\/magazin\/hund\/rasseportrait\/beagle\/#breadcrumb\"},\"inLanguage\":\"de\",\"potentialAction\":[{\"@type\":\"ReadAction\",\"target\":[\"https:\/\/uelzener.de\/magazin\/hund\/rasseportrait\/beagle\/\"]}]},{\"@type\":\"ImageObject\",\"inLanguage\":\"de\",\"@id\":\"https:\/\/uelzener.de\/magazin\/hund\/rasseportrait\/beagle\/#primaryimage\",\"url\":\"https:\/\/uelzener.de\/magazin\/app\/uploads\/2015\/09\/8fc07b5f-f4f5-4e64-8821-35abc12d5760.jpg\",\"contentUrl\":\"https:\/\/uelzener.de\/magazin\/app\/uploads\/2015\/09\/8fc07b5f-f4f5-4e64-8821-35abc12d5760.jpg\",\"width\":650,\"height\":432,\"caption\":\"Ein kleiner Beagle schaut zwischen zwei Bretter hindurch.\"},{\"@type\":\"WebSite\",\"@id\":\"https:\/\/uelzener.de\/magazin\/#website\",\"url\":\"https:\/\/uelzener.de\/magazin\/\",\"name\":\"Uelzener Tiermagazin\",\"description\":\"Online Tierratgeber der Uelzener Versicherungen\",\"publisher\":{\"@id\":\"https:\/\/uelzener.de\/magazin\/#organization\"},\"potentialAction\":[{\"@type\":\"SearchAction\",\"target\":{\"@type\":\"EntryPoint\",\"urlTemplate\":\"https:\/\/uelzener.de\/magazin\/?s={search_term_string}\"},\"query-input\":{\"@type\":\"PropertyValueSpecification\",\"valueRequired\":true,\"valueName\":\"search_term_string\"}}],\"inLanguage\":\"de\"},{\"@type\":\"Organization\",\"@id\":\"https:\/\/uelzener.de\/magazin\/#organization\",\"name\":\"Uelzener Versicherungen\",\"url\":\"https:\/\/uelzener.de\/magazin\/\",\"logo\":{\"@type\":\"ImageObject\",\"inLanguage\":\"de\",\"@id\":\"https:\/\/uelzener.de\/magazin\/#\/schema\/logo\/image\/\",\"url\":\"https:\/\/uelzener.de\/magazin\/app\/uploads\/2024\/11\/uelzener_allgemeine_versicherungsgesellschaft_a_g_logo.jpg\",\"contentUrl\":\"https:\/\/uelzener.de\/magazin\/app\/uploads\/2024\/11\/uelzener_allgemeine_versicherungsgesellschaft_a_g_logo.jpg\",\"width\":200,\"height\":200,\"caption\":\"Uelzener Versicherungen\"},\"image\":{\"@id\":\"https:\/\/uelzener.de\/magazin\/#\/schema\/logo\/image\/\"},\"sameAs\":[\"https:\/\/www.facebook.com\/Uelzener\",\"https:\/\/instagram.com\/uelzener\",\"https:\/\/www.xing.com\/pages\/uelzenerallgemeineversicherungs-gesellschafta-g\",\"https:\/\/www.youtube.com\/UelzenerVersicherungen\"]}]}<\/script>\n<!-- \/ Yoast SEO Premium plugin. -->","yoast_head_json":{"title":"Beagle im Rasseportrait \u2013 Charakter, Haltung & Erziehung | Uelzener","description":"Erfahre alles zur Hunderasse Beagle \u2713 Herkunft \u2713 Charakter \u2713 Haltung \u2713 Einsatzbereiche \u2713 Erziehung \u25b6 Hier informieren!","robots":{"index":"index","follow":"follow","max-snippet":"max-snippet:-1","max-image-preview":"max-image-preview:large","max-video-preview":"max-video-preview:-1"},"canonical":"https:\/\/uelzener.de\/magazin\/hund\/rasseportrait\/beagle\/","og_locale":"de_DE","og_type":"article","og_title":"Beagle: gutm\u00fctige Sp\u00fcrnasen","og_description":"Erfahre alles zur Hunderasse Beagle \u2713 Herkunft \u2713 Charakter \u2713 Haltung \u2713 Einsatzbereiche \u2713 Erziehung \u25b6 Hier informieren!","og_url":"https:\/\/uelzener.de\/magazin\/hund\/rasseportrait\/beagle\/","og_site_name":"Uelzener Tier-Magazin","article_publisher":"https:\/\/www.facebook.com\/Uelzener","article_modified_time":"2023-04-19T14:51:12+00:00","og_image":[{"width":650,"height":432,"url":"https:\/\/uelzener.de\/magazin\/app\/uploads\/2015\/09\/8fc07b5f-f4f5-4e64-8821-35abc12d5760.jpg","type":"image\/jpeg"}],"twitter_card":"summary_large_image","twitter_misc":{"Gesch\u00e4tzte Lesezeit":"2\u00a0Minuten"},"schema":{"@context":"https:\/\/schema.org","@graph":[{"@type":"WebPage","@id":"https:\/\/uelzener.de\/magazin\/hund\/rasseportrait\/beagle\/","url":"https:\/\/uelzener.de\/magazin\/hund\/rasseportrait\/beagle\/","name":"Beagle im Rasseportrait \u2013 Charakter, Haltung & Erziehung | Uelzener","isPartOf":{"@id":"https:\/\/uelzener.de\/magazin\/#website"},"primaryImageOfPage":{"@id":"https:\/\/uelzener.de\/magazin\/hund\/rasseportrait\/beagle\/#primaryimage"},"image":{"@id":"https:\/\/uelzener.de\/magazin\/hund\/rasseportrait\/beagle\/#primaryimage"},"thumbnailUrl":"https:\/\/uelzener.de\/magazin\/app\/uploads\/2015\/09\/8fc07b5f-f4f5-4e64-8821-35abc12d5760.jpg","datePublished":"2015-09-03T00:00:00+00:00","dateModified":"2023-04-19T14:51:12+00:00","description":"Erfahre alles zur Hunderasse Beagle \u2713 Herkunft \u2713 Charakter \u2713 Haltung \u2713 Einsatzbereiche \u2713 Erziehung \u25b6 Hier informieren!","breadcrumb":{"@id":"https:\/\/uelzener.de\/magazin\/hund\/rasseportrait\/beagle\/#breadcrumb"},"inLanguage":"de","potentialAction":[{"@type":"ReadAction","target":["https:\/\/uelzener.de\/magazin\/hund\/rasseportrait\/beagle\/"]}]},{"@type":"ImageObject","inLanguage":"de","@id":"https:\/\/uelzener.de\/magazin\/hund\/rasseportrait\/beagle\/#primaryimage","url":"https:\/\/uelzener.de\/magazin\/app\/uploads\/2015\/09\/8fc07b5f-f4f5-4e64-8821-35abc12d5760.jpg","contentUrl":"https:\/\/uelzener.de\/magazin\/app\/uploads\/2015\/09\/8fc07b5f-f4f5-4e64-8821-35abc12d5760.jpg","width":650,"height":432,"caption":"Ein kleiner Beagle schaut zwischen zwei Bretter hindurch."},{"@type":"WebSite","@id":"https:\/\/uelzener.de\/magazin\/#website","url":"https:\/\/uelzener.de\/magazin\/","name":"Uelzener Tiermagazin","description":"Online Tierratgeber der Uelzener Versicherungen","publisher":{"@id":"https:\/\/uelzener.de\/magazin\/#organization"},"potentialAction":[{"@type":"SearchAction","target":{"@type":"EntryPoint","urlTemplate":"https:\/\/uelzener.de\/magazin\/?s={search_term_string}"},"query-input":{"@type":"PropertyValueSpecification","valueRequired":true,"valueName":"search_term_string"}}],"inLanguage":"de"},{"@type":"Organization","@id":"https:\/\/uelzener.de\/magazin\/#organization","name":"Uelzener Versicherungen","url":"https:\/\/uelzener.de\/magazin\/","logo":{"@type":"ImageObject","inLanguage":"de","@id":"https:\/\/uelzener.de\/magazin\/#\/schema\/logo\/image\/","url":"https:\/\/uelzener.de\/magazin\/app\/uploads\/2024\/11\/uelzener_allgemeine_versicherungsgesellschaft_a_g_logo.jpg","contentUrl":"https:\/\/uelzener.de\/magazin\/app\/uploads\/2024\/11\/uelzener_allgemeine_versicherungsgesellschaft_a_g_logo.jpg","width":200,"height":200,"caption":"Uelzener Versicherungen"},"image":{"@id":"https:\/\/uelzener.de\/magazin\/#\/schema\/logo\/image\/"},"sameAs":["https:\/\/www.facebook.com\/Uelzener","https:\/\/instagram.com\/uelzener","https:\/\/www.xing.com\/pages\/uelzenerallgemeineversicherungs-gesellschafta-g","https:\/\/www.youtube.com\/UelzenerVersicherungen"]}]}},"_links":{"self":[{"href":"https:\/\/uelzener.de\/magazin\/wp-json\/wp\/v2\/pages\/10033","targetHints":{"allow":["GET"]}}],"collection":[{"href":"https:\/\/uelzener.de\/magazin\/wp-json\/wp\/v2\/pages"}],"about":[{"href":"https:\/\/uelzener.de\/magazin\/wp-json\/wp\/v2\/types\/page"}],"author":[{"embeddable":true,"href":"https:\/\/uelzener.de\/magazin\/wp-json\/wp\/v2\/users\/1"}],"replies":[{"embeddable":true,"href":"https:\/\/uelzener.de\/magazin\/wp-json\/wp\/v2\/comments?post=10033"}],"version-history":[{"count":11,"href":"https:\/\/uelzener.de\/magazin\/wp-json\/wp\/v2\/pages\/10033\/revisions"}],"predecessor-version":[{"id":15362,"href":"https:\/\/uelzener.de\/magazin\/wp-json\/wp\/v2\/pages\/10033\/revisions\/15362"}],"up":[{"embeddable":true,"href":"https:\/\/uelzener.de\/magazin\/wp-json\/wp\/v2\/pages\/2475"}],"wp:featuredmedia":[{"embeddable":true,"href":"https:\/\/uelzener.de\/magazin\/wp-json\/wp\/v2\/media\/10623"}],"wp:attachment":[{"href":"https:\/\/uelzener.de\/magazin\/wp-json\/wp\/v2\/media?parent=10033"}],"curies":[{"name":"wp","href":"https:\/\/api.w.org\/{rel}","templated":true}]}}