{"id":10025,"date":"2023-12-08T12:00:00","date_gmt":"2023-12-08T11:00:00","guid":{"rendered":""},"modified":"2025-08-21T11:34:36","modified_gmt":"2025-08-21T09:34:36","slug":"giftkoeder-hund-gefahr","status":"publish","type":"page","link":"https:\/\/uelzener.de\/magazin\/hund\/tiergesundheit\/giftkoeder-hund-gefahr\/","title":{"rendered":"Giftk\u00f6der: Hund in Gefahr"},"content":{"rendered":"<p>Immer wieder werden Hundehalter durch Meldungen von Giftk\u00f6dern aufgeschreckt. Da es keinen hundertprozentigen Schutz gibt, gilt es, aufzupassen und vorzubeugen. Wie du Giftk\u00f6der erkennst und was zu tun ist, wenn dein Hund einen K\u00f6der gefressen hat, erf\u00e4hrst du in diesem Beitrag.<\/p>\n<h2>Was ist ein Giftk\u00f6der?<\/h2>\n<p>Giftk\u00f6der sind f\u00fcr den Hund appetitlich riechende Leckerli aus Fleisch oder Brot, in denen entweder Gifte (Rattengift, Schneckenkorn) oder scharfkantige Gegenst\u00e4nde (Scherben, N\u00e4gel, Rasierklingen) versteckt sind. Sie werden bewusst ausgelegt und k\u00f6nnen dem Hund schwere Vergiftungen oder Verletzungen zuf\u00fcgen, die schlimmstenfalls zum Tod f\u00fchren.<\/p>\n<h2>Woran erkenne ich Giftk\u00f6der und wo muss ich mit ihnen rechnen?<\/h2>\n<p>Giftk\u00f6der werden in der Regel so ausgelegt, dass sie f\u00fcr uns Menschen kaum zu entdecken sind, zum Beispiel in Geb\u00fcschen, hohem Gras oder unter Laub. Der Hund sp\u00fcrt sie mit seiner feinen Nase nat\u00fcrlich problemlos auf. Giftk\u00f6der sind oft dort, wo auch viele Hunde sind: Auf Hundewiesen, in Parks, an Wegen, wo viele Menschen mit ihren Hunden spazieren gehen, an Beeten und unter Hecken. Gegenden, in denen Giftk\u00f6der gefunden wurden, sollten mindestens einen Monat lang gemieden werden.<\/p>\n<h2>Was ist zu tun, wenn der Hund einen Giftk\u00f6der gefressen hat?<\/h2>\n<p>Liegt der Verdacht nahe, dass der Hund einen Giftk\u00f6der aufgenommen hat, f\u00fchrt der erste Weg zum Tierarzt, auch wenn das Tier noch keine Symptome zeigt. Sp\u00e4testens wenn Vergiftungserscheinungen auftreten wie Speichelfluss, Taumeln, Durchfall, Erbrechen, blasse Schleimh\u00e4ute oder Teilnahmslosigkeit, z\u00e4hlt jede Minute. Sinnvoll ist es, den Tierarzt vorher zu kontaktieren, damit er vorbereitet ist. Da es leider immer zu Krankheiten oder auch Vergiftungen kommen kann, ist es wichtig, gute Versicherungen wie eine Hunde-OP-Versicherung und Hunde-Krankenversicherung abzuschlie\u00dfen.<\/p>\n\n<div class=\"banner\">\n    <a href=\"https:\/\/uelzener.de\/hund\/hunde-op-versicherung\/?agt=0000104925&sem=true&utm_medium=magazin&utm_source=wordpress&utm_campaign=hund_op&utm_content=banner\">\n        <img decoding=\"async\" width=\"300\" height=\"212\" src=\"https:\/\/uelzener.de\/magazin\/app\/uploads\/2025\/01\/Hunde-OP-Versicherung.jpg\" class=\"attachment-medium size-medium\" alt=\"Banner Hunde-OP-Versicherung\" \/>    <\/a>\n<\/div>\n\n\n<div class=\"banner\">\n    <a href=\"https:\/\/uelzener.de\/hund\/hunde-krankenversicherung\/?agt=0000104925&sem=true&utm_medium=magazin&utm_source=wordpress&utm_campaign=hund_kv&utm_content=banner\">\n        <img decoding=\"async\" width=\"300\" height=\"212\" src=\"https:\/\/uelzener.de\/magazin\/app\/uploads\/2025\/01\/Hunde-Kranken-Versicherung.jpg\" class=\"attachment-medium size-medium\" alt=\"Banner Hunde-Kranken-Versicherung\" \/>    <\/a>\n<\/div>\n\n<p>Wichtig: Reste vom K\u00f6der sowie Erbrochenes oder Kot helfen dem Arzt zu kl\u00e4ren, was drin war und entsprechend zu behandeln. Au\u00dferdem sollte jeder gefundene Giftk\u00f6der zur Anzeige gebracht werden. Ausgelegtes Gift gef\u00e4hrdet auch andere Tiere und vor allem Kinder. Dass man alle Hunde- und Katzenbesitzer sowie Familien mit Kindern im Freundeskreis warnt, versteht sich von selbst.<\/p>\n<h2>Wie merke ich, ob der Hund Gift gefressen hat?<\/h2>\n<p>Viele <a href=\"https:\/\/uelzener.de\/magazin\/hund\/tiergesundheit\/hundekrankheiten-unfaelle\/\">Hundekrankheiten und Unf\u00e4lle k\u00f6nnen gut erkannt<\/a> werden. Bei Vergiftungen reagieren Hunde h\u00e4ufig unterschiedlich. Trotzdem lassen die folgenden Symptome auf eine \u00a0Vergiftung deines Vierbeiners schlie\u00dfen:<\/p>\n<ul>\n<li>Erbrechen<\/li>\n<li>\u00fcberm\u00e4\u00dfiges Hecheln<\/li>\n<li>vermehrt wei\u00dfer Speichel<\/li>\n<li>blasse Schleimh\u00e4ute<\/li>\n<li>ver\u00e4nderte Pupillen<\/li>\n<li>Teilnahmslosigkeit<\/li>\n<\/ul>\n<p>Das Tr\u00fcgerische dabei ist, dass die Symptome je nach Art des Giftes von wenigen Minuten bis hin zu mehreren Tagen nach der Aufnahme auftreten k\u00f6nnen.<\/p>\n<h2>Wie kann ich vorbeugen?<\/h2>\n<p>Die gr\u00f6\u00dfte Gefahr ist das unbeobachtete Fressen von Dingen. Das gilt sowohl beim <a href=\"https:\/\/uelzener.de\/magazin\/hund\/tipps-fuer-den-alltag\/gassi-gehen\/\" target=\"_blank\" rel=\"noopener\">Gassi<\/a> als auch im heimischen Garten: Auch hier kann ein Hund z. B. eine Giftpflanze fressen und \u00e4hnliche Symptome wie bei einer Giftk\u00f6der-Vergiftung aufweisen. Daher ist es wichtig, den Hund beim St\u00f6bern im Auge zu haben. Meist reagiert er deutlich auf gut Riechendes und man kann ihn rechtzeitig mit einem Leckerli abrufen. Ist der Hund ein echter \u201eM\u00fcllschlucker\u201c, hilft ein Maulkorb, an den er sich aber erst gew\u00f6hnen muss. Viele Hundeschulen bieten auch ein \u201eAnti-Giftk\u00f6der-Training\u201c an.<\/p>\n\n<div class=\"related_articles boxed\">\n    <h2>Mehr zum Thema<\/h2>\n    \n    <div class=\"wrapper\"><div class=\"title align-center\"><h3><a href=\"https:\/\/uelzener.de\/magazin\/hund\/haeufige-fragen\/durchfall-beim-hund-verdauung\/\">Durchfall beim Hund: Ein umfassender Leitfaden zur Verdauung<\/a><\/h3><\/div><div class=\"img align-center\"><img decoding=\"async\" width=\"315\" height=\"180\" src=\"https:\/\/uelzener.de\/magazin\/app\/uploads\/2023\/08\/hund-verdauung-315x180.jpg\" class=\"attachment-315x180 size-315x180 wp-post-image\" alt=\"Beiger Hund verrichtet sein Gesch\u00e4ft im Garten hinter einem Baum.\" \/><\/div><\/div><div class=\"wrapper\"><div class=\"title align-center\"><h3><a href=\"https:\/\/uelzener.de\/magazin\/hund\/haeufige-fragen\/wenn-hunde-gras-fressen-gruende-risiken\/\">Wenn Hunde Gras fressen: Gr\u00fcnde und m\u00f6gliche Risiken<\/a><\/h3><\/div><div class=\"img align-center\"><img decoding=\"async\" width=\"315\" height=\"180\" src=\"https:\/\/uelzener.de\/magazin\/app\/uploads\/2024\/05\/hund-frisst-gras-315x180.jpg\" class=\"attachment-315x180 size-315x180 wp-post-image\" alt=\"Hund frisst Gras.\" \/><\/div><\/div><div class=\"wrapper\"><div class=\"title align-center\"><h3><a href=\"https:\/\/uelzener.de\/magazin\/hund\/tiergesundheit\/gefahr-im-garten-wenn-der-hund-giftige-pflanzen-gefressen-hat\/\">Gefahr im Garten: Wenn der Hund giftige Pflanzen gefressen hat<\/a><\/h3><\/div><div class=\"img align-center\"><img decoding=\"async\" width=\"315\" height=\"180\" src=\"https:\/\/uelzener.de\/magazin\/app\/uploads\/2022\/05\/Giftige-Pflanzen-im-Garten-315x180.jpg\" class=\"attachment-315x180 size-315x180 wp-post-image\" alt=\"Golden Retriever liegt auf Rasen im Garten. Auch hier ist Vorsicht geboten, es gibt giftige Pflanzen im Garten.\" \/><\/div><\/div><\/div>\n\n<h2>Fazit<\/h2>\n<p>Warum manche Menschen Hunden und ihren Besitzern bewusst schweres Leid zuf\u00fcgen, ist kaum nachzuvollziehen. Tatsache ist aber, dass viele Menschen sich an herumliegendem Kot und unerzogenen Hunden st\u00f6ren. Das rechtfertigt nat\u00fcrlich keine Giftk\u00f6der und den meisten Hundegegnern wird so etwas auch fernliegen. Trotzdem hilft hier verantwortungsbewusstes Handeln der Hundebesitzer, um die Situation zu entspannen. Dazu geh\u00f6rt neben einem gut erzogenen Hund und dem Beachten der Leinenpflicht auch das konsequente Einsammeln von Kot. So k\u00f6nnen viele Konflikte bereits im Vorfeld entsch\u00e4rft werden.<\/p>\n<blockquote><p>Aktuelle Informationen zu Gefahrenzonen f\u00fcr Giftk\u00f6der k\u00f6nnen auf den Websites www.giftkoeder-radar.com und www.giftwarnung.info eingesehen werden.<\/p><\/blockquote>\n<h2>FAQ: H\u00e4ufige Fragen zu Giftk\u00f6der f\u00fcr Hunde<\/h2>\n<h3>Was ist in Giftk\u00f6dern f\u00fcr Hunde?<\/h3>\n<p>Giftk\u00f6der f\u00fcr Hunde sind oft als verlockende Snacks wie Fleisch oder Brot getarnt, enthalten jedoch gef\u00e4hrliche Substanzen wie Rattengift oder Schneckenkorn, oder sie beinhalten scharfe Objekte wie Glasscherben, N\u00e4gel oder Rasierklingen. Diese K\u00f6der werden absichtlich platziert und k\u00f6nnen bei Hunden zu schweren Vergiftungen oder Verletzungen f\u00fchren, die im schlimmsten Fall t\u00f6dlich enden k\u00f6nnen.<\/p>\n<h3>Wie erkennt man Giftk\u00f6der f\u00fcr Hunde?<\/h3>\n<p>Giftk\u00f6der sind oft f\u00fcr Menschen schwer erkennbar, da sie in Bereichen wie Geb\u00fcschen, hohem Gras oder unter Laub versteckt werden, aber Hunde k\u00f6nnen sie dank ihres ausgepr\u00e4gten Geruchssinns leicht aufsp\u00fcren. Vorbeugen kann man dem nur, in dem das unbeobachtete Fressen von Dingen verhindert wird.<\/p>\n<h3>Wie verh\u00e4lt sich ein Hund, wenn er einen Giftk\u00f6der gefressen hat?<\/h3>\n<p>Anzeichen einer Vergiftung k\u00f6nnen \u00dcbelkeit, Durchfall, Atemprobleme, helle Schleimh\u00e4ute, vermehrtes Speicheln, unsicherer Gang, Taumeln, Kr\u00e4mpfe, schneller Herzschlag und L\u00e4hmungen umfassen. In solchen Notf\u00e4llen ist es wichtig, keine Zeit zu verlieren und sofort einen Tierarzt oder eine Tierklinik zu kontaktieren.<\/p>\n","protected":false},"excerpt":{"rendered":"<p>Immer wieder werden Hundehalter durch Meldungen von Giftk\u00f6dern aufgeschreckt. Da es keinen hundertprozentigen Schutz gibt, gilt es, aufzupassen und vorzubeugen. Wie du Giftk\u00f6der erkennst und was zu tun ist, wenn dein Hund einen K\u00f6der gefressen hat, erf\u00e4hrst du in diesem Beitrag. Was ist ein Giftk\u00f6der? Giftk\u00f6der sind f\u00fcr den Hund appetitlich riechende Leckerli aus Fleisch [&hellip;]<\/p>\n","protected":false},"author":1,"featured_media":16834,"parent":11701,"menu_order":46,"comment_status":"open","ping_status":"open","template":"templates\/blog.php","meta":{"_acf_changed":false,"_crdt_document":"","footnotes":"","beyondwords_generate_audio":"0","beyondwords_project_id":"","beyondwords_content_id":"","beyondwords_preview_token":"","beyondwords_player_style":"","beyondwords_language_id":"","beyondwords_title_voice_id":"","beyondwords_body_voice_id":"","beyondwords_summary_voice_id":"","beyondwords_error_message":"","beyondwords_disabled":"","beyondwords_delete_content":"","beyondwords_podcast_id":"","beyondwords_hash":"","publish_post_to_speechkit":"","speechkit_hash":"","speechkit_generate_audio":"","speechkit_project_id":"","speechkit_podcast_id":"","speechkit_error_message":"","speechkit_disabled":"","speechkit_access_key":"","speechkit_error":"","speechkit_info":"","speechkit_response":"","speechkit_retries":"","speechkit_status":"","speechkit_updated_at":"","_speechkit_link":"","_speechkit_text":""},"class_list":["post-10025","page","type-page","status-publish","has-post-thumbnail","hentry"],"acf":[],"yoast_head":"<!-- This site is optimized with the Yoast SEO Premium plugin  - https:\/\/yoast.com\/product\/yoast-seo-premium-wordpress\/ -->\n<title>Giftk\u00f6der: Hund in Gefahr \u2013 so handelst du richtig | Uelzener<\/title>\n<meta name=\"description\" content=\"Erfahre, wie du \u2713 Giftk\u00f6der erkennst \u2713 im Notfall korrekt handelst \u2713 deinen Hund sch\u00fctzen kannst! \u25b6 Hier informieren!\" \/>\n<meta name=\"robots\" content=\"index, follow, max-snippet:-1, max-image-preview:large, max-video-preview:-1\" \/>\n<link rel=\"canonical\" href=\"https:\/\/uelzener.de\/magazin\/hund\/tiergesundheit\/giftkoeder-hund-gefahr\/\" \/>\n<meta property=\"og:locale\" content=\"de_DE\" \/>\n<meta property=\"og:type\" content=\"article\" \/>\n<meta property=\"og:title\" content=\"Giftk\u00f6der: Hund in Gefahr\" \/>\n<meta property=\"og:description\" content=\"Erfahre, wie du \u2713 Giftk\u00f6der erkennst \u2713 im Notfall korrekt handelst \u2713 deinen Hund sch\u00fctzen kannst! \u25b6 Hier informieren!\" \/>\n<meta property=\"og:url\" content=\"https:\/\/uelzener.de\/magazin\/hund\/tiergesundheit\/giftkoeder-hund-gefahr\/\" \/>\n<meta property=\"og:site_name\" content=\"Uelzener Tier-Magazin\" \/>\n<meta property=\"article:publisher\" content=\"https:\/\/www.facebook.com\/Uelzener\" \/>\n<meta property=\"article:modified_time\" content=\"2025-08-21T09:34:36+00:00\" \/>\n<meta property=\"og:image\" content=\"https:\/\/uelzener.de\/magazin\/app\/uploads\/2023\/12\/giftkoeder-hund.jpg\" \/>\n\t<meta property=\"og:image:width\" content=\"1025\" \/>\n\t<meta property=\"og:image:height\" content=\"450\" \/>\n\t<meta property=\"og:image:type\" content=\"image\/jpeg\" \/>\n<meta name=\"twitter:card\" content=\"summary_large_image\" \/>\n<meta name=\"twitter:label1\" content=\"Gesch\u00e4tzte Lesezeit\" \/>\n\t<meta name=\"twitter:data1\" content=\"5\u00a0Minuten\" \/>\n<script type=\"application\/ld+json\" class=\"yoast-schema-graph\">{\"@context\":\"https:\/\/schema.org\",\"@graph\":[{\"@type\":\"WebPage\",\"@id\":\"https:\/\/uelzener.de\/magazin\/hund\/tiergesundheit\/giftkoeder-hund-gefahr\/\",\"url\":\"https:\/\/uelzener.de\/magazin\/hund\/tiergesundheit\/giftkoeder-hund-gefahr\/\",\"name\":\"Giftk\u00f6der: Hund in Gefahr \u2013 so handelst du richtig | Uelzener\",\"isPartOf\":{\"@id\":\"https:\/\/uelzener.de\/magazin\/#website\"},\"primaryImageOfPage\":{\"@id\":\"https:\/\/uelzener.de\/magazin\/hund\/tiergesundheit\/giftkoeder-hund-gefahr\/#primaryimage\"},\"image\":{\"@id\":\"https:\/\/uelzener.de\/magazin\/hund\/tiergesundheit\/giftkoeder-hund-gefahr\/#primaryimage\"},\"thumbnailUrl\":\"https:\/\/uelzener.de\/magazin\/app\/uploads\/2023\/12\/giftkoeder-hund.jpg\",\"datePublished\":\"2023-12-08T11:00:00+00:00\",\"dateModified\":\"2025-08-21T09:34:36+00:00\",\"description\":\"Erfahre, wie du \u2713 Giftk\u00f6der erkennst \u2713 im Notfall korrekt handelst \u2713 deinen Hund sch\u00fctzen kannst! \u25b6 Hier informieren!\",\"breadcrumb\":{\"@id\":\"https:\/\/uelzener.de\/magazin\/hund\/tiergesundheit\/giftkoeder-hund-gefahr\/#breadcrumb\"},\"inLanguage\":\"de\",\"potentialAction\":[{\"@type\":\"ReadAction\",\"target\":[\"https:\/\/uelzener.de\/magazin\/hund\/tiergesundheit\/giftkoeder-hund-gefahr\/\"]}]},{\"@type\":\"ImageObject\",\"inLanguage\":\"de\",\"@id\":\"https:\/\/uelzener.de\/magazin\/hund\/tiergesundheit\/giftkoeder-hund-gefahr\/#primaryimage\",\"url\":\"https:\/\/uelzener.de\/magazin\/app\/uploads\/2023\/12\/giftkoeder-hund.jpg\",\"contentUrl\":\"https:\/\/uelzener.de\/magazin\/app\/uploads\/2023\/12\/giftkoeder-hund.jpg\",\"width\":1025,\"height\":450,\"caption\":\"Giftk\u00f6der f\u00fcr Hunde: Ein St\u00fcck Wurst mit Tabletten gespickt.\"},{\"@type\":\"WebSite\",\"@id\":\"https:\/\/uelzener.de\/magazin\/#website\",\"url\":\"https:\/\/uelzener.de\/magazin\/\",\"name\":\"Uelzener Tiermagazin\",\"description\":\"Online Tierratgeber der Uelzener Versicherungen\",\"publisher\":{\"@id\":\"https:\/\/uelzener.de\/magazin\/#organization\"},\"potentialAction\":[{\"@type\":\"SearchAction\",\"target\":{\"@type\":\"EntryPoint\",\"urlTemplate\":\"https:\/\/uelzener.de\/magazin\/?s={search_term_string}\"},\"query-input\":{\"@type\":\"PropertyValueSpecification\",\"valueRequired\":true,\"valueName\":\"search_term_string\"}}],\"inLanguage\":\"de\"},{\"@type\":\"Organization\",\"@id\":\"https:\/\/uelzener.de\/magazin\/#organization\",\"name\":\"Uelzener Versicherungen\",\"url\":\"https:\/\/uelzener.de\/magazin\/\",\"logo\":{\"@type\":\"ImageObject\",\"inLanguage\":\"de\",\"@id\":\"https:\/\/uelzener.de\/magazin\/#\/schema\/logo\/image\/\",\"url\":\"https:\/\/uelzener.de\/magazin\/app\/uploads\/2024\/11\/uelzener_allgemeine_versicherungsgesellschaft_a_g_logo.jpg\",\"contentUrl\":\"https:\/\/uelzener.de\/magazin\/app\/uploads\/2024\/11\/uelzener_allgemeine_versicherungsgesellschaft_a_g_logo.jpg\",\"width\":200,\"height\":200,\"caption\":\"Uelzener Versicherungen\"},\"image\":{\"@id\":\"https:\/\/uelzener.de\/magazin\/#\/schema\/logo\/image\/\"},\"sameAs\":[\"https:\/\/www.facebook.com\/Uelzener\",\"https:\/\/instagram.com\/uelzener\",\"https:\/\/www.xing.com\/pages\/uelzenerallgemeineversicherungs-gesellschafta-g\",\"https:\/\/www.youtube.com\/UelzenerVersicherungen\"]}]}<\/script>\n<!-- \/ Yoast SEO Premium plugin. -->","yoast_head_json":{"title":"Giftk\u00f6der: Hund in Gefahr \u2013 so handelst du richtig | Uelzener","description":"Erfahre, wie du \u2713 Giftk\u00f6der erkennst \u2713 im Notfall korrekt handelst \u2713 deinen Hund sch\u00fctzen kannst! \u25b6 Hier informieren!","robots":{"index":"index","follow":"follow","max-snippet":"max-snippet:-1","max-image-preview":"max-image-preview:large","max-video-preview":"max-video-preview:-1"},"canonical":"https:\/\/uelzener.de\/magazin\/hund\/tiergesundheit\/giftkoeder-hund-gefahr\/","og_locale":"de_DE","og_type":"article","og_title":"Giftk\u00f6der: Hund in Gefahr","og_description":"Erfahre, wie du \u2713 Giftk\u00f6der erkennst \u2713 im Notfall korrekt handelst \u2713 deinen Hund sch\u00fctzen kannst! \u25b6 Hier informieren!","og_url":"https:\/\/uelzener.de\/magazin\/hund\/tiergesundheit\/giftkoeder-hund-gefahr\/","og_site_name":"Uelzener Tier-Magazin","article_publisher":"https:\/\/www.facebook.com\/Uelzener","article_modified_time":"2025-08-21T09:34:36+00:00","og_image":[{"width":1025,"height":450,"url":"https:\/\/uelzener.de\/magazin\/app\/uploads\/2023\/12\/giftkoeder-hund.jpg","type":"image\/jpeg"}],"twitter_card":"summary_large_image","twitter_misc":{"Gesch\u00e4tzte Lesezeit":"5\u00a0Minuten"},"schema":{"@context":"https:\/\/schema.org","@graph":[{"@type":"WebPage","@id":"https:\/\/uelzener.de\/magazin\/hund\/tiergesundheit\/giftkoeder-hund-gefahr\/","url":"https:\/\/uelzener.de\/magazin\/hund\/tiergesundheit\/giftkoeder-hund-gefahr\/","name":"Giftk\u00f6der: Hund in Gefahr \u2013 so handelst du richtig | Uelzener","isPartOf":{"@id":"https:\/\/uelzener.de\/magazin\/#website"},"primaryImageOfPage":{"@id":"https:\/\/uelzener.de\/magazin\/hund\/tiergesundheit\/giftkoeder-hund-gefahr\/#primaryimage"},"image":{"@id":"https:\/\/uelzener.de\/magazin\/hund\/tiergesundheit\/giftkoeder-hund-gefahr\/#primaryimage"},"thumbnailUrl":"https:\/\/uelzener.de\/magazin\/app\/uploads\/2023\/12\/giftkoeder-hund.jpg","datePublished":"2023-12-08T11:00:00+00:00","dateModified":"2025-08-21T09:34:36+00:00","description":"Erfahre, wie du \u2713 Giftk\u00f6der erkennst \u2713 im Notfall korrekt handelst \u2713 deinen Hund sch\u00fctzen kannst! \u25b6 Hier informieren!","breadcrumb":{"@id":"https:\/\/uelzener.de\/magazin\/hund\/tiergesundheit\/giftkoeder-hund-gefahr\/#breadcrumb"},"inLanguage":"de","potentialAction":[{"@type":"ReadAction","target":["https:\/\/uelzener.de\/magazin\/hund\/tiergesundheit\/giftkoeder-hund-gefahr\/"]}]},{"@type":"ImageObject","inLanguage":"de","@id":"https:\/\/uelzener.de\/magazin\/hund\/tiergesundheit\/giftkoeder-hund-gefahr\/#primaryimage","url":"https:\/\/uelzener.de\/magazin\/app\/uploads\/2023\/12\/giftkoeder-hund.jpg","contentUrl":"https:\/\/uelzener.de\/magazin\/app\/uploads\/2023\/12\/giftkoeder-hund.jpg","width":1025,"height":450,"caption":"Giftk\u00f6der f\u00fcr Hunde: Ein St\u00fcck Wurst mit Tabletten gespickt."},{"@type":"WebSite","@id":"https:\/\/uelzener.de\/magazin\/#website","url":"https:\/\/uelzener.de\/magazin\/","name":"Uelzener Tiermagazin","description":"Online Tierratgeber der Uelzener Versicherungen","publisher":{"@id":"https:\/\/uelzener.de\/magazin\/#organization"},"potentialAction":[{"@type":"SearchAction","target":{"@type":"EntryPoint","urlTemplate":"https:\/\/uelzener.de\/magazin\/?s={search_term_string}"},"query-input":{"@type":"PropertyValueSpecification","valueRequired":true,"valueName":"search_term_string"}}],"inLanguage":"de"},{"@type":"Organization","@id":"https:\/\/uelzener.de\/magazin\/#organization","name":"Uelzener Versicherungen","url":"https:\/\/uelzener.de\/magazin\/","logo":{"@type":"ImageObject","inLanguage":"de","@id":"https:\/\/uelzener.de\/magazin\/#\/schema\/logo\/image\/","url":"https:\/\/uelzener.de\/magazin\/app\/uploads\/2024\/11\/uelzener_allgemeine_versicherungsgesellschaft_a_g_logo.jpg","contentUrl":"https:\/\/uelzener.de\/magazin\/app\/uploads\/2024\/11\/uelzener_allgemeine_versicherungsgesellschaft_a_g_logo.jpg","width":200,"height":200,"caption":"Uelzener Versicherungen"},"image":{"@id":"https:\/\/uelzener.de\/magazin\/#\/schema\/logo\/image\/"},"sameAs":["https:\/\/www.facebook.com\/Uelzener","https:\/\/instagram.com\/uelzener","https:\/\/www.xing.com\/pages\/uelzenerallgemeineversicherungs-gesellschafta-g","https:\/\/www.youtube.com\/UelzenerVersicherungen"]}]}},"_links":{"self":[{"href":"https:\/\/uelzener.de\/magazin\/wp-json\/wp\/v2\/pages\/10025","targetHints":{"allow":["GET"]}}],"collection":[{"href":"https:\/\/uelzener.de\/magazin\/wp-json\/wp\/v2\/pages"}],"about":[{"href":"https:\/\/uelzener.de\/magazin\/wp-json\/wp\/v2\/types\/page"}],"author":[{"embeddable":true,"href":"https:\/\/uelzener.de\/magazin\/wp-json\/wp\/v2\/users\/1"}],"replies":[{"embeddable":true,"href":"https:\/\/uelzener.de\/magazin\/wp-json\/wp\/v2\/comments?post=10025"}],"version-history":[{"count":16,"href":"https:\/\/uelzener.de\/magazin\/wp-json\/wp\/v2\/pages\/10025\/revisions"}],"predecessor-version":[{"id":18904,"href":"https:\/\/uelzener.de\/magazin\/wp-json\/wp\/v2\/pages\/10025\/revisions\/18904"}],"up":[{"embeddable":true,"href":"https:\/\/uelzener.de\/magazin\/wp-json\/wp\/v2\/pages\/11701"}],"wp:featuredmedia":[{"embeddable":true,"href":"https:\/\/uelzener.de\/magazin\/wp-json\/wp\/v2\/media\/16834"}],"wp:attachment":[{"href":"https:\/\/uelzener.de\/magazin\/wp-json\/wp\/v2\/media?parent=10025"}],"curies":[{"name":"wp","href":"https:\/\/api.w.org\/{rel}","templated":true}]}}