{"id":10001,"date":"2022-03-25T07:00:00","date_gmt":"2022-03-25T06:00:00","guid":{"rendered":""},"modified":"2025-10-15T16:40:59","modified_gmt":"2025-10-15T14:40:59","slug":"hund-fahrrad","status":"publish","type":"page","link":"https:\/\/uelzener.de\/magazin\/hund\/erziehung-und-training\/hund-fahrrad\/","title":{"rendered":"Fahrradfahren mit Hund: Gesund und sicher auf zwei R\u00e4dern und vier Pfoten"},"content":{"rendered":"<p><strong>Die Sonne scheint, der Hund freut sich auf einen Ausflug und man selbst w\u00fcrde gern mal wieder Fahrradfahren. Zum Gl\u00fcck l\u00e4sst sich das miteinander verbinden. Welche Voraussetzungen erf\u00fcllt sein sollten, wie du dem Hund das Laufen am Fahrrad beibringst und was du beachten solltest, damit der Ausflug auf zwei R\u00e4dern und vier Pfoten f\u00fcr Mensch und Tier sicher ist, erf\u00e4hrst du hier.<\/strong><\/p>\n<p>Um die rechtliche Frage gleich vorweg zu beantworten: Das Fahrradfahren mit Hund ist grunds\u00e4tzlich nach Paragraf 28, Absatz 1 der Stra\u00dfenverkehrsordnung, erlaubt. Dies gilt, sofern weder Tier noch Halter:in den Verkehr dabei gef\u00e4hrden. Aber auch wenn es von Rechts wegen erlaubt ist, Hunde am Fahrrad zu f\u00fchren, sollten verantwortungsvolle Hundehalter:innen beachten, dass einige Vierbeiner aufgrund von Gr\u00f6\u00dfe, Alter oder Verfassung besser auf den Hundekorb oder Fahrradanh\u00e4nger f\u00fcr Hunde ausweichen sollten. Wichtig ist zudem, dass der Halter dem Hund die wichtigsten Kommandos beigebracht hat. Damit der Hund Kommandos wie <a href=\"https:\/\/uelzener.de\/magazin\/hund\/erziehung-und-training\/hund-kommandos-beibringen\/\"><strong>Bei Fu\u00df<\/strong><\/a>\u00a0sicher befolgt.<\/p>\n<h2><strong>Ist mein Hund f\u00fcr eine Fahrradtour geeignet?<\/strong><\/h2>\n<p>Grunds\u00e4tzlich kann jeder Hund mit auf die Fahrradtour gehen. Aber nicht jeder sollte neben dem Rad herlaufen. Generell gilt die Regel, dass nur ausgewachsene und gesunde Hunde neben dem Fahrrad mitlaufen d\u00fcrfen. Tiere sollten daf\u00fcr mindestens zw\u00f6lf bis 24 Monate alt sein. Dann sind die Knochen stabil genug, um der Belastung Stand zu halten.<\/p>\n<p>Alte Hunde haben oft gesundheitliche Einschr\u00e4nkungen und sollten besser nicht mehr neben dem Fahrrad herlaufen. Die Rasse spielt ebenfalls eine Rolle: Kurzbeinige Hunde wie Dackel k\u00f6nnen ein solches Tempo kaum durchhalten. Kurzk\u00f6pfige Rassen wie Franz\u00f6sische Bulldoggen leiden zu schnell unter Atemnot. Diese Tiere sollten daher im Korb an der Radtour teilnehmen. Gro\u00dfe und schwere Hunde (\u00fcber 20 Kilogramm) haben h\u00e4ufig Gelenkprobleme. Sie haben auch Schwierigkeiten, auf dem Asphalt zu laufen. Generell eignet sich ein weicher Boden immer besser zum Laufen f\u00fcr den Hund. Letztlich k\u00f6nnen aber auch Hunde mit einem ausgepr\u00e4gten Jagdtrieb problematisch sein. Diese Hunde k\u00f6nnen durch pl\u00f6tzliches Lossprinten eine Gefahr darstellen. Wichtig dabei: Oft kann der Jagdinstinkt auch gerade durch das h\u00f6here Tempo beim Fahrradfahren erst animiert werden.<\/p>\n<p>Allgemein ist zu empfehlen, den Hund vorher von einem Tierarzt oder einer Tier\u00e4rztin untersuchen zu lassen. So geht man auf Nummer sicher und kann beispielsweise auch Herz-Kreislauf-Probleme ausschlie\u00dfen.<\/p>\n<h2><strong>Wie kann ich meinen Hund an das Fahrradfahren gew\u00f6hnen?<\/strong><\/h2>\n<p>Bei anderen Radfahrer:innen und ihren Hunden sieht das Zusammenspiel meist so einfach aus, dass man schnell vergisst, wie viel \u00dcbung dazu geh\u00f6rt. Um das Haustier an das Fahrrad zu gew\u00f6hnen, sollte man das Rad anfangs nur schieben. Der Hund sollte dabei immer auf H\u00f6he des Sattels bleiben und, wie beim Bei-Fu\u00df-Laufen, nicht pl\u00f6tzlich lospreschen. Dabei lernt das Tier das Fahrrad und seine Ger\u00e4usche kennen. Auch Kommandos wie etwa \u201eschnell\u201c, \u201elangsam\u201c, \u201elinks\u201c, \u201erechts\u201c, \u201estopp\u201c oder ein Signal zum Losgehen k\u00f6nnen in dieser Phase ge\u00fcbt werden. Mit diesen ersten \u00dcbungen kann man bereits im Welpenalter beginnen.<\/p>\n<p>Sobald sich der Hund an das Fahrrad gew\u00f6hnt hat und beim Laufen zuverl\u00e4ssig auf H\u00f6he des Sattels bleibt, kann man sich auf das Fahrrad schwingen und mit langsamem Fahren starten. Hierf\u00fcr eignen sich gerade zu Beginn Wege mit m\u00f6glichst wenig Betrieb. Im Idealfall hilft dabei eine andere Person aus. Diese kann notfalls sowohl das Fahrrad st\u00fctzen als auch den Hund beobachten und kontrollieren. Hier werden nun die erlernten Befehle wichtig, damit Richtungs\u00e4nderungen durchgef\u00fchrt und Hindernisse umfahren werden k\u00f6nnen. So kann der Hund jederzeit sprachlich gelenkt werden. Auch im Tempo kann ein bisschen variiert werden, sodass die perfekte Geschwindigkeit gefunden wird \u2013 der Hund sollte im Durchschnitt nicht \u00fcber einen leichten Trab hinauskommen.<\/p>\n<p>Mit der Zeit wird die Zusammenarbeit immer besser und behutsam k\u00f6nnen Tempo und Dauer der Radtouren erh\u00f6ht werden oder. Sind Mensch und Tier ein funktionierendes Team, so kann auch die Zughundesportart <a href=\"https:\/\/uelzener.de\/magazin\/hund\/erziehung-und-training\/zughundesport-bikejoering\/\">Bikej\u00f6ring<\/a> als Erweiterung und Hobby infrage kommen. Dabei gilt es zu beachten, dass auch der Hund erst eine entsprechende Kondition aufbauen muss. Die Steigerung sollte also immer gem\u00e4chlich erfolgen. Sowohl bei der Fahrt als auch zwischen zwei Fahrten sollten ausreichend Pausen gemacht werden. Der Vierbeiner kann sich so nicht nur erholen, sondern auch erleichtern und ein wenig in der Umgebung schn\u00fcffeln. Selbstverst\u00e4ndlich muss f\u00fcr diese Pausen ausreichend Wasser f\u00fcr Mensch und Tier mitgebracht werden. Auch ein <a href=\"https:\/\/uelzener.de\/magazin\/hund\/tiergesundheit\/erste-hilfe-sportverletzungen-hund\/\">Erste-Hilfe<\/a>-Set f\u00fcr eventuelle Verletzungen sollte immer dabei sein.<\/p>\n<h2><strong>So baust du das Fahrrad-Training mit dem Hund auf:<\/strong><\/h2>\n<ul>\n<li>allgemeines Bei-Fu\u00df-Gehen<\/li>\n<li>Mitlaufen am geschobenen Rad<\/li>\n<li>Kommandos zu Richtungs- oder Tempover\u00e4nderungen lernen<\/li>\n<li>Mitlaufen am langsam gefahrenen Rad (im Idealfall mit Partner:in)<\/li>\n<li>langsame Steigerung von Tempo und Dauer der Tour<\/li>\n<li>dabei immer an regelm\u00e4\u00dfige Pausen zum Ausruhen, Trinken und Schn\u00fcffeln denken, da genauso wie beim Menschen auch die notwendige <a href=\"https:\/\/uelzener.de\/magazin\/hund\/ernaehrung\/trinkmenge-hund\/\"><strong>Trinkmenge<\/strong> <\/a>der Hunde steigt, wenn diese sich sportlich bewegen.<\/li>\n<\/ul>\n<h2><strong>Sicherheit f\u00fcr Hund, Mensch und Verkehr<\/strong><\/h2>\n<p>Um die Gesundheit des Hundes zu sch\u00fctzen, sollten Fahrradtouren am besten auf Feldwegen statt auf Asphalt und nicht an hei\u00dfen oder schw\u00fclen Tagen stattfinden. Empfehlenswert sind im Sommer zudem eher die k\u00fchleren Morgen- und Abendstunden. Im Dunkeln sorgen Reflektoren oder Lichter f\u00fcr weitere Sicherheit. Au\u00dferdem sollten Halter:innen nach einer Tour die Pfoten des Hundes regelm\u00e4\u00dfig \u00fcberpr\u00fcfen und im Idealfall mit Pfotenbalsam behandeln. Denn diese werden stark belastet.<\/p>\n<p>Eine Leinenpflicht gilt nur, wenn die \u00f6rtlichen Bestimmungen dies vorsehen. Es empfiehlt sich, eine einfache lange Leine oder eine spezielle Fahrradleine zu w\u00e4hlen und keine Flexileine. Unter keinen Umst\u00e4nden sollte man die Leine am Lenker befestigen, da daraus bei Hindernissen oder Ausweichman\u00f6vern schnell eine Gefahr f\u00fcr Mensch und Tier entstehen kann.<\/p>\n<p>Zu empfehlen ist ein Leinenhalter (auch Fahrrad-Abstandhalter oder Sprinter genannt), der am Fahrrad angebracht wird. So sind beide H\u00e4nde frei zur Bedienung des Fahrrads. Der Hund wird dennoch automatisch auf Abstand zum Rad gehalten. Ein <a href=\"https:\/\/uelzener.de\/magazin\/hund\/haeufige-fragen\/halsband-oder-geschirr\/\" target=\"_blank\" rel=\"noopener\">Hundegeschirr statt eines Halsbandes<\/a> mindert zudem das Verletzungs-Risiko bei Vollbremsungen.<\/p>\n<h2><strong>Alternativen: Fahrradkorb oder Fahrradanh\u00e4nger f\u00fcr den Hund<\/strong><\/h2>\n<p>Wenn der Hund nicht geeignet zum Mitlaufen neben dem Fahrrad ist, gibt es Alternativen, um dennoch eine gemeinsame Tour zu starten.<\/p>\n<p>F\u00fcr kleine Hunde empfiehlt sich etwa die Anschaffung eines Fahrradhundekorbes. Hunde fast aller Gr\u00f6\u00dfenklassen k\u00f6nnen aber auch in einem speziellen Fahrradanh\u00e4nger mitfahren. F\u00fcr beides gilt jedoch ebenfalls, dass es eine Eingew\u00f6hnungszeit braucht. So sollte der Anh\u00e4nger zuerst als unbeweglicher Schlafplatz in der Wohnung angeboten werden. Durch Leckerli oder Spielzeug entsteht eine positive Verbindung. Ist dieser Platz akzeptiert, kann der Vierbeiner die Erfahrung machen, dass sein Ruheort sich durch langsames Schieben bewegt. Das Fahrrad erst nur zu schieben und das Tempo sp\u00e4ter langsam zu erh\u00f6hen, empfiehlt sich auch hier. Ebenso sollten die Pausen zum Schn\u00fcffeln und Trinken weiterhin regelm\u00e4\u00dfiger Bestandteil jeder Tour sein.<\/p>\n<p>Letztlich sind au\u00dferdem die eigene Konstitution und das eigene Fahrrad zu beachten. Zum einen braucht man eine gewisse Kondition und Kraft, um den Hund zu ziehen. Gerade wenn man einen gro\u00dfen Hund hat, k\u00f6nnen Hund und Anh\u00e4nger gemeinsam viele Kilos auf die Waage bringen. Wobei der Gesetzgeber eine Gewichtsobergrenze eingef\u00fchrt hat: Nach europ\u00e4ischer Norm DIN EN 15918 d\u00fcrfen Anh\u00e4nger und Hund zusammen nicht mehr als 60 Kilogramm wiegen. Zum anderen: nicht jedes Fahrrad ist mit jedem Anh\u00e4nger kompatibel. Hierauf sollte man beim Kauf achten.<\/p>\n<p>Damit das Fahrradfahren Hund und Halter:innen Spa\u00df macht, der Hund gesund bleibt und der Ausflug auf zwei R\u00e4dern f\u00fcr alle beteiligten Verkehrsteilnehmer:innen sicher ist, gibt es also ein paar Dinge zu beachten. Mit den beschriebenen Tipps und etwas Geduld ist das aber gut zu bewerkstelligen.<\/p>\n","protected":false},"excerpt":{"rendered":"<p>Die Sonne scheint, der Hund freut sich auf einen Ausflug und man selbst w\u00fcrde gern mal wieder Fahrradfahren. Zum Gl\u00fcck l\u00e4sst sich das miteinander verbinden. Welche Voraussetzungen erf\u00fcllt sein sollten, wie du dem Hund das Laufen am Fahrrad beibringst und was du beachten solltest, damit der Ausflug auf zwei R\u00e4dern und vier Pfoten f\u00fcr Mensch [&hellip;]<\/p>\n","protected":false},"author":1,"featured_media":13064,"parent":11679,"menu_order":15,"comment_status":"open","ping_status":"open","template":"templates\/blog.php","meta":{"_acf_changed":false,"_crdt_document":"","footnotes":"","beyondwords_generate_audio":"0","beyondwords_project_id":"","beyondwords_content_id":"","beyondwords_preview_token":"","beyondwords_player_style":"","beyondwords_language_id":"","beyondwords_title_voice_id":"","beyondwords_body_voice_id":"","beyondwords_summary_voice_id":"","beyondwords_error_message":"","beyondwords_disabled":"","beyondwords_delete_content":"","beyondwords_podcast_id":"","beyondwords_hash":"","publish_post_to_speechkit":"","speechkit_hash":"","speechkit_generate_audio":"","speechkit_project_id":"","speechkit_podcast_id":"","speechkit_error_message":"","speechkit_disabled":"","speechkit_access_key":"","speechkit_error":"","speechkit_info":"","speechkit_response":"","speechkit_retries":"","speechkit_status":"","speechkit_updated_at":"","_speechkit_link":"","_speechkit_text":""},"class_list":["post-10001","page","type-page","status-publish","has-post-thumbnail","hentry"],"acf":[],"yoast_head":"<!-- This site is optimized with the Yoast SEO Premium plugin  - https:\/\/yoast.com\/product\/yoast-seo-premium-wordpress\/ -->\n<title>Fahrradfahren mit Hund erlernen | Uelzener Tier-Magazin<\/title>\n<meta name=\"description\" content=\"Tipps zum sicheren Fahrradfahren mit Hund, \u2713 damit Tier und Mensch gesund bleiben. \u25b6 Fahrradfahren mit Hund \u2013 sicher und gesund!\" \/>\n<meta name=\"robots\" content=\"index, follow, max-snippet:-1, max-image-preview:large, max-video-preview:-1\" \/>\n<link rel=\"canonical\" href=\"https:\/\/uelzener.de\/magazin\/hund\/erziehung-und-training\/hund-fahrrad\/\" \/>\n<meta property=\"og:locale\" content=\"de_DE\" \/>\n<meta property=\"og:type\" content=\"article\" \/>\n<meta property=\"og:title\" content=\"Fahrradfahren mit Hund: Gesund und sicher auf zwei R\u00e4dern und vier Pfoten\" \/>\n<meta property=\"og:description\" content=\"Tipps zum sicheren Fahrradfahren mit Hund, \u2713 damit Tier und Mensch gesund bleiben. \u25b6 Fahrradfahren mit Hund \u2013 sicher und gesund!\" \/>\n<meta property=\"og:url\" content=\"https:\/\/uelzener.de\/magazin\/hund\/erziehung-und-training\/hund-fahrrad\/\" \/>\n<meta property=\"og:site_name\" content=\"Uelzener Tier-Magazin\" \/>\n<meta property=\"article:publisher\" content=\"https:\/\/www.facebook.com\/Uelzener\" \/>\n<meta property=\"article:modified_time\" content=\"2025-10-15T14:40:59+00:00\" \/>\n<meta property=\"og:image\" content=\"https:\/\/uelzener.de\/magazin\/app\/uploads\/2022\/03\/Radfahren_Hund.jpg\" \/>\n\t<meta property=\"og:image:width\" content=\"1024\" \/>\n\t<meta property=\"og:image:height\" content=\"450\" \/>\n\t<meta property=\"og:image:type\" content=\"image\/jpeg\" \/>\n<meta name=\"twitter:card\" content=\"summary_large_image\" \/>\n<meta name=\"twitter:label1\" content=\"Gesch\u00e4tzte Lesezeit\" \/>\n\t<meta name=\"twitter:data1\" content=\"7\u00a0Minuten\" \/>\n<script type=\"application\/ld+json\" class=\"yoast-schema-graph\">{\"@context\":\"https:\/\/schema.org\",\"@graph\":[{\"@type\":\"WebPage\",\"@id\":\"https:\/\/uelzener.de\/magazin\/hund\/erziehung-und-training\/hund-fahrrad\/\",\"url\":\"https:\/\/uelzener.de\/magazin\/hund\/erziehung-und-training\/hund-fahrrad\/\",\"name\":\"Fahrradfahren mit Hund erlernen | Uelzener Tier-Magazin\",\"isPartOf\":{\"@id\":\"https:\/\/uelzener.de\/magazin\/#website\"},\"primaryImageOfPage\":{\"@id\":\"https:\/\/uelzener.de\/magazin\/hund\/erziehung-und-training\/hund-fahrrad\/#primaryimage\"},\"image\":{\"@id\":\"https:\/\/uelzener.de\/magazin\/hund\/erziehung-und-training\/hund-fahrrad\/#primaryimage\"},\"thumbnailUrl\":\"https:\/\/uelzener.de\/magazin\/app\/uploads\/2022\/03\/Radfahren_Hund.jpg\",\"datePublished\":\"2022-03-25T06:00:00+00:00\",\"dateModified\":\"2025-10-15T14:40:59+00:00\",\"description\":\"Tipps zum sicheren Fahrradfahren mit Hund, \u2713 damit Tier und Mensch gesund bleiben. \u25b6 Fahrradfahren mit Hund \u2013 sicher und gesund!\",\"breadcrumb\":{\"@id\":\"https:\/\/uelzener.de\/magazin\/hund\/erziehung-und-training\/hund-fahrrad\/#breadcrumb\"},\"inLanguage\":\"de\",\"potentialAction\":[{\"@type\":\"ReadAction\",\"target\":[\"https:\/\/uelzener.de\/magazin\/hund\/erziehung-und-training\/hund-fahrrad\/\"]}]},{\"@type\":\"ImageObject\",\"inLanguage\":\"de\",\"@id\":\"https:\/\/uelzener.de\/magazin\/hund\/erziehung-und-training\/hund-fahrrad\/#primaryimage\",\"url\":\"https:\/\/uelzener.de\/magazin\/app\/uploads\/2022\/03\/Radfahren_Hund.jpg\",\"contentUrl\":\"https:\/\/uelzener.de\/magazin\/app\/uploads\/2022\/03\/Radfahren_Hund.jpg\",\"width\":1024,\"height\":450,\"caption\":\"Ein Australien Shepherd l\u00e4uft neben einem Fahrrad her, er macht mit seinem Herrchen eine Fahrradtour.\"},{\"@type\":\"WebSite\",\"@id\":\"https:\/\/uelzener.de\/magazin\/#website\",\"url\":\"https:\/\/uelzener.de\/magazin\/\",\"name\":\"Uelzener Tiermagazin\",\"description\":\"Online Tierratgeber der Uelzener Versicherungen\",\"publisher\":{\"@id\":\"https:\/\/uelzener.de\/magazin\/#organization\"},\"potentialAction\":[{\"@type\":\"SearchAction\",\"target\":{\"@type\":\"EntryPoint\",\"urlTemplate\":\"https:\/\/uelzener.de\/magazin\/?s={search_term_string}\"},\"query-input\":{\"@type\":\"PropertyValueSpecification\",\"valueRequired\":true,\"valueName\":\"search_term_string\"}}],\"inLanguage\":\"de\"},{\"@type\":\"Organization\",\"@id\":\"https:\/\/uelzener.de\/magazin\/#organization\",\"name\":\"Uelzener Versicherungen\",\"url\":\"https:\/\/uelzener.de\/magazin\/\",\"logo\":{\"@type\":\"ImageObject\",\"inLanguage\":\"de\",\"@id\":\"https:\/\/uelzener.de\/magazin\/#\/schema\/logo\/image\/\",\"url\":\"https:\/\/uelzener.de\/magazin\/app\/uploads\/2024\/11\/uelzener_allgemeine_versicherungsgesellschaft_a_g_logo.jpg\",\"contentUrl\":\"https:\/\/uelzener.de\/magazin\/app\/uploads\/2024\/11\/uelzener_allgemeine_versicherungsgesellschaft_a_g_logo.jpg\",\"width\":200,\"height\":200,\"caption\":\"Uelzener Versicherungen\"},\"image\":{\"@id\":\"https:\/\/uelzener.de\/magazin\/#\/schema\/logo\/image\/\"},\"sameAs\":[\"https:\/\/www.facebook.com\/Uelzener\",\"https:\/\/instagram.com\/uelzener\",\"https:\/\/www.xing.com\/pages\/uelzenerallgemeineversicherungs-gesellschafta-g\",\"https:\/\/www.youtube.com\/UelzenerVersicherungen\"]}]}<\/script>\n<!-- \/ Yoast SEO Premium plugin. -->","yoast_head_json":{"title":"Fahrradfahren mit Hund erlernen | Uelzener Tier-Magazin","description":"Tipps zum sicheren Fahrradfahren mit Hund, \u2713 damit Tier und Mensch gesund bleiben. \u25b6 Fahrradfahren mit Hund \u2013 sicher und gesund!","robots":{"index":"index","follow":"follow","max-snippet":"max-snippet:-1","max-image-preview":"max-image-preview:large","max-video-preview":"max-video-preview:-1"},"canonical":"https:\/\/uelzener.de\/magazin\/hund\/erziehung-und-training\/hund-fahrrad\/","og_locale":"de_DE","og_type":"article","og_title":"Fahrradfahren mit Hund: Gesund und sicher auf zwei R\u00e4dern und vier Pfoten","og_description":"Tipps zum sicheren Fahrradfahren mit Hund, \u2713 damit Tier und Mensch gesund bleiben. \u25b6 Fahrradfahren mit Hund \u2013 sicher und gesund!","og_url":"https:\/\/uelzener.de\/magazin\/hund\/erziehung-und-training\/hund-fahrrad\/","og_site_name":"Uelzener Tier-Magazin","article_publisher":"https:\/\/www.facebook.com\/Uelzener","article_modified_time":"2025-10-15T14:40:59+00:00","og_image":[{"width":1024,"height":450,"url":"https:\/\/uelzener.de\/magazin\/app\/uploads\/2022\/03\/Radfahren_Hund.jpg","type":"image\/jpeg"}],"twitter_card":"summary_large_image","twitter_misc":{"Gesch\u00e4tzte Lesezeit":"7\u00a0Minuten"},"schema":{"@context":"https:\/\/schema.org","@graph":[{"@type":"WebPage","@id":"https:\/\/uelzener.de\/magazin\/hund\/erziehung-und-training\/hund-fahrrad\/","url":"https:\/\/uelzener.de\/magazin\/hund\/erziehung-und-training\/hund-fahrrad\/","name":"Fahrradfahren mit Hund erlernen | Uelzener Tier-Magazin","isPartOf":{"@id":"https:\/\/uelzener.de\/magazin\/#website"},"primaryImageOfPage":{"@id":"https:\/\/uelzener.de\/magazin\/hund\/erziehung-und-training\/hund-fahrrad\/#primaryimage"},"image":{"@id":"https:\/\/uelzener.de\/magazin\/hund\/erziehung-und-training\/hund-fahrrad\/#primaryimage"},"thumbnailUrl":"https:\/\/uelzener.de\/magazin\/app\/uploads\/2022\/03\/Radfahren_Hund.jpg","datePublished":"2022-03-25T06:00:00+00:00","dateModified":"2025-10-15T14:40:59+00:00","description":"Tipps zum sicheren Fahrradfahren mit Hund, \u2713 damit Tier und Mensch gesund bleiben. \u25b6 Fahrradfahren mit Hund \u2013 sicher und gesund!","breadcrumb":{"@id":"https:\/\/uelzener.de\/magazin\/hund\/erziehung-und-training\/hund-fahrrad\/#breadcrumb"},"inLanguage":"de","potentialAction":[{"@type":"ReadAction","target":["https:\/\/uelzener.de\/magazin\/hund\/erziehung-und-training\/hund-fahrrad\/"]}]},{"@type":"ImageObject","inLanguage":"de","@id":"https:\/\/uelzener.de\/magazin\/hund\/erziehung-und-training\/hund-fahrrad\/#primaryimage","url":"https:\/\/uelzener.de\/magazin\/app\/uploads\/2022\/03\/Radfahren_Hund.jpg","contentUrl":"https:\/\/uelzener.de\/magazin\/app\/uploads\/2022\/03\/Radfahren_Hund.jpg","width":1024,"height":450,"caption":"Ein Australien Shepherd l\u00e4uft neben einem Fahrrad her, er macht mit seinem Herrchen eine Fahrradtour."},{"@type":"WebSite","@id":"https:\/\/uelzener.de\/magazin\/#website","url":"https:\/\/uelzener.de\/magazin\/","name":"Uelzener Tiermagazin","description":"Online Tierratgeber der Uelzener Versicherungen","publisher":{"@id":"https:\/\/uelzener.de\/magazin\/#organization"},"potentialAction":[{"@type":"SearchAction","target":{"@type":"EntryPoint","urlTemplate":"https:\/\/uelzener.de\/magazin\/?s={search_term_string}"},"query-input":{"@type":"PropertyValueSpecification","valueRequired":true,"valueName":"search_term_string"}}],"inLanguage":"de"},{"@type":"Organization","@id":"https:\/\/uelzener.de\/magazin\/#organization","name":"Uelzener Versicherungen","url":"https:\/\/uelzener.de\/magazin\/","logo":{"@type":"ImageObject","inLanguage":"de","@id":"https:\/\/uelzener.de\/magazin\/#\/schema\/logo\/image\/","url":"https:\/\/uelzener.de\/magazin\/app\/uploads\/2024\/11\/uelzener_allgemeine_versicherungsgesellschaft_a_g_logo.jpg","contentUrl":"https:\/\/uelzener.de\/magazin\/app\/uploads\/2024\/11\/uelzener_allgemeine_versicherungsgesellschaft_a_g_logo.jpg","width":200,"height":200,"caption":"Uelzener Versicherungen"},"image":{"@id":"https:\/\/uelzener.de\/magazin\/#\/schema\/logo\/image\/"},"sameAs":["https:\/\/www.facebook.com\/Uelzener","https:\/\/instagram.com\/uelzener","https:\/\/www.xing.com\/pages\/uelzenerallgemeineversicherungs-gesellschafta-g","https:\/\/www.youtube.com\/UelzenerVersicherungen"]}]}},"_links":{"self":[{"href":"https:\/\/uelzener.de\/magazin\/wp-json\/wp\/v2\/pages\/10001","targetHints":{"allow":["GET"]}}],"collection":[{"href":"https:\/\/uelzener.de\/magazin\/wp-json\/wp\/v2\/pages"}],"about":[{"href":"https:\/\/uelzener.de\/magazin\/wp-json\/wp\/v2\/types\/page"}],"author":[{"embeddable":true,"href":"https:\/\/uelzener.de\/magazin\/wp-json\/wp\/v2\/users\/1"}],"replies":[{"embeddable":true,"href":"https:\/\/uelzener.de\/magazin\/wp-json\/wp\/v2\/comments?post=10001"}],"version-history":[{"count":11,"href":"https:\/\/uelzener.de\/magazin\/wp-json\/wp\/v2\/pages\/10001\/revisions"}],"predecessor-version":[{"id":19367,"href":"https:\/\/uelzener.de\/magazin\/wp-json\/wp\/v2\/pages\/10001\/revisions\/19367"}],"up":[{"embeddable":true,"href":"https:\/\/uelzener.de\/magazin\/wp-json\/wp\/v2\/pages\/11679"}],"wp:featuredmedia":[{"embeddable":true,"href":"https:\/\/uelzener.de\/magazin\/wp-json\/wp\/v2\/media\/13064"}],"wp:attachment":[{"href":"https:\/\/uelzener.de\/magazin\/wp-json\/wp\/v2\/media?parent=10001"}],"curies":[{"name":"wp","href":"https:\/\/api.w.org\/{rel}","templated":true}]}}