{"version":"1.0","provider_name":"Uelzener Tier-Magazin","provider_url":"https:\/\/uelzener.de\/magazin","author_name":"Marisa Nipatsiripol","author_url":"https:\/\/uelzener.de\/magazin\/author\/mnipatsiripol\/","title":"Ataxie beim Pferd: Wenn die Koordination nicht mehr klappt","type":"rich","width":600,"height":338,"html":"<blockquote class=\"wp-embedded-content\" data-secret=\"HjCbUH8r11\"><a href=\"https:\/\/uelzener.de\/magazin\/pferd\/tiergesundheit\/ataxie-beim-pferd\/\">Ataxie beim Pferd: Wenn die Koordination nicht mehr klappt<\/a><\/blockquote><iframe sandbox=\"allow-scripts\" security=\"restricted\" src=\"https:\/\/uelzener.de\/magazin\/pferd\/tiergesundheit\/ataxie-beim-pferd\/embed\/#?secret=HjCbUH8r11\" width=\"600\" height=\"338\" title=\"&#8222;Ataxie beim Pferd: Wenn die Koordination nicht mehr klappt&#8220; &#8212; Uelzener Tier-Magazin\" data-secret=\"HjCbUH8r11\" frameborder=\"0\" marginwidth=\"0\" marginheight=\"0\" scrolling=\"no\" class=\"wp-embedded-content\"><\/iframe><script>\n\/*! This file is auto-generated *\/\n!function(d,l){\"use strict\";l.querySelector&&d.addEventListener&&\"undefined\"!=typeof URL&&(d.wp=d.wp||{},d.wp.receiveEmbedMessage||(d.wp.receiveEmbedMessage=function(e){var t=e.data;if((t||t.secret||t.message||t.value)&&!\/[^a-zA-Z0-9]\/.test(t.secret)){for(var s,r,n,a=l.querySelectorAll('iframe[data-secret=\"'+t.secret+'\"]'),o=l.querySelectorAll('blockquote[data-secret=\"'+t.secret+'\"]'),c=new RegExp(\"^https?:$\",\"i\"),i=0;i<o.length;i++)o[i].style.display=\"none\";for(i=0;i<a.length;i++)s=a[i],e.source===s.contentWindow&&(s.removeAttribute(\"style\"),\"height\"===t.message?(1e3<(r=parseInt(t.value,10))?r=1e3:~~r<200&&(r=200),s.height=r):\"link\"===t.message&&(r=new URL(s.getAttribute(\"src\")),n=new URL(t.value),c.test(n.protocol))&&n.host===r.host&&l.activeElement===s&&(d.top.location.href=t.value))}},d.addEventListener(\"message\",d.wp.receiveEmbedMessage,!1),l.addEventListener(\"DOMContentLoaded\",function(){for(var e,t,s=l.querySelectorAll(\"iframe.wp-embedded-content\"),r=0;r<s.length;r++)(t=(e=s[r]).getAttribute(\"data-secret\"))||(t=Math.random().toString(36).substring(2,12),e.src+=\"#?secret=\"+t,e.setAttribute(\"data-secret\",t)),e.contentWindow.postMessage({message:\"ready\",secret:t},\"*\")},!1)))}(window,document);\n\/\/# sourceURL=https:\/\/uelzener.de\/magazin\/wp\/wp-includes\/js\/wp-embed.min.js\n<\/script>\n","thumbnail_url":"https:\/\/uelzener.de\/magazin\/app\/uploads\/2024\/05\/ataxie-beim-pferd.jpg","thumbnail_width":1025,"thumbnail_height":450,"description":"Welche Auswirkungen die Bewegungsst\u00f6rungen f\u00fcr das Pferd hat, h\u00e4ngt von der Form der Ataxie, dem Schweregrad und dem Ausl\u00f6ser ab. Wir geben einen \u00dcberblick \u00fcber Ursachen \u2714 Symptome \u2714 Behandlungsm\u00f6glichkeiten \u2714"}

Welche Auswirkungen die Bewegungsstörungen für das Pferd hat, hängt von der Form der Ataxie, dem Schweregrad und dem Auslöser ab. Wir geben einen Überblick über Ursachen ✔ Symptome ✔ Behandlungsmöglichkeiten ✔
